{"id":3529,"date":"2018-12-10T18:47:41","date_gmt":"2018-12-10T17:47:41","guid":{"rendered":"https:\/\/agora.xtec.cat\/esccasablanca\/?page_id=3529"},"modified":"2025-10-16T13:31:37","modified_gmt":"2025-10-16T11:31:37","slug":"contacte","status":"publish","type":"page","link":"https:\/\/agora.xtec.cat\/esccasablanca\/lescola\/contacte\/","title":{"rendered":"Contacte i Horaris"},"content":{"rendered":"<p>Podeu <strong>contactar<\/strong> amb <strong>nosaltres<\/strong> per diferents vies:<\/p>\n<table style=\"border-collapse: collapse; width: 100%;\" border=\"1\">\n<tbody>\n<tr>\n<td style=\"width: 33.3333%; text-align: center;\"><a href=\"https:\/\/agora.xtec.cat\/esccasablanca\/wp-content\/uploads\/usu1964\/2014\/10\/phone.jpeg\"><img loading=\"lazy\" decoding=\"async\" class=\"wp-image-193 \" src=\"https:\/\/agora.xtec.cat\/esccasablanca\/wp-content\/uploads\/usu1964\/2014\/10\/phone-150x150.jpeg\" alt=\"\" width=\"124\" height=\"124\" srcset=\"https:\/\/agora.xtec.cat\/esccasablanca\/wp-content\/uploads\/usu1964\/2014\/10\/phone-150x150.jpeg 150w, https:\/\/agora.xtec.cat\/esccasablanca\/wp-content\/uploads\/usu1964\/2014\/10\/phone.jpeg 225w\" sizes=\"auto, (max-width: 124px) 100vw, 124px\" \/><\/a><\/td>\n<td style=\"width: 33.3333%; text-align: center;\"><a href=\"mailto:a8025587@xtec.cat\"><img loading=\"lazy\" decoding=\"async\" class=\"wp-image-192 \" src=\"https:\/\/agora.xtec.cat\/esccasablanca\/wp-content\/uploads\/usu1964\/2014\/10\/mail.jpeg\" alt=\"a8025587@xtec.cat\" width=\"120\" height=\"124\" \/><\/a><\/td>\n<\/tr>\n<tr>\n<td style=\"width: 33.3333%; text-align: center;\"><strong>Tel\u00e8fon:<\/strong> 93 640 29 15<\/td>\n<td style=\"width: 33.3333%; text-align: center;\"><strong>Correu electr\u00f2nic<\/strong>: esccasablanca@xtec.cat<\/td>\n<\/tr>\n<\/tbody>\n<\/table>\n<h3><\/h3>\n<h3>Atenci\u00f3 a les fam\u00edlies<\/h3>\n<p>Aquest curs cal concertar cita pr\u00e8via per a qualsevol tema administratiu o educatiu:<\/p>\n<ul>\n<li><strong>Per concertar cita pr\u00e8via amb els tutors\/es<\/strong> s&#8217;ha de fer a trav\u00e9s de l&#8217;aplicaci\u00f3 Dinantia o l&#8217;agenda escolar a Educaci\u00f3 Prim\u00e0ria o llibreta a Educaci\u00f3 Infantil.<\/li>\n<li><strong>Per reunir-se amb els membres de l&#8217;equip directiu<\/strong>, s&#8217;haur\u00e0 de concertar la reuni\u00f3 a la secretaria de l&#8217;escola o per tel\u00e8fon.<\/li>\n<\/ul>\n<p><a href=\"https:\/\/agora.xtec.cat\/esccasablanca\/wp-content\/uploads\/usu1964\/2025\/10\/Captura-de-pantalla-2025-10-16-132649-1.png\"><img loading=\"lazy\" decoding=\"async\" class=\"alignnone size-large wp-image-6207\" src=\"https:\/\/agora.xtec.cat\/esccasablanca\/wp-content\/uploads\/usu1964\/2025\/10\/Captura-de-pantalla-2025-10-16-132649-1-1024x191.png\" alt=\"\" width=\"1024\" height=\"191\" srcset=\"https:\/\/agora.xtec.cat\/esccasablanca\/wp-content\/uploads\/usu1964\/2025\/10\/Captura-de-pantalla-2025-10-16-132649-1-1024x191.png 1024w, https:\/\/agora.xtec.cat\/esccasablanca\/wp-content\/uploads\/usu1964\/2025\/10\/Captura-de-pantalla-2025-10-16-132649-1-300x56.png 300w, https:\/\/agora.xtec.cat\/esccasablanca\/wp-content\/uploads\/usu1964\/2025\/10\/Captura-de-pantalla-2025-10-16-132649-1-768x143.png 768w, https:\/\/agora.xtec.cat\/esccasablanca\/wp-content\/uploads\/usu1964\/2025\/10\/Captura-de-pantalla-2025-10-16-132649-1.png 1128w\" sizes=\"auto, (max-width: 1024px) 100vw, 1024px\" \/><\/a><\/p>\n<p>&nbsp;<\/p>\n<h3>Xarxes Socials<\/h3>\n<table style=\"width: 100%;\" border=\"0\">\n<tbody>\n<tr style=\"height: 32px;\">\n<td style=\"width: 25%; height: 32px; text-align: center;\"><strong>Facebook<\/strong><\/td>\n<td style=\"width: 25%; height: 32px; text-align: center;\"><strong>Instagram<\/strong><\/td>\n<td style=\"width: 25%; height: 32px; text-align: center;\"><strong>Twitter<\/strong><\/td>\n<td style=\"width: 25%; height: 32px; text-align: center;\"><strong>Youtube<\/strong><\/td>\n<\/tr>\n<tr style=\"height: 32px; background: white;\">\n<td style=\"width: 25%; height: 32px;\"><a href=\"https:\/\/www.facebook.com\/escolacasablanca\/\" target=\"_blank\" rel=\"noopener noreferrer\"><img loading=\"lazy\" decoding=\"async\" class=\"size-full wp-image-3689 aligncenter\" src=\"https:\/\/agora.xtec.cat\/esccasablanca\/wp-content\/uploads\/usu1964\/2019\/07\/ico_flat_fb.jpg\" alt=\"\" width=\"84\" height=\"84\" \/><\/a><\/td>\n<td style=\"width: 25%; height: 32px;\"><a href=\"https:\/\/www.instagram.com\/escola_casablanca\" target=\"_blank\" rel=\"noopener noreferrer\"><img loading=\"lazy\" decoding=\"async\" class=\"size-full wp-image-3690 aligncenter\" src=\"https:\/\/agora.xtec.cat\/esccasablanca\/wp-content\/uploads\/usu1964\/2019\/07\/ico_flat_in.jpg\" alt=\"\" width=\"84\" height=\"84\" \/><\/a><\/td>\n<td style=\"width: 25%; height: 32px;\"><a href=\"https:\/\/twitter.com\/escCasablanca\" target=\"_blank\" rel=\"noopener noreferrer\"><img loading=\"lazy\" decoding=\"async\" class=\"size-full wp-image-3686 aligncenter\" src=\"https:\/\/agora.xtec.cat\/esccasablanca\/wp-content\/uploads\/usu1964\/2019\/07\/ico_flat_tw.jpg\" alt=\"\" width=\"84\" height=\"84\" \/><\/a><\/td>\n<td style=\"width: 25%; height: 32px;\"><a href=\"https:\/\/www.youtube.com\/channel\/UC4-7axiUHc-17Hln7hURntg\" target=\"_blank\" rel=\"noopener noreferrer\"><img loading=\"lazy\" decoding=\"async\" class=\"size-full wp-image-3688 aligncenter\" src=\"https:\/\/agora.xtec.cat\/esccasablanca\/wp-content\/uploads\/usu1964\/2019\/07\/ico_flat_yb.jpg\" alt=\"\" width=\"84\" height=\"84\" \/><\/a><\/td>\n<\/tr>\n<p><!--\n\n\n<tr style=\"height: 32px;\">\n\n\n<td style=\"width: 25%; height: 32px; text-align: center;\">\n\n\n<pre><a href=\"https:\/\/www.facebook.com\/escolacasablanca\/\" target=\"_blank\" rel=\"noopener noreferrer\">\r\nhttps:\/\/www.facebook.com\/escolacasablanca\/<\/a><\/pre>\n\n\n<\/td>\n\n\n\n\n<td style=\"width: 25%; height: 32px; text-align: center;\">\n\n\n<pre><a href=\"https:\/\/www.instagram.com\/escola_casablanca\" target=\"_blank\" rel=\"noopener noreferrer\">\r\nhttps:\/\/www.instagram.com\/escola_casablanca<\/a><\/pre>\n\n\n<\/td>\n\n\n\n\n<td style=\"width: 25%; height: 32px; text-align: center;\">\n\n\n<pre><a href=\"https:\/\/twitter.com\/escCasablanca\" target=\"_blank\" rel=\"noopener noreferrer\">https:\/\/twitter.com\/escCasablanca<\/a><\/pre>\n\n\n<\/td>\n\n\n\n\n<td style=\"width: 25%; height: 32px; text-align: center;\">\n\n\n<pre><a href=\"https:\/\/www.youtube.com\/channel\/UC4-7axiUHc-17Hln7hURntg\" target=\"_blank\" rel=\"noopener noreferrer\">\r\nhttps:\/\/www.youtube.com\/channel\/UC4-7axiUHc-17Hln7hURntg<\/a><\/pre>\n\n\n<\/td>\n\n\n<\/tr>\n\n\n\n\n<tr style=\"height: 47px; background: white;\">\n\n\n<td style=\"width: 25%; height: 47px;\"><\/td>\n\n\n\n\n<td style=\"width: 25%; height: 47px;\">@escola_casablanca<\/td>\n\n\n\n\n<td style=\"width: 25%; height: 47px;\">@escCasablanca<\/td>\n\n\n\n\n<td style=\"width: 25%; height: 47px;\"><\/td>\n\n\n<\/tr>\n\n\n--><\/tbody>\n<\/table>\n<p>&nbsp;<\/p>\n<p><!--\n<a class=\"twitter-timeline\" href=\"https:\/\/twitter.com\/escolalarany\" data-widget-id=\"514020442797903872\">Tuits de @escolalarany<\/a>\n<script>!function(d,s,id){var js,fjs=d.getElementsByTagName(s)[0],p=\/^http:\/.test(d.location)?'http':'https';if(!d.getElementById(id)){js=d.createElement(s);js.id=id;js.src=p+\":\/\/platform.twitter.com\/widgets.js\";fjs.parentNode.insertBefore(js,fjs);}}(document,\"script\",\"twitter-wjs\");<\/script>\n--><\/p>\n","protected":false},"excerpt":{"rendered":"<p>Podeu contactar amb nosaltres per diferents vies: Tel\u00e8fon: 93 640 29 15 Correu electr\u00f2nic: esccasablanca@xtec.cat Atenci\u00f3 a les fam\u00edlies Aquest curs cal concertar cita pr\u00e8via per a qualsevol tema administratiu o educatiu: Per concertar cita pr\u00e8via amb els tutors\/es s&#8217;ha de fer a trav\u00e9s de l&#8217;aplicaci\u00f3 Dinantia o l&#8217;agenda escolar a Educaci\u00f3 Prim\u00e0ria o llibreta [&hellip;]<\/p>\n","protected":false},"author":3,"featured_media":0,"parent":22,"menu_order":11,"comment_status":"closed","ping_status":"closed","template":"","meta":{"_bbp_topic_count":0,"_bbp_reply_count":0,"_bbp_total_topic_count":0,"_bbp_total_reply_count":0,"_bbp_voice_count":0,"_bbp_anonymous_reply_count":0,"_bbp_topic_count_hidden":0,"_bbp_reply_count_hidden":0,"_bbp_forum_subforum_count":0,"site-sidebar-layout":"default","site-content-layout":"","ast-site-content-layout":"default","site-content-style":"default","site-sidebar-style":"default","ast-global-header-display":"","ast-banner-title-visibility":"","ast-main-header-display":"","ast-hfb-above-header-display":"","ast-hfb-below-header-display":"","ast-hfb-mobile-header-display":"","site-post-title":"","ast-breadcrumbs-content":"","ast-featured-img":"","footer-sml-layout":"","theme-transparent-header-meta":"default","adv-header-id-meta":"","stick-header-meta":"","header-above-stick-meta":"","header-main-stick-meta":"","header-below-stick-meta":"","astra-migrate-meta-layouts":"set","ast-page-background-enabled":"default","ast-page-background-meta":{"desktop":{"background-color":"var(--ast-global-color-4)","background-image":"","background-repeat":"repeat","background-position":"center center","background-size":"auto","background-attachment":"scroll","background-type":"","background-media":"","overlay-type":"","overlay-color":"","overlay-opacity":"","overlay-gradient":""},"tablet":{"background-color":"","background-image":"","background-repeat":"repeat","background-position":"center center","background-size":"auto","background-attachment":"scroll","background-type":"","background-media":"","overlay-type":"","overlay-color":"","overlay-opacity":"","overlay-gradient":""},"mobile":{"background-color":"","background-image":"","background-repeat":"repeat","background-position":"center center","background-size":"auto","background-attachment":"scroll","background-type":"","background-media":"","overlay-type":"","overlay-color":"","overlay-opacity":"","overlay-gradient":""}},"ast-content-background-meta":{"desktop":{"background-color":"var(--ast-global-color-5)","background-image":"","background-repeat":"repeat","background-position":"center center","background-size":"auto","background-attachment":"scroll","background-type":"","background-media":"","overlay-type":"","overlay-color":"","overlay-opacity":"","overlay-gradient":""},"tablet":{"background-color":"var(--ast-global-color-5)","background-image":"","background-repeat":"repeat","background-position":"center center","background-size":"auto","background-attachment":"scroll","background-type":"","background-media":"","overlay-type":"","overlay-color":"","overlay-opacity":"","overlay-gradient":""},"mobile":{"background-color":"var(--ast-global-color-5)","background-image":"","background-repeat":"repeat","background-position":"center center","background-size":"auto","background-attachment":"scroll","background-type":"","background-media":"","overlay-type":"","overlay-color":"","overlay-opacity":"","overlay-gradient":""}},"footnotes":""},"class_list":["post-3529","page","type-page","status-publish","hentry"],"post_mailing_queue_ids":[],"_links":{"self":[{"href":"https:\/\/agora.xtec.cat\/esccasablanca\/wp-json\/wp\/v2\/pages\/3529","targetHints":{"allow":["GET"]}}],"collection":[{"href":"https:\/\/agora.xtec.cat\/esccasablanca\/wp-json\/wp\/v2\/pages"}],"about":[{"href":"https:\/\/agora.xtec.cat\/esccasablanca\/wp-json\/wp\/v2\/types\/page"}],"author":[{"embeddable":true,"href":"https:\/\/agora.xtec.cat\/esccasablanca\/wp-json\/wp\/v2\/users\/3"}],"replies":[{"embeddable":true,"href":"https:\/\/agora.xtec.cat\/esccasablanca\/wp-json\/wp\/v2\/comments?post=3529"}],"version-history":[{"count":8,"href":"https:\/\/agora.xtec.cat\/esccasablanca\/wp-json\/wp\/v2\/pages\/3529\/revisions"}],"predecessor-version":[{"id":6208,"href":"https:\/\/agora.xtec.cat\/esccasablanca\/wp-json\/wp\/v2\/pages\/3529\/revisions\/6208"}],"up":[{"embeddable":true,"href":"https:\/\/agora.xtec.cat\/esccasablanca\/wp-json\/wp\/v2\/pages\/22"}],"wp:attachment":[{"href":"https:\/\/agora.xtec.cat\/esccasablanca\/wp-json\/wp\/v2\/media?parent=3529"}],"curies":[{"name":"wp","href":"https:\/\/api.w.org\/{rel}","templated":true}]}}