{"id":26,"date":"2014-09-18T12:24:32","date_gmt":"2014-09-18T11:24:32","guid":{"rendered":"http:\/\/agora.xtec.cat\/esccasablanca\/?page_id=26"},"modified":"2026-04-11T14:09:50","modified_gmt":"2026-04-11T12:09:50","slug":"historia","status":"publish","type":"page","link":"https:\/\/agora.xtec.cat\/esccasablanca\/lescola\/historia\/","title":{"rendered":"Hist\u00f2ria"},"content":{"rendered":"<p style=\"text-align: justify;\"><strong>M\u00e9s de 50 anys d&#8217;escola a Casablanca<\/strong><\/p>\n<p style=\"text-align: justify;\">L&#8217;escola Casablanca es va inaugurar al setembre de <span style=\"color: #339966;\"><strong>1974<\/strong><\/span> amb el nom d&#8217;escola <strong>Maria Fern\u00e1ndez de Lara<\/strong>. En aquella \u00e8poca no era l&#8217;\u00fanica escola de Casablanca, sin\u00f3 que estaven tamb\u00e9 el San Rafael i El F\u00e8nix.<\/p>\n<p style=\"text-align: justify;\">Als <strong><span style=\"color: #339966;\">80<\/span><\/strong> es va fer un proc\u00e9s d&#8217;<strong>absorci\u00f3<\/strong> i concentraci\u00f3 de les altres escoles del barri i va ser la que va aglutinar a tot l&#8217;alumnat.<\/p>\n<p style=\"text-align: justify;\">Al curs <strong><span style=\"color: #339966;\">2015\/2016<\/span><\/strong>, la comunitat educativa decideix posar a l&#8217;escola el nom de <strong>Casablanca<\/strong>, el nom del nostre barri.<\/p>\n<p>En el curs <strong><span style=\"color: #339966;\">2018-2019<\/span><\/strong> comencem la transformaci\u00f3 a <strong>Comunitats d&#8217;Aprenentatge<\/strong>.<\/p>\n<p><a href=\"https:\/\/agora.xtec.cat\/esccasablanca\/wp-content\/uploads\/usu1964\/2019\/07\/linia_temporal.png\"><img loading=\"lazy\" decoding=\"async\" class=\"alignnone size-full wp-image-3706\" src=\"https:\/\/agora.xtec.cat\/esccasablanca\/wp-content\/uploads\/usu1964\/2019\/07\/linia_temporal.png\" alt=\"\" width=\"891\" height=\"220\" srcset=\"https:\/\/agora.xtec.cat\/esccasablanca\/wp-content\/uploads\/usu1964\/2019\/07\/linia_temporal.png 891w, https:\/\/agora.xtec.cat\/esccasablanca\/wp-content\/uploads\/usu1964\/2019\/07\/linia_temporal-300x74.png 300w, https:\/\/agora.xtec.cat\/esccasablanca\/wp-content\/uploads\/usu1964\/2019\/07\/linia_temporal-768x190.png 768w\" sizes=\"auto, (max-width: 891px) 100vw, 891px\" \/><\/a><\/p>\n<p><span style=\"text-align: justify;\">Som l&#8217;escola de refer\u00e8ncia a Casablanca i valorem molt treballar amb entitats, fam\u00edlies, persones del barri i de la nostra ciutat.<\/span><\/p>\n<p><!--a=1--><\/p>\n<p><!--a=1--><\/p>\n<p><!--a=1--><\/p>\n","protected":false},"excerpt":{"rendered":"<p>M\u00e9s de 50 anys d&#8217;escola a Casablanca L&#8217;escola Casablanca es va inaugurar al setembre de 1974 amb el nom d&#8217;escola Maria Fern\u00e1ndez de Lara. En aquella \u00e8poca no era l&#8217;\u00fanica escola de Casablanca, sin\u00f3 que estaven tamb\u00e9 el San Rafael i El F\u00e8nix. Als 80 es va fer un proc\u00e9s d&#8217;absorci\u00f3 i concentraci\u00f3 de les [&hellip;]<\/p>\n","protected":false},"author":1,"featured_media":0,"parent":22,"menu_order":20,"comment_status":"closed","ping_status":"closed","template":"","meta":{"_bbp_topic_count":0,"_bbp_reply_count":0,"_bbp_total_topic_count":0,"_bbp_total_reply_count":0,"_bbp_voice_count":0,"_bbp_anonymous_reply_count":0,"_bbp_topic_count_hidden":0,"_bbp_reply_count_hidden":0,"_bbp_forum_subforum_count":0,"site-sidebar-layout":"default","site-content-layout":"","ast-site-content-layout":"default","site-content-style":"default","site-sidebar-style":"default","ast-global-header-display":"","ast-banner-title-visibility":"","ast-main-header-display":"","ast-hfb-above-header-display":"","ast-hfb-below-header-display":"","ast-hfb-mobile-header-display":"","site-post-title":"","ast-breadcrumbs-content":"","ast-featured-img":"","footer-sml-layout":"","theme-transparent-header-meta":"default","adv-header-id-meta":"","stick-header-meta":"","header-above-stick-meta":"","header-main-stick-meta":"","header-below-stick-meta":"","astra-migrate-meta-layouts":"set","ast-page-background-enabled":"default","ast-page-background-meta":{"desktop":{"background-color":"var(--ast-global-color-4)","background-image":"","background-repeat":"repeat","background-position":"center center","background-size":"auto","background-attachment":"scroll","background-type":"","background-media":"","overlay-type":"","overlay-color":"","overlay-opacity":"","overlay-gradient":""},"tablet":{"background-color":"","background-image":"","background-repeat":"repeat","background-position":"center center","background-size":"auto","background-attachment":"scroll","background-type":"","background-media":"","overlay-type":"","overlay-color":"","overlay-opacity":"","overlay-gradient":""},"mobile":{"background-color":"","background-image":"","background-repeat":"repeat","background-position":"center center","background-size":"auto","background-attachment":"scroll","background-type":"","background-media":"","overlay-type":"","overlay-color":"","overlay-opacity":"","overlay-gradient":""}},"ast-content-background-meta":{"desktop":{"background-color":"var(--ast-global-color-5)","background-image":"","background-repeat":"repeat","background-position":"center center","background-size":"auto","background-attachment":"scroll","background-type":"","background-media":"","overlay-type":"","overlay-color":"","overlay-opacity":"","overlay-gradient":""},"tablet":{"background-color":"var(--ast-global-color-5)","background-image":"","background-repeat":"repeat","background-position":"center center","background-size":"auto","background-attachment":"scroll","background-type":"","background-media":"","overlay-type":"","overlay-color":"","overlay-opacity":"","overlay-gradient":""},"mobile":{"background-color":"var(--ast-global-color-5)","background-image":"","background-repeat":"repeat","background-position":"center center","background-size":"auto","background-attachment":"scroll","background-type":"","background-media":"","overlay-type":"","overlay-color":"","overlay-opacity":"","overlay-gradient":""}},"footnotes":""},"class_list":["post-26","page","type-page","status-publish","hentry"],"post_mailing_queue_ids":[],"_links":{"self":[{"href":"https:\/\/agora.xtec.cat\/esccasablanca\/wp-json\/wp\/v2\/pages\/26","targetHints":{"allow":["GET"]}}],"collection":[{"href":"https:\/\/agora.xtec.cat\/esccasablanca\/wp-json\/wp\/v2\/pages"}],"about":[{"href":"https:\/\/agora.xtec.cat\/esccasablanca\/wp-json\/wp\/v2\/types\/page"}],"author":[{"embeddable":true,"href":"https:\/\/agora.xtec.cat\/esccasablanca\/wp-json\/wp\/v2\/users\/1"}],"replies":[{"embeddable":true,"href":"https:\/\/agora.xtec.cat\/esccasablanca\/wp-json\/wp\/v2\/comments?post=26"}],"version-history":[{"count":7,"href":"https:\/\/agora.xtec.cat\/esccasablanca\/wp-json\/wp\/v2\/pages\/26\/revisions"}],"predecessor-version":[{"id":6256,"href":"https:\/\/agora.xtec.cat\/esccasablanca\/wp-json\/wp\/v2\/pages\/26\/revisions\/6256"}],"up":[{"embeddable":true,"href":"https:\/\/agora.xtec.cat\/esccasablanca\/wp-json\/wp\/v2\/pages\/22"}],"wp:attachment":[{"href":"https:\/\/agora.xtec.cat\/esccasablanca\/wp-json\/wp\/v2\/media?parent=26"}],"curies":[{"name":"wp","href":"https:\/\/api.w.org\/{rel}","templated":true}]}}

Història

<p style="text-align: justify;"><strong>Més de 50 anys d&#8217;escola a Casablanca</strong></p>
<p style="text-align: justify;">L&#8217;escola Casablanca es va inaugurar al setembre de <span style="color: #339966;"><strong>1974</strong></span> amb el nom d&#8217;escola <strong>Maria Fernández de Lara</strong>. En aquella època no era l&#8217;única escola de Casablanca, sinó que estaven també el San Rafael i El Fènix.</p>
<p style="text-align: justify;">Als <strong><span style="color: #339966;">80</span></strong> es va fer un procés d&#8217;<strong>absorció</strong> i concentració de les altres escoles del barri i va ser la que va aglutinar a tot l&#8217;alumnat.</p>
<p style="text-align: justify;">Al curs <strong><span style="color: #339966;">2015/2016</span></strong>, la comunitat educativa decideix posar a l&#8217;escola el nom de <strong>Casablanca</strong>, el nom del nostre barri.</p>
<p>En el curs <strong><span style="color: #339966;">2018-2019</span></strong> comencem la transformació a <strong>Comunitats d&#8217;Aprenentatge</strong>.</p>
<p><a href="https://agora.xtec.cat/esccasablanca/wp-content/uploads/usu1964/2019/07/linia_temporal.png"><img loading="lazy" decoding="async" class="alignnone size-full wp-image-3706" src="https://agora.xtec.cat/esccasablanca/wp-content/uploads/usu1964/2019/07/linia_temporal.png" alt="" width="891" height="220" srcset="https://agora.xtec.cat/esccasablanca/wp-content/uploads/usu1964/2019/07/linia_temporal.png 891w, https://agora.xtec.cat/esccasablanca/wp-content/uploads/usu1964/2019/07/linia_temporal-300x74.png 300w, https://agora.xtec.cat/esccasablanca/wp-content/uploads/usu1964/2019/07/linia_temporal-768x190.png 768w" sizes="auto, (max-width: 891px) 100vw, 891px" /></a></p>
<p><span style="text-align: justify;">Som l&#8217;escola de referència a Casablanca i valorem molt treballar amb entitats, famílies, persones del barri i de la nostra ciutat.</span></p>
<p><!--a=1--></p>
<p><!--a=1--></p>
<p><!--a=1--></p>

<p>Més de 50 anys d&#8217;escola a Casablanca L&#8217;escola Casablanca es va inaugurar al setembre de 1974 amb el nom d&#8217;escola Maria Fernández de Lara. En aquella època no era l&#8217;única escola de Casablanca, sinó que estaven també el San Rafael i El Fènix. Als 80 es va fer un procés d&#8217;absorció i concentració de les [&hellip;]</p>
