{"id":255,"date":"2014-10-20T09:50:09","date_gmt":"2014-10-20T09:50:09","guid":{"rendered":"http:\/\/escolamfl.wordpress.com\/?page_id=255"},"modified":"2025-12-03T13:44:21","modified_gmt":"2025-12-03T12:44:21","slug":"lequip-huma","status":"publish","type":"page","link":"https:\/\/agora.xtec.cat\/esccasablanca\/lescola\/lequip-huma\/","title":{"rendered":"Qui som?"},"content":{"rendered":"<h3>L&#8217;equip hum\u00e0 del curs 2025-2026<\/h3>\n<table style=\"width: 100%;\" bgcolor=\"#C0C0C0\">\n<tbody>\n<tr>\n<td style=\"background-color: #c4c4c4;\"><strong>EQUIP DIRECTIU\u00a0<\/strong><\/td>\n<\/tr>\n<\/tbody>\n<\/table>\n<table style=\"width: 100%;\" border=\"0\">\n<tbody>\n<tr>\n<td style=\"background-color: #e8e8e8;\"><strong>Directora:<\/strong><\/td>\n<td style=\"background-color: #e8e8e8;\"><strong>Cap d&#8217;Estudis:<\/strong><\/td>\n<td style=\"background-color: #e8e8e8;\"><strong>Secretari:<\/strong><\/td>\n<\/tr>\n<tr>\n<td>Al\u00edcia Moreno<\/td>\n<td>Teresa Mena<\/td>\n<td>Guillem Mora<\/td>\n<\/tr>\n<\/tbody>\n<\/table>\n<table style=\"width: 100%;\" bgcolor=\"#C0C0C0\">\n<tbody>\n<tr>\n<td style=\"background-color: #a7d5d9;\"><strong>EDUCACI\u00d3 INFANTIL<\/strong><\/td>\n<\/tr>\n<\/tbody>\n<\/table>\n<table style=\"width: 99.7226%; height: 163px;\" border=\"0\">\n<tbody>\n<tr>\n<td style=\"text-align: center; background-color: #d5eef0;\"><strong>i3<\/strong><\/td>\n<td style=\"text-align: center; background-color: #d5eef0;\"><strong>i4<\/strong><\/td>\n<td style=\"text-align: center; background-color: #d5eef0;\"><strong>i5<\/strong><\/td>\n<\/tr>\n<tr>\n<td><strong>i3A:<\/strong> Jessica Bujalance<\/td>\n<td><strong>i4A:<\/strong> Eva Mart\u00ednez<\/td>\n<td><strong>i5A:<\/strong> Marta Guti\u00e9rrez<\/td>\n<\/tr>\n<tr>\n<td><strong>i3B:<\/strong> Ver\u00f3nica Ruiz<\/td>\n<td><strong>i4B:<\/strong> N\u00faria Garcia<\/td>\n<td><strong>i5B:<\/strong> Silvia R\u00edos<\/td>\n<\/tr>\n<tr>\n<td><strong>\u00a0<\/strong><\/td>\n<td><strong>\u00a0<\/strong><\/td>\n<td><\/td>\n<\/tr>\n<\/tbody>\n<\/table>\n<p><strong>SIEI: <\/strong>Guillem Sort ; \u00a0<strong>Suport i M\u00fasica:<\/strong> Mar\u00eda Jos\u00e9 Castro ;\u00a0 <strong>Angl\u00e8s:<\/strong> Laura Mart\u00ednez<\/p>\n<p><strong>Psicomotricitat:<\/strong> Llu\u00efsa Calvo\u00a0 ;\u00a0 <strong>TEI:<\/strong> Georgina L\u00f3pez ; <strong>Educadora<\/strong>: Paula Carrera<\/p>\n<table style=\"width: 100%;\" bgcolor=\"#C0C0C0\">\n<tbody>\n<tr>\n<td style=\"background-color: #afde81;\"><strong>EDUCACI\u00d3 PRIM\u00c0RIA\u00a0\u00a0<\/strong><\/td>\n<\/tr>\n<\/tbody>\n<\/table>\n<table style=\"width: 100%; height: 217px;\" border=\"0\">\n<tbody>\n<tr style=\"height: 31px;\">\n<td style=\"text-align: center; height: 31px; background-color: #e7fad4; width: 31.484%;\"><b>Cicle Inicial<\/b><\/td>\n<td style=\"text-align: center; height: 31px; background-color: #e7fad4; width: 36.4772%;\"><b>Cicle Mitj\u00e0<\/b><\/td>\n<td style=\"text-align: center; height: 31px; background-color: #e7fad4; width: 32.0389%;\"><b>Cicle Superior<\/b><\/td>\n<\/tr>\n<tr style=\"height: 31px;\">\n<td style=\"height: 31px; width: 31.484%;\"><strong>1rA: <\/strong>Maria Moreno<\/td>\n<td style=\"height: 31px; width: 36.4772%;\"><strong>3rA:<\/strong> Sandra Balsera<\/td>\n<td style=\"height: 31px; width: 32.0389%;\"><strong>5\u00e8A:<\/strong> Rosa Ramos<\/td>\n<\/tr>\n<tr style=\"height: 31px;\">\n<td style=\"height: 31px; width: 31.484%;\"><strong>1rB:\u00a0<\/strong>Carla Ortiz<\/td>\n<td style=\"height: 31px; width: 36.4772%;\"><strong>3rB:<\/strong> Toni Hern\u00e1ndez<\/td>\n<td style=\"height: 31px; width: 32.0389%;\"><strong>5\u00e8B:<\/strong> Alberto Mora<\/td>\n<\/tr>\n<tr style=\"height: 31px;\">\n<td style=\"height: 31px; width: 31.484%;\"><\/td>\n<td style=\"height: 31px; width: 36.4772%;\"><\/td>\n<td style=\"height: 31px; width: 32.0389%;\"><\/td>\n<\/tr>\n<tr style=\"height: 31px;\">\n<td style=\"height: 31px; width: 31.484%;\"><strong>2nA:<\/strong> Iolanda Grau<\/td>\n<td style=\"height: 31px; width: 36.4772%;\"><strong>4tA:<\/strong> Marta Abell\u00e1n<\/td>\n<td style=\"height: 31px; width: 32.0389%;\"><strong>6\u00e8A:<\/strong> Alba Qui\u00f1onero<\/td>\n<\/tr>\n<tr style=\"height: 31px;\">\n<td style=\"height: 31px; width: 31.484%;\"><strong>2nB:<\/strong> Sergio Romero<\/td>\n<td style=\"height: 31px; width: 36.4772%;\"><strong>4tB:<\/strong> Susana Guerra<\/td>\n<td style=\"height: 31px; width: 32.0389%;\"><strong>6\u00e8B:<\/strong> Esperanza Tamayo<\/td>\n<\/tr>\n<tr style=\"height: 31px;\">\n<td style=\"height: 31px; width: 31.484%;\"><\/td>\n<td style=\"height: 31px; width: 36.4772%;\"><\/td>\n<td style=\"height: 31px; width: 32.0389%;\"><\/td>\n<\/tr>\n<\/tbody>\n<\/table>\n<p><!--\n<strong>Suport:<\/strong> Teresa Mena ;\u00a0 <strong>Castell\u00e0:<\/strong> M.Assumpci\u00f3 Mart\u00ed, Montserrat Mart\u00ed i Andrea Lluch ; <strong>Educaci\u00f3 F\u00edsica:<\/strong> Israel Gord\u00f3n i Alba Moya ; <strong>M\u00fasica:<\/strong> Esther Guilera i Alba Qui\u00f1onero ;<strong> Angl\u00e8s:<\/strong> Sergio Mart\u00ednez, Frank Ros i Al\u00edcia Moreno; <strong>EE:<\/strong> Yolanda Montero, Sandra Balsera i Lara Lou ;\u00a0 <strong>Religi\u00f3:<\/strong> Marta Pascual\n--><strong>Suport i Angl\u00e8s:<\/strong> Guillem Mora, Al\u00edcia Moreno, Andrea Lluch i D\u00e0maris<\/p>\n<p><strong>Ed.F\u00edsica:<\/strong> Jorge S\u00e1nchez i Llu\u00efsa Calvo<\/p>\n<p><strong>EE:<\/strong> Yolanda Montero i Sara Ramos<\/p>\n<p><strong>M\u00fasica:<\/strong> Esther Guilera<\/p>\n<p><strong>TIS:<\/strong> Carlos<\/p>\n<p><strong>Aula d&#8217;acollida<\/strong>: Blanca Ardite<\/p>\n<table style=\"width: 100%;\" bgcolor=\"#C0C0C0\">\n<tbody>\n<tr>\n<td style=\"background-color: #c4c4c4;\"><strong>PERSONAL PAS<\/strong><\/td>\n<\/tr>\n<\/tbody>\n<\/table>\n<table style=\"width: 100%;\" border=\"0\">\n<tbody>\n<tr>\n<td style=\"background-color: #e8e8e8; width: 30.1351%;\"><strong>Administrativa<\/strong><\/td>\n<td style=\"background-color: #e8e8e8; width: 42.0271%;\"><strong>Conserges<\/strong><\/td>\n<td style=\"background-color: #e8e8e8; width: 26.6216%;\"><strong>Auxiliar d&#8217;EE<\/strong><\/td>\n<\/tr>\n<tr>\n<td style=\"width: 30.1351%;\">Anne Rotbi<\/td>\n<td style=\"width: 42.0271%;\">Carlos, Ernesto, Encarna i Milagros<\/td>\n<td style=\"width: 26.6216%;\"><\/td>\n<\/tr>\n<\/tbody>\n<\/table>\n<p>&nbsp;<\/p>\n","protected":false},"excerpt":{"rendered":"<p>L&#8217;equip hum\u00e0 del curs 2025-2026 EQUIP DIRECTIU\u00a0 Directora: Cap d&#8217;Estudis: Secretari: Al\u00edcia Moreno Teresa Mena Guillem Mora EDUCACI\u00d3 INFANTIL i3 i4 i5 i3A: Jessica Bujalance i4A: Eva Mart\u00ednez i5A: Marta Guti\u00e9rrez i3B: Ver\u00f3nica Ruiz i4B: N\u00faria Garcia i5B: Silvia R\u00edos \u00a0 \u00a0 SIEI: Guillem Sort ; \u00a0Suport i M\u00fasica: Mar\u00eda Jos\u00e9 Castro ;\u00a0 Angl\u00e8s: Laura [&hellip;]<\/p>\n","protected":false},"author":1,"featured_media":0,"parent":22,"menu_order":3,"comment_status":"open","ping_status":"open","template":"","meta":{"_bbp_topic_count":0,"_bbp_reply_count":0,"_bbp_total_topic_count":0,"_bbp_total_reply_count":0,"_bbp_voice_count":0,"_bbp_anonymous_reply_count":0,"_bbp_topic_count_hidden":0,"_bbp_reply_count_hidden":0,"_bbp_forum_subforum_count":0,"site-sidebar-layout":"default","site-content-layout":"","ast-site-content-layout":"default","site-content-style":"default","site-sidebar-style":"default","ast-global-header-display":"","ast-banner-title-visibility":"","ast-main-header-display":"","ast-hfb-above-header-display":"","ast-hfb-below-header-display":"","ast-hfb-mobile-header-display":"","site-post-title":"","ast-breadcrumbs-content":"","ast-featured-img":"","footer-sml-layout":"","theme-transparent-header-meta":"default","adv-header-id-meta":"","stick-header-meta":"","header-above-stick-meta":"","header-main-stick-meta":"","header-below-stick-meta":"","astra-migrate-meta-layouts":"set","ast-page-background-enabled":"default","ast-page-background-meta":{"desktop":{"background-color":"var(--ast-global-color-4)","background-image":"","background-repeat":"repeat","background-position":"center center","background-size":"auto","background-attachment":"scroll","background-type":"","background-media":"","overlay-type":"","overlay-color":"","overlay-opacity":"","overlay-gradient":""},"tablet":{"background-color":"","background-image":"","background-repeat":"repeat","background-position":"center center","background-size":"auto","background-attachment":"scroll","background-type":"","background-media":"","overlay-type":"","overlay-color":"","overlay-opacity":"","overlay-gradient":""},"mobile":{"background-color":"","background-image":"","background-repeat":"repeat","background-position":"center center","background-size":"auto","background-attachment":"scroll","background-type":"","background-media":"","overlay-type":"","overlay-color":"","overlay-opacity":"","overlay-gradient":""}},"ast-content-background-meta":{"desktop":{"background-color":"var(--ast-global-color-5)","background-image":"","background-repeat":"repeat","background-position":"center center","background-size":"auto","background-attachment":"scroll","background-type":"","background-media":"","overlay-type":"","overlay-color":"","overlay-opacity":"","overlay-gradient":""},"tablet":{"background-color":"var(--ast-global-color-5)","background-image":"","background-repeat":"repeat","background-position":"center center","background-size":"auto","background-attachment":"scroll","background-type":"","background-media":"","overlay-type":"","overlay-color":"","overlay-opacity":"","overlay-gradient":""},"mobile":{"background-color":"var(--ast-global-color-5)","background-image":"","background-repeat":"repeat","background-position":"center center","background-size":"auto","background-attachment":"scroll","background-type":"","background-media":"","overlay-type":"","overlay-color":"","overlay-opacity":"","overlay-gradient":""}},"footnotes":""},"class_list":["post-255","page","type-page","status-publish","hentry"],"post_mailing_queue_ids":[],"_links":{"self":[{"href":"https:\/\/agora.xtec.cat\/esccasablanca\/wp-json\/wp\/v2\/pages\/255","targetHints":{"allow":["GET"]}}],"collection":[{"href":"https:\/\/agora.xtec.cat\/esccasablanca\/wp-json\/wp\/v2\/pages"}],"about":[{"href":"https:\/\/agora.xtec.cat\/esccasablanca\/wp-json\/wp\/v2\/types\/page"}],"author":[{"embeddable":true,"href":"https:\/\/agora.xtec.cat\/esccasablanca\/wp-json\/wp\/v2\/users\/1"}],"replies":[{"embeddable":true,"href":"https:\/\/agora.xtec.cat\/esccasablanca\/wp-json\/wp\/v2\/comments?post=255"}],"version-history":[{"count":8,"href":"https:\/\/agora.xtec.cat\/esccasablanca\/wp-json\/wp\/v2\/pages\/255\/revisions"}],"predecessor-version":[{"id":6234,"href":"https:\/\/agora.xtec.cat\/esccasablanca\/wp-json\/wp\/v2\/pages\/255\/revisions\/6234"}],"up":[{"embeddable":true,"href":"https:\/\/agora.xtec.cat\/esccasablanca\/wp-json\/wp\/v2\/pages\/22"}],"wp:attachment":[{"href":"https:\/\/agora.xtec.cat\/esccasablanca\/wp-json\/wp\/v2\/media?parent=255"}],"curies":[{"name":"wp","href":"https:\/\/api.w.org\/{rel}","templated":true}]}}

<h3>L&#8217;equip humà del curs 2025-2026</h3>
<table style="width: 100%;" bgcolor="#C0C0C0">
<tbody>
<tr>
<td style="background-color: #c4c4c4;"><strong>EQUIP DIRECTIU </strong></td>
</tr>
</tbody>
</table>
<table style="width: 100%;" border="0">
<tbody>
<tr>
<td style="background-color: #e8e8e8;"><strong>Directora:</strong></td>
<td style="background-color: #e8e8e8;"><strong>Cap d&#8217;Estudis:</strong></td>
<td style="background-color: #e8e8e8;"><strong>Secretari:</strong></td>
</tr>
<tr>
<td>Alícia Moreno</td>
<td>Teresa Mena</td>
<td>Guillem Mora</td>
</tr>
</tbody>
</table>
<table style="width: 100%;" bgcolor="#C0C0C0">
<tbody>
<tr>
<td style="background-color: #a7d5d9;"><strong>EDUCACIÓ INFANTIL</strong></td>
</tr>
</tbody>
</table>
<table style="width: 99.7226%; height: 163px;" border="0">
<tbody>
<tr>
<td style="text-align: center; background-color: #d5eef0;"><strong>i3</strong></td>
<td style="text-align: center; background-color: #d5eef0;"><strong>i4</strong></td>
<td style="text-align: center; background-color: #d5eef0;"><strong>i5</strong></td>
</tr>
<tr>
<td><strong>i3A:</strong> Jessica Bujalance</td>
<td><strong>i4A:</strong> Eva Martínez</td>
<td><strong>i5A:</strong> Marta Gutiérrez</td>
</tr>
<tr>
<td><strong>i3B:</strong> Verónica Ruiz</td>
<td><strong>i4B:</strong> Núria Garcia</td>
<td><strong>i5B:</strong> Silvia Ríos</td>
</tr>
<tr>
<td><strong> </strong></td>
<td><strong> </strong></td>
<td></td>
</tr>
</tbody>
</table>
<p><strong>SIEI: </strong>Guillem Sort ;  <strong>Suport i Música:</strong> María José Castro ;  <strong>Anglès:</strong> Laura Martínez</p>
<p><strong>Psicomotricitat:</strong> Lluïsa Calvo  ;  <strong>TEI:</strong> Georgina López ; <strong>Educadora</strong>: Paula Carrera</p>
<table style="width: 100%;" bgcolor="#C0C0C0">
<tbody>
<tr>
<td style="background-color: #afde81;"><strong>EDUCACIÓ PRIMÀRIA  </strong></td>
</tr>
</tbody>
</table>
<table style="width: 100%; height: 217px;" border="0">
<tbody>
<tr style="height: 31px;">
<td style="text-align: center; height: 31px; background-color: #e7fad4; width: 31.484%;"><b>Cicle Inicial</b></td>
<td style="text-align: center; height: 31px; background-color: #e7fad4; width: 36.4772%;"><b>Cicle Mitjà</b></td>
<td style="text-align: center; height: 31px; background-color: #e7fad4; width: 32.0389%;"><b>Cicle Superior</b></td>
</tr>
<tr style="height: 31px;">
<td style="height: 31px; width: 31.484%;"><strong>1rA: </strong>Maria Moreno</td>
<td style="height: 31px; width: 36.4772%;"><strong>3rA:</strong> Sandra Balsera</td>
<td style="height: 31px; width: 32.0389%;"><strong>5èA:</strong> Rosa Ramos</td>
</tr>
<tr style="height: 31px;">
<td style="height: 31px; width: 31.484%;"><strong>1rB: </strong>Carla Ortiz</td>
<td style="height: 31px; width: 36.4772%;"><strong>3rB:</strong> Toni Hernández</td>
<td style="height: 31px; width: 32.0389%;"><strong>5èB:</strong> Alberto Mora</td>
</tr>
<tr style="height: 31px;">
<td style="height: 31px; width: 31.484%;"></td>
<td style="height: 31px; width: 36.4772%;"></td>
<td style="height: 31px; width: 32.0389%;"></td>
</tr>
<tr style="height: 31px;">
<td style="height: 31px; width: 31.484%;"><strong>2nA:</strong> Iolanda Grau</td>
<td style="height: 31px; width: 36.4772%;"><strong>4tA:</strong> Marta Abellán</td>
<td style="height: 31px; width: 32.0389%;"><strong>6èA:</strong> Alba Quiñonero</td>
</tr>
<tr style="height: 31px;">
<td style="height: 31px; width: 31.484%;"><strong>2nB:</strong> Sergio Romero</td>
<td style="height: 31px; width: 36.4772%;"><strong>4tB:</strong> Susana Guerra</td>
<td style="height: 31px; width: 32.0389%;"><strong>6èB:</strong> Esperanza Tamayo</td>
</tr>
<tr style="height: 31px;">
<td style="height: 31px; width: 31.484%;"></td>
<td style="height: 31px; width: 36.4772%;"></td>
<td style="height: 31px; width: 32.0389%;"></td>
</tr>
</tbody>
</table>
<p><!--
<strong>Suport:</strong> Teresa Mena ;  <strong>Castellà:</strong> M.Assumpció Martí, Montserrat Martí i Andrea Lluch ; <strong>Educació Física:</strong> Israel Gordón i Alba Moya ; <strong>Música:</strong> Esther Guilera i Alba Quiñonero ;<strong> Anglès:</strong> Sergio Martínez, Frank Ros i Alícia Moreno; <strong>EE:</strong> Yolanda Montero, Sandra Balsera i Lara Lou ;  <strong>Religió:</strong> Marta Pascual
--><strong>Suport i Anglès:</strong> Guillem Mora, Alícia Moreno, Andrea Lluch i Dàmaris</p>
<p><strong>Ed.Física:</strong> Jorge Sánchez i Lluïsa Calvo</p>
<p><strong>EE:</strong> Yolanda Montero i Sara Ramos</p>
<p><strong>Música:</strong> Esther Guilera</p>
<p><strong>TIS:</strong> Carlos</p>
<p><strong>Aula d&#8217;acollida</strong>: Blanca Ardite</p>
<table style="width: 100%;" bgcolor="#C0C0C0">
<tbody>
<tr>
<td style="background-color: #c4c4c4;"><strong>PERSONAL PAS</strong></td>
</tr>
</tbody>
</table>
<table style="width: 100%;" border="0">
<tbody>
<tr>
<td style="background-color: #e8e8e8; width: 30.1351%;"><strong>Administrativa</strong></td>
<td style="background-color: #e8e8e8; width: 42.0271%;"><strong>Conserges</strong></td>
<td style="background-color: #e8e8e8; width: 26.6216%;"><strong>Auxiliar d&#8217;EE</strong></td>
</tr>
<tr>
<td style="width: 30.1351%;">Anne Rotbi</td>
<td style="width: 42.0271%;">Carlos, Ernesto, Encarna i Milagros</td>
<td style="width: 26.6216%;"></td>
</tr>
</tbody>
</table>
<p>&nbsp;</p>

<p>L&#8217;equip humà del curs 2025-2026 EQUIP DIRECTIU  Directora: Cap d&#8217;Estudis: Secretari: Alícia Moreno Teresa Mena Guillem Mora EDUCACIÓ INFANTIL i3 i4 i5 i3A: Jessica Bujalance i4A: Eva Martínez i5A: Marta Gutiérrez i3B: Verónica Ruiz i4B: Núria Garcia i5B: Silvia Ríos     SIEI: Guillem Sort ;  Suport i Música: María José Castro ;  Anglès: Laura [&hellip;]</p>
