{"id":476,"date":"2016-07-01T10:26:52","date_gmt":"2016-07-01T09:26:52","guid":{"rendered":"http:\/\/agora.xtec.cat\/escbernarditolra\/?page_id=476"},"modified":"2025-11-14T16:15:31","modified_gmt":"2025-11-14T15:15:31","slug":"claustre","status":"publish","type":"page","link":"https:\/\/agora.xtec.cat\/escbernarditolra\/pagina-dinici-buida\/claustre\/","title":{"rendered":"Claustre"},"content":{"rendered":"<p>El claustre pel curs 2025-26 est\u00e0 compost per:<\/p>\n<p><a href=\"https:\/\/drive.google.com\/file\/d\/1qDAnS-KyRMilGoE2yptRLzDSMaGzfmaJ\/view?usp=sharing\"><strong>Equip directiu:\u00a0<\/strong><\/a><\/p>\n<p><strong>Directora:<\/strong> Ester Llaurad\u00f3 Calvet<\/p>\n<p><strong>Cap d&#8217;estudis:<\/strong> Gemma Domingo Ricart<\/p>\n<p><strong>Secret\u00e0ria:<\/strong> Margarita Galofr\u00e9 Fortuny<\/p>\n<p>&nbsp;<\/p>\n<p><strong>I3:<\/strong> Anna Padilla<\/p>\n<p><strong>P4:<\/strong> Eva Bonell<\/p>\n<p><strong>P5<\/strong>: Gemma Ferran<\/p>\n<p><strong>1r:<\/strong> Marta Pros<\/p>\n<p><strong>2n:<\/strong> Anna Mateu<\/p>\n<p><strong>3r<\/strong>:\u00a0 Pol Cavall\u00e9 &#8211; Ester Llaurad\u00f3<\/p>\n<p><strong>4t :\u00a0<\/strong>N\u00faria Santasmasas<\/p>\n<p><strong>5\u00e8 <\/strong>: Margarita Galofr\u00e9<\/p>\n<p><b style=\"font-family: inherit; font-size: 1em;\">6\u00e8:<\/b><span style=\"font-family: inherit; font-size: 1em;\">\u00a0\u00a0<\/span>Gemma Domingo<\/p>\n<p><strong>M\u00fasica:<\/strong>\u00a0 Marta Rodr\u00edquez<\/p>\n<p><strong>Ed. F\u00edsica<\/strong>: Joan M. Cunillera<\/p>\n<p><strong>Ed. Especial<\/strong>:\u00a0 Ferran Plana<\/p>\n<p><strong>Angl\u00e8s:<\/strong> Gemma Domingo, Roger Ferran<\/p>\n<p><strong>Religi\u00f3:<\/strong> Pepe Canet<\/p>\n<p><span style=\"text-decoration: underline;\"><strong>Altres professionals:<\/strong><\/span><\/p>\n<p><strong>Vetlladora<\/strong>: Asun Montero i A\u00efda Iglesias<\/p>\n<p><strong>Psicopedagoga:\u00a0<\/strong>Laura Cort\u00e8s<\/p>\n<p><strong>Treb. social EAP:<\/strong> \u00c0ngela Molina<\/p>\n<p><strong>Logopeda: <\/strong>Cristina Ferrando<\/p>\n<p><strong>Treb. social Consell Comarcal:\u00a0<\/strong>Cristina Fortuny<\/p>\n<p><strong>Fisioterapeuta<\/strong>: Laia de Bargas<\/p>\n<p>&nbsp;<\/p>\n<p>&nbsp;<\/p>\n<p>&nbsp;<\/p>\n","protected":false},"excerpt":{"rendered":"<p>El claustre pel curs 2025-26 est\u00e0 compost per: Equip directiu:\u00a0 Directora: Ester Llaurad\u00f3 Calvet Cap d&#8217;estudis: Gemma Domingo Ricart Secret\u00e0ria: Margarita Galofr\u00e9 Fortuny &nbsp; I3: Anna Padilla P4: Eva Bonell P5: Gemma Ferran 1r: Marta Pros 2n: Anna Mateu 3r:\u00a0 Pol Cavall\u00e9 &#8211; Ester Llaurad\u00f3 4t :\u00a0N\u00faria Santasmasas 5\u00e8 : Margarita Galofr\u00e9 6\u00e8:\u00a0\u00a0Gemma Domingo M\u00fasica:\u00a0 [&hellip;]<\/p>\n","protected":false},"author":1,"featured_media":0,"parent":9,"menu_order":0,"comment_status":"closed","ping_status":"closed","template":"","meta":{"_bbp_topic_count":0,"_bbp_reply_count":0,"_bbp_total_topic_count":0,"_bbp_total_reply_count":0,"_bbp_voice_count":0,"_bbp_anonymous_reply_count":0,"_bbp_topic_count_hidden":0,"_bbp_reply_count_hidden":0,"_bbp_forum_subforum_count":0,"site-sidebar-layout":"default","site-content-layout":"","ast-site-content-layout":"default","site-content-style":"default","site-sidebar-style":"default","ast-global-header-display":"","ast-banner-title-visibility":"","ast-main-header-display":"","ast-hfb-above-header-display":"","ast-hfb-below-header-display":"","ast-hfb-mobile-header-display":"","site-post-title":"","ast-breadcrumbs-content":"","ast-featured-img":"","footer-sml-layout":"","theme-transparent-header-meta":"default","adv-header-id-meta":"","stick-header-meta":"","header-above-stick-meta":"","header-main-stick-meta":"","header-below-stick-meta":"","astra-migrate-meta-layouts":"set","ast-page-background-enabled":"default","ast-page-background-meta":{"desktop":{"background-color":"var(--ast-global-color-4)","background-image":"","background-repeat":"repeat","background-position":"center center","background-size":"auto","background-attachment":"scroll","background-type":"","background-media":"","overlay-type":"","overlay-color":"","overlay-opacity":"","overlay-gradient":""},"tablet":{"background-color":"","background-image":"","background-repeat":"repeat","background-position":"center center","background-size":"auto","background-attachment":"scroll","background-type":"","background-media":"","overlay-type":"","overlay-color":"","overlay-opacity":"","overlay-gradient":""},"mobile":{"background-color":"","background-image":"","background-repeat":"repeat","background-position":"center center","background-size":"auto","background-attachment":"scroll","background-type":"","background-media":"","overlay-type":"","overlay-color":"","overlay-opacity":"","overlay-gradient":""}},"ast-content-background-meta":{"desktop":{"background-color":"var(--ast-global-color-5)","background-image":"","background-repeat":"repeat","background-position":"center center","background-size":"auto","background-attachment":"scroll","background-type":"","background-media":"","overlay-type":"","overlay-color":"","overlay-opacity":"","overlay-gradient":""},"tablet":{"background-color":"var(--ast-global-color-5)","background-image":"","background-repeat":"repeat","background-position":"center center","background-size":"auto","background-attachment":"scroll","background-type":"","background-media":"","overlay-type":"","overlay-color":"","overlay-opacity":"","overlay-gradient":""},"mobile":{"background-color":"var(--ast-global-color-5)","background-image":"","background-repeat":"repeat","background-position":"center center","background-size":"auto","background-attachment":"scroll","background-type":"","background-media":"","overlay-type":"","overlay-color":"","overlay-opacity":"","overlay-gradient":""}},"footnotes":""},"class_list":["post-476","page","type-page","status-publish","hentry"],"post_mailing_queue_ids":[],"_links":{"self":[{"href":"https:\/\/agora.xtec.cat\/escbernarditolra\/wp-json\/wp\/v2\/pages\/476","targetHints":{"allow":["GET"]}}],"collection":[{"href":"https:\/\/agora.xtec.cat\/escbernarditolra\/wp-json\/wp\/v2\/pages"}],"about":[{"href":"https:\/\/agora.xtec.cat\/escbernarditolra\/wp-json\/wp\/v2\/types\/page"}],"author":[{"embeddable":true,"href":"https:\/\/agora.xtec.cat\/escbernarditolra\/wp-json\/wp\/v2\/users\/1"}],"replies":[{"embeddable":true,"href":"https:\/\/agora.xtec.cat\/escbernarditolra\/wp-json\/wp\/v2\/comments?post=476"}],"version-history":[{"count":6,"href":"https:\/\/agora.xtec.cat\/escbernarditolra\/wp-json\/wp\/v2\/pages\/476\/revisions"}],"predecessor-version":[{"id":3421,"href":"https:\/\/agora.xtec.cat\/escbernarditolra\/wp-json\/wp\/v2\/pages\/476\/revisions\/3421"}],"up":[{"embeddable":true,"href":"https:\/\/agora.xtec.cat\/escbernarditolra\/wp-json\/wp\/v2\/pages\/9"}],"wp:attachment":[{"href":"https:\/\/agora.xtec.cat\/escbernarditolra\/wp-json\/wp\/v2\/media?parent=476"}],"curies":[{"name":"wp","href":"https:\/\/api.w.org\/{rel}","templated":true}]}}

<p>El claustre pel curs 2025-26 està compost per:</p>
<p><a href="https://drive.google.com/file/d/1qDAnS-KyRMilGoE2yptRLzDSMaGzfmaJ/view?usp=sharing"><strong>Equip directiu: </strong></a></p>
<p><strong>Directora:</strong> Ester Llauradó Calvet</p>
<p><strong>Cap d&#8217;estudis:</strong> Gemma Domingo Ricart</p>
<p><strong>Secretària:</strong> Margarita Galofré Fortuny</p>
<p>&nbsp;</p>
<p><strong>I3:</strong> Anna Padilla</p>
<p><strong>P4:</strong> Eva Bonell</p>
<p><strong>P5</strong>: Gemma Ferran</p>
<p><strong>1r:</strong> Marta Pros</p>
<p><strong>2n:</strong> Anna Mateu</p>
<p><strong>3r</strong>:  Pol Cavallé &#8211; Ester Llauradó</p>
<p><strong>4t : </strong>Núria Santasmasas</p>
<p><strong>5è </strong>: Margarita Galofré</p>
<p><b style="font-family: inherit; font-size: 1em;">6è:</b><span style="font-family: inherit; font-size: 1em;">  </span>Gemma Domingo</p>
<p><strong>Música:</strong>  Marta Rodríquez</p>
<p><strong>Ed. Física</strong>: Joan M. Cunillera</p>
<p><strong>Ed. Especial</strong>:  Ferran Plana</p>
<p><strong>Anglès:</strong> Gemma Domingo, Roger Ferran</p>
<p><strong>Religió:</strong> Pepe Canet</p>
<p><span style="text-decoration: underline;"><strong>Altres professionals:</strong></span></p>
<p><strong>Vetlladora</strong>: Asun Montero i Aïda Iglesias</p>
<p><strong>Psicopedagoga: </strong>Laura Cortès</p>
<p><strong>Treb. social EAP:</strong> Àngela Molina</p>
<p><strong>Logopeda: </strong>Cristina Ferrando</p>
<p><strong>Treb. social Consell Comarcal: </strong>Cristina Fortuny</p>
<p><strong>Fisioterapeuta</strong>: Laia de Bargas</p>
<p>&nbsp;</p>
<p>&nbsp;</p>
<p>&nbsp;</p>

<p>El claustre pel curs 2025-26 està compost per: Equip directiu:  Directora: Ester Llauradó Calvet Cap d&#8217;estudis: Gemma Domingo Ricart Secretària: Margarita Galofré Fortuny &nbsp; I3: Anna Padilla P4: Eva Bonell P5: Gemma Ferran 1r: Marta Pros 2n: Anna Mateu 3r:  Pol Cavallé &#8211; Ester Llauradó 4t : Núria Santasmasas 5è : Margarita Galofré 6è:  Gemma Domingo Música:  [&hellip;]</p>
