{"id":32,"date":"2014-09-18T12:31:33","date_gmt":"2014-09-18T11:31:33","guid":{"rendered":"http:\/\/agora.xtec.cat\/escbernarditolra\/?page_id=32"},"modified":"2025-11-14T11:37:50","modified_gmt":"2025-11-14T10:37:50","slug":"calendari-del-curs","status":"publish","type":"page","link":"https:\/\/agora.xtec.cat\/escbernarditolra\/pagina-dinici-buida\/calendari-del-curs\/","title":{"rendered":"Calendari del curs"},"content":{"rendered":"<h4><strong>Inici de curs:<\/strong><\/h4>\n<p>8 de setembre de 2025 (mat\u00ed i tarda)<\/p>\n<h4><strong>Vacances:<\/strong><\/h4>\n<p>Del 22 de desembre de 2025 al 7 de gener de 2026\u00a0 (ambd\u00f3s inclosos)<\/p>\n<p>Del 30 de mar\u00e7 de 2026 al 6 d&#8217;abril de 2026 (ambd\u00f3s inclosos)<\/p>\n<p>El 19 de juny de 2025 acaben les classes<\/p>\n<h4><strong>Dies festius i de lliure disposici\u00f3:<\/strong><\/h4>\n<p>11 de setembre de 2025 (festiu)<\/p>\n<p>10 d&#8217;octubre de 2025 (lliure disposici\u00f3)<\/p>\n<p>3 de novembre de 2025 (festa local)<\/p>\n<p>8 de desembre de 2025 (festiu)<\/p>\n<p>19 de gener de 2026 (lliure disposici\u00f3)<\/p>\n<p>20 de gener de 2026 (festa local)<\/p>\n<p>2 de febrer de 2026 (lliure disposici\u00f3)<\/p>\n<p>30 d&#8217;abril de 2026 (lliure disposici\u00f3)<\/p>\n<p>1 de maig de 2026 (festiu)<\/p>\n<p>4 de maig de 2026 (lliure disposici\u00f3)<\/p>\n<p><strong>Jornada intensiva:<\/strong><\/p>\n<p>19 de desembre de 2026 i del 8 al 19 de juny de\u00a0 2026 (ambd\u00f3s inclosos)<\/p>\n<p>L\u2019<b>horari lectiu<\/b> del centre \u00e9s de 9:00h a 12:30 h i de 15:00 a 16:30 h per a tots els alumnes del centre. El dia 19 de desembre de 2025 i a partir del 8 de juny de 2026 es realitza horari compactat de 9:00h a 13:00h. (Els alumnes que utilitzen el servei de menjador surten a les 15:00h.)<\/p>\n<p><img loading=\"lazy\" decoding=\"async\" class=\"alignnone size-large wp-image-3387\" src=\"https:\/\/agora.xtec.cat\/escbernarditolra\/wp-content\/uploads\/usu1025\/2025\/09\/Captura-de-pantalla-2025-09-01-a-les-17.18.37-700x1024.png\" alt=\"\" width=\"700\" height=\"1024\" srcset=\"https:\/\/agora.xtec.cat\/escbernarditolra\/wp-content\/uploads\/usu1025\/2025\/09\/Captura-de-pantalla-2025-09-01-a-les-17.18.37-700x1024.png 700w, https:\/\/agora.xtec.cat\/escbernarditolra\/wp-content\/uploads\/usu1025\/2025\/09\/Captura-de-pantalla-2025-09-01-a-les-17.18.37-205x300.png 205w, https:\/\/agora.xtec.cat\/escbernarditolra\/wp-content\/uploads\/usu1025\/2025\/09\/Captura-de-pantalla-2025-09-01-a-les-17.18.37-768x1124.png 768w, https:\/\/agora.xtec.cat\/escbernarditolra\/wp-content\/uploads\/usu1025\/2025\/09\/Captura-de-pantalla-2025-09-01-a-les-17.18.37-1049x1536.png 1049w, https:\/\/agora.xtec.cat\/escbernarditolra\/wp-content\/uploads\/usu1025\/2025\/09\/Captura-de-pantalla-2025-09-01-a-les-17.18.37.png 1126w\" sizes=\"auto, (max-width: 700px) 100vw, 700px\" \/><\/p>\n","protected":false},"excerpt":{"rendered":"<p>Inici de curs: 8 de setembre de 2025 (mat\u00ed i tarda) Vacances: Del 22 de desembre de 2025 al 7 de gener de 2026\u00a0 (ambd\u00f3s inclosos) Del 30 de mar\u00e7 de 2026 al 6 d&#8217;abril de 2026 (ambd\u00f3s inclosos) El 19 de juny de 2025 acaben les classes Dies festius i de lliure disposici\u00f3: 11 [&hellip;]<\/p>\n","protected":false},"author":1,"featured_media":0,"parent":9,"menu_order":50,"comment_status":"closed","ping_status":"closed","template":"","meta":{"_bbp_topic_count":0,"_bbp_reply_count":0,"_bbp_total_topic_count":0,"_bbp_total_reply_count":0,"_bbp_voice_count":0,"_bbp_anonymous_reply_count":0,"_bbp_topic_count_hidden":0,"_bbp_reply_count_hidden":0,"_bbp_forum_subforum_count":0,"site-sidebar-layout":"default","site-content-layout":"","ast-site-content-layout":"","site-content-style":"default","site-sidebar-style":"default","ast-global-header-display":"","ast-banner-title-visibility":"","ast-main-header-display":"","ast-hfb-above-header-display":"","ast-hfb-below-header-display":"","ast-hfb-mobile-header-display":"","site-post-title":"","ast-breadcrumbs-content":"","ast-featured-img":"","footer-sml-layout":"","theme-transparent-header-meta":"","adv-header-id-meta":"","stick-header-meta":"","header-above-stick-meta":"","header-main-stick-meta":"","header-below-stick-meta":"","astra-migrate-meta-layouts":"default","ast-page-background-enabled":"default","ast-page-background-meta":{"desktop":{"background-color":"var(--ast-global-color-4)","background-image":"","background-repeat":"repeat","background-position":"center center","background-size":"auto","background-attachment":"scroll","background-type":"","background-media":"","overlay-type":"","overlay-color":"","overlay-opacity":"","overlay-gradient":""},"tablet":{"background-color":"","background-image":"","background-repeat":"repeat","background-position":"center center","background-size":"auto","background-attachment":"scroll","background-type":"","background-media":"","overlay-type":"","overlay-color":"","overlay-opacity":"","overlay-gradient":""},"mobile":{"background-color":"","background-image":"","background-repeat":"repeat","background-position":"center center","background-size":"auto","background-attachment":"scroll","background-type":"","background-media":"","overlay-type":"","overlay-color":"","overlay-opacity":"","overlay-gradient":""}},"ast-content-background-meta":{"desktop":{"background-color":"var(--ast-global-color-5)","background-image":"","background-repeat":"repeat","background-position":"center center","background-size":"auto","background-attachment":"scroll","background-type":"","background-media":"","overlay-type":"","overlay-color":"","overlay-opacity":"","overlay-gradient":""},"tablet":{"background-color":"var(--ast-global-color-5)","background-image":"","background-repeat":"repeat","background-position":"center center","background-size":"auto","background-attachment":"scroll","background-type":"","background-media":"","overlay-type":"","overlay-color":"","overlay-opacity":"","overlay-gradient":""},"mobile":{"background-color":"var(--ast-global-color-5)","background-image":"","background-repeat":"repeat","background-position":"center center","background-size":"auto","background-attachment":"scroll","background-type":"","background-media":"","overlay-type":"","overlay-color":"","overlay-opacity":"","overlay-gradient":""}},"footnotes":""},"class_list":["post-32","page","type-page","status-publish","hentry"],"post_mailing_queue_ids":[],"_links":{"self":[{"href":"https:\/\/agora.xtec.cat\/escbernarditolra\/wp-json\/wp\/v2\/pages\/32","targetHints":{"allow":["GET"]}}],"collection":[{"href":"https:\/\/agora.xtec.cat\/escbernarditolra\/wp-json\/wp\/v2\/pages"}],"about":[{"href":"https:\/\/agora.xtec.cat\/escbernarditolra\/wp-json\/wp\/v2\/types\/page"}],"author":[{"embeddable":true,"href":"https:\/\/agora.xtec.cat\/escbernarditolra\/wp-json\/wp\/v2\/users\/1"}],"replies":[{"embeddable":true,"href":"https:\/\/agora.xtec.cat\/escbernarditolra\/wp-json\/wp\/v2\/comments?post=32"}],"version-history":[{"count":6,"href":"https:\/\/agora.xtec.cat\/escbernarditolra\/wp-json\/wp\/v2\/pages\/32\/revisions"}],"predecessor-version":[{"id":3389,"href":"https:\/\/agora.xtec.cat\/escbernarditolra\/wp-json\/wp\/v2\/pages\/32\/revisions\/3389"}],"up":[{"embeddable":true,"href":"https:\/\/agora.xtec.cat\/escbernarditolra\/wp-json\/wp\/v2\/pages\/9"}],"wp:attachment":[{"href":"https:\/\/agora.xtec.cat\/escbernarditolra\/wp-json\/wp\/v2\/media?parent=32"}],"curies":[{"name":"wp","href":"https:\/\/api.w.org\/{rel}","templated":true}]}}

<h4><strong>Inici de curs:</strong></h4>
<p>8 de setembre de 2025 (matí i tarda)</p>
<h4><strong>Vacances:</strong></h4>
<p>Del 22 de desembre de 2025 al 7 de gener de 2026  (ambdós inclosos)</p>
<p>Del 30 de març de 2026 al 6 d&#8217;abril de 2026 (ambdós inclosos)</p>
<p>El 19 de juny de 2025 acaben les classes</p>
<h4><strong>Dies festius i de lliure disposició:</strong></h4>
<p>11 de setembre de 2025 (festiu)</p>
<p>10 d&#8217;octubre de 2025 (lliure disposició)</p>
<p>3 de novembre de 2025 (festa local)</p>
<p>8 de desembre de 2025 (festiu)</p>
<p>19 de gener de 2026 (lliure disposició)</p>
<p>20 de gener de 2026 (festa local)</p>
<p>2 de febrer de 2026 (lliure disposició)</p>
<p>30 d&#8217;abril de 2026 (lliure disposició)</p>
<p>1 de maig de 2026 (festiu)</p>
<p>4 de maig de 2026 (lliure disposició)</p>
<p><strong>Jornada intensiva:</strong></p>
<p>19 de desembre de 2026 i del 8 al 19 de juny de  2026 (ambdós inclosos)</p>
<p>L’<b>horari lectiu</b> del centre és de 9:00h a 12:30 h i de 15:00 a 16:30 h per a tots els alumnes del centre. El dia 19 de desembre de 2025 i a partir del 8 de juny de 2026 es realitza horari compactat de 9:00h a 13:00h. (Els alumnes que utilitzen el servei de menjador surten a les 15:00h.)</p>
<p><img loading="lazy" decoding="async" class="alignnone size-large wp-image-3387" src="https://agora.xtec.cat/escbernarditolra/wp-content/uploads/usu1025/2025/09/Captura-de-pantalla-2025-09-01-a-les-17.18.37-700x1024.png" alt="" width="700" height="1024" srcset="https://agora.xtec.cat/escbernarditolra/wp-content/uploads/usu1025/2025/09/Captura-de-pantalla-2025-09-01-a-les-17.18.37-700x1024.png 700w, https://agora.xtec.cat/escbernarditolra/wp-content/uploads/usu1025/2025/09/Captura-de-pantalla-2025-09-01-a-les-17.18.37-205x300.png 205w, https://agora.xtec.cat/escbernarditolra/wp-content/uploads/usu1025/2025/09/Captura-de-pantalla-2025-09-01-a-les-17.18.37-768x1124.png 768w, https://agora.xtec.cat/escbernarditolra/wp-content/uploads/usu1025/2025/09/Captura-de-pantalla-2025-09-01-a-les-17.18.37-1049x1536.png 1049w, https://agora.xtec.cat/escbernarditolra/wp-content/uploads/usu1025/2025/09/Captura-de-pantalla-2025-09-01-a-les-17.18.37.png 1126w" sizes="auto, (max-width: 700px) 100vw, 700px" /></p>

<p>Inici de curs: 8 de setembre de 2025 (matí i tarda) Vacances: Del 22 de desembre de 2025 al 7 de gener de 2026  (ambdós inclosos) Del 30 de març de 2026 al 6 d&#8217;abril de 2026 (ambdós inclosos) El 19 de juny de 2025 acaben les classes Dies festius i de lliure disposició: 11 [&hellip;]</p>
