{"id":3108,"date":"2022-04-20T13:31:50","date_gmt":"2022-04-20T11:31:50","guid":{"rendered":"https:\/\/agora.xtec.cat\/escbernarditolra\/?page_id=3108"},"modified":"2026-03-13T12:32:05","modified_gmt":"2026-03-13T11:32:05","slug":"estrategia-digital","status":"publish","type":"page","link":"https:\/\/agora.xtec.cat\/escbernarditolra\/estrategia-digital-de-centre-edc\/estrategia-digital\/","title":{"rendered":"Estrat\u00e8gia Digital"},"content":{"rendered":"<p><button class=\"btn btn-info\" type=\"button\">Diagnosi<\/button><\/p>\n<p>Durant el curs 2021-22, per tal de poder<b> analitzar la situaci\u00f3 digital <\/b>en la qual es troba el centre hem comen\u00e7at a definir el nostre<b> pla estrat\u00e8gic,\u00a0 <\/b>a partir de la diagnosi de diferents aspectes i \u00e0mbits per tal de detectar els punts forts i els punts febles i aix\u00ed millorar els eixos principals: <strong>alumnat, professorat i comunitat educativa<\/strong>. D&#8217;aquesta manera pretenem que l&#8217;alumnat sigui digitalment competent, que el professorat tingui la compet\u00e8ncia digital docent i que el centre estigui digitalment transformat i sigui competent.<\/p>\n<p>En el nostre centre hem realitzat la <a href=\"https:\/\/docs.google.com\/spreadsheets\/d\/1qGxXRrzOuHODMqpKGPCfZ7eleO_4CWqo5ZLoryHIE2I\/edit#gid=2087734427\" target=\"_blank\" rel=\"noopener\">diagnosi<\/a> amb les seg\u00fcents eines que ens han portat ha definir<span style=\"font-family: inherit; font-size: 1em;\"> els objectius que volem assolir:<\/span><\/p>\n<ul>\n<li style=\"list-style-type: none;\">\n<ul style=\"list-style-type: circle;\">\n<li><a href=\"https:\/\/schools-go-digital.jrc.ec.europa.eu\/coordinator\/login\" target=\"_blank\" rel=\"noopener\">Selfie : <\/a>analitzada la selfie hem detectat els seg\u00fcents punts de millora:\n<ul>\n<li style=\"list-style-type: none;\">\n<ul style=\"list-style-type: circle;\">\n<li>formaci\u00f3 permanent dels docents en l&#8217;\u00e0mbit digital per adequar-lo a la nova llei educativa.<\/li>\n<li>elaboraci\u00f3 de materials digitals tant per part de l&#8217;alumnat com del professorat.<\/li>\n<li>temps per explorar l&#8217;ensenyament digital.<\/li>\n<li>conscienciar a tota la comunicat educativa amb els drets d&#8217;autoria, de privacitat i d&#8217;\u00fas .<\/li>\n<li>millorar l&#8217;\u00fas d&#8217;eines digitals per l&#8217;avaluaci\u00f3 i per l&#8217;autoavaluaci\u00f3 de docents i alumnes.<\/li>\n<\/ul>\n<\/li>\n<\/ul>\n<\/li>\n<li><a href=\"https:\/\/docs.google.com\/document\/d\/1oATP1eeiKEsYyYM9TDXq6k8OgSeBcC2eOH7VUKPvI8Q\/edit?usp=share_link\" target=\"_blank\" rel=\"noopener\">Enquesta fam\u00edlies\u00a0 <\/a>es va preguntar:\n<ul>\n<li style=\"list-style-type: none;\">\n<ul style=\"list-style-type: circle;\">\n<li>Quines xarxes socials utilitzeu?<\/li>\n<li>Visiteu Instagram de l&#8217;escola?<\/li>\n<li>Com \u00e9s m\u00e9s \u00fatil rebre la informaci\u00f3 de l&#8217;escola: WhatsApp o correu electr\u00f2nic?<\/li>\n<li>Visiteu el bloc de l&#8217;escola?<\/li>\n<li>Heu consultat documents a la web de l&#8217;escola?<\/li>\n<li>Amb quin dispositiu accediu a la informaci\u00f3 de l&#8217;escola?<\/li>\n<li>Quin tipus de dispositiu teniu a casa?<\/li>\n<li>Teniu connexi\u00f3 a internet?<\/li>\n<li>Teniu dificultats per controlar les hores d&#8217;\u00fas de pantalla del vostre fill\/a?<\/li>\n<\/ul>\n<\/li>\n<\/ul>\n<\/li>\n<li>Autodiagnosi de la comissi\u00f3 d&#8217;estrat\u00e8gia digital de centre:\n<ul>\n<li style=\"list-style-type: none;\">\n<ul style=\"list-style-type: circle;\">\n<li><span data-sheets-value=\"{&quot;1&quot;:2,&quot;2&quot;:&quot;Necessitat de crear correus coroporatius de centre per a la gesti\u00f3 d'entorns i documentaci\u00f3 i treball en l'entorn virtual.&quot;}\" data-sheets-userformat=\"{&quot;2&quot;:949,&quot;3&quot;:{&quot;1&quot;:0},&quot;5&quot;:{&quot;1&quot;:[{&quot;1&quot;:2,&quot;2&quot;:0,&quot;5&quot;:{&quot;1&quot;:2,&quot;2&quot;:0}},{&quot;1&quot;:0,&quot;2&quot;:0,&quot;3&quot;:3},{&quot;1&quot;:1,&quot;2&quot;:0,&quot;4&quot;:1}]},&quot;7&quot;:{&quot;1&quot;:[{&quot;1&quot;:2,&quot;2&quot;:0,&quot;5&quot;:{&quot;1&quot;:2,&quot;2&quot;:0}},{&quot;1&quot;:0,&quot;2&quot;:0,&quot;3&quot;:3},{&quot;1&quot;:1,&quot;2&quot;:0,&quot;4&quot;:1}]},&quot;8&quot;:{&quot;1&quot;:[{&quot;1&quot;:2,&quot;2&quot;:0,&quot;5&quot;:{&quot;1&quot;:2,&quot;2&quot;:0}},{&quot;1&quot;:0,&quot;2&quot;:0,&quot;3&quot;:3},{&quot;1&quot;:1,&quot;2&quot;:0,&quot;4&quot;:1}]},&quot;10&quot;:1,&quot;11&quot;:4,&quot;12&quot;:0}\" data-sheets-validation-definition=\"{&quot;1&quot;:{&quot;1&quot;:{&quot;1&quot;:23,&quot;2&quot;:[{&quot;1&quot;:1,&quot;3&quot;:{&quot;1&quot;:{&quot;1&quot;:[{&quot;1&quot;:4,&quot;6&quot;:1},{&quot;1&quot;:1,&quot;2&quot;:&quot;=&quot;}]},&quot;2&quot;:{&quot;1&quot;:[{&quot;1&quot;:2,&quot;2&quot;:&quot;=&quot;},{&quot;1&quot;:3,&quot;3&quot;:1}]},&quot;3&quot;:&quot;R1]S&quot;},&quot;4&quot;:[{&quot;1&quot;:{&quot;1&quot;:4,&quot;2&quot;:101,&quot;3&quot;:5,&quot;4&quot;:6,&quot;5&quot;:2236944,&quot;6&quot;:&quot;1553677628&quot;},&quot;2&quot;:1}]}]},&quot;2&quot;:{&quot;1&quot;:{&quot;1&quot;:[{&quot;1&quot;:4,&quot;6&quot;:0},{&quot;1&quot;:4,&quot;6&quot;:1},{&quot;1&quot;:2,&quot;3&quot;:&quot;CONDITION_ONE_OF_RANGE&quot;,&quot;4&quot;:2},{&quot;1&quot;:1,&quot;2&quot;:&quot;=&quot;}]},&quot;3&quot;:&quot;R0]R1]FCONDITION_ONE_OF_RANGE:2]S&quot;},&quot;3&quot;:[{&quot;1&quot;:{&quot;1&quot;:0,&quot;2&quot;:1,&quot;3&quot;:0,&quot;4&quot;:1,&quot;5&quot;:1118464},&quot;2&quot;:0},{&quot;1&quot;:{&quot;1&quot;:4,&quot;2&quot;:101,&quot;3&quot;:5,&quot;4&quot;:6,&quot;5&quot;:2236944,&quot;6&quot;:&quot;1553677628&quot;},&quot;2&quot;:1}]},&quot;2&quot;:&quot;&quot;,&quot;3&quot;:0,&quot;4&quot;:1}\" data-sheets-validation-id=\"0\">Necessitat de crear correus corporatius de centre per a la gesti\u00f3 d&#8217;entorns i documentaci\u00f3 i treball en l&#8217;entorn virtual.<\/span><\/li>\n<\/ul>\n<\/li>\n<\/ul>\n<\/li>\n<\/ul>\n<\/li>\n<\/ul>\n<p>&nbsp;<\/p>\n<p><button class=\"btn btn-info\" type=\"button\">Objectius<\/button><\/p>\n<p><iframe loading=\"lazy\" src=\"https:\/\/docs.google.com\/spreadsheets\/d\/e\/2PACX-1vSp5TSxgD6JKAMZUMzOL_7tkSI8SsnSyagN73MQoQvkBIyaTq9hQf9hGBn3YMUCWvmH_B-cvf8oyFLa\/pubhtml?gid=1019012944&amp;single=true&amp;widget=true&amp;headers=false\" width=\"600\" height=\"600\"><\/iframe><\/p>\n<p>&nbsp;<\/p>\n<p>&nbsp;<\/p>\n<p><button class=\"btn btn-primary\" type=\"button\">Avaluaci\u00f3<\/button><\/p>\n<p>Per fer una an\u00e0lisi de les actuacions que estem duent a terme hem realitzat el seg\u00fcent gr\u00e0fic que mostra l&#8217;assoliment dels objectius.<\/p>\n<p>&nbsp;<\/p>\n<p><iframe loading=\"lazy\" src=\"https:\/\/docs.google.com\/spreadsheets\/d\/e\/2PACX-1vQS2wXfoXGSijDWyHIbcqjvL67J1WgDie-eLHRZPoWW-g9gFSnAAwLmAnuvQCD57qltLS38Y6AmVvFp\/pubchart?oid=380460439&amp;format=interactive\" width=\"475\" height=\"294\" frameborder=\"0\" scrolling=\"no\" seamless=\"\"><span data-mce-type=\"bookmark\" style=\"display: inline-block; width: 0px; overflow: hidden; line-height: 0;\" class=\"mce_SELRES_start\">\ufeff<\/span><\/iframe><\/p>\n","protected":false},"excerpt":{"rendered":"<p>Diagnosi Durant el curs 2021-22, per tal de poder analitzar la situaci\u00f3 digital en la qual es troba el centre hem comen\u00e7at a definir el nostre pla estrat\u00e8gic,\u00a0 a partir de la diagnosi de diferents aspectes i \u00e0mbits per tal de detectar els punts forts i els punts febles i aix\u00ed millorar els eixos principals: [&hellip;]<\/p>\n","protected":false},"author":1,"featured_media":0,"parent":3105,"menu_order":0,"comment_status":"closed","ping_status":"closed","template":"","meta":{"_bbp_topic_count":0,"_bbp_reply_count":0,"_bbp_total_topic_count":0,"_bbp_total_reply_count":0,"_bbp_voice_count":0,"_bbp_anonymous_reply_count":0,"_bbp_topic_count_hidden":0,"_bbp_reply_count_hidden":0,"_bbp_forum_subforum_count":0,"site-sidebar-layout":"default","site-content-layout":"","ast-site-content-layout":"default","site-content-style":"default","site-sidebar-style":"default","ast-global-header-display":"","ast-banner-title-visibility":"","ast-main-header-display":"","ast-hfb-above-header-display":"","ast-hfb-below-header-display":"","ast-hfb-mobile-header-display":"","site-post-title":"","ast-breadcrumbs-content":"","ast-featured-img":"","footer-sml-layout":"","theme-transparent-header-meta":"default","adv-header-id-meta":"","stick-header-meta":"","header-above-stick-meta":"","header-main-stick-meta":"","header-below-stick-meta":"","astra-migrate-meta-layouts":"set","ast-page-background-enabled":"default","ast-page-background-meta":{"desktop":{"background-color":"var(--ast-global-color-4)","background-image":"","background-repeat":"repeat","background-position":"center center","background-size":"auto","background-attachment":"scroll","background-type":"","background-media":"","overlay-type":"","overlay-color":"","overlay-opacity":"","overlay-gradient":""},"tablet":{"background-color":"","background-image":"","background-repeat":"repeat","background-position":"center center","background-size":"auto","background-attachment":"scroll","background-type":"","background-media":"","overlay-type":"","overlay-color":"","overlay-opacity":"","overlay-gradient":""},"mobile":{"background-color":"","background-image":"","background-repeat":"repeat","background-position":"center center","background-size":"auto","background-attachment":"scroll","background-type":"","background-media":"","overlay-type":"","overlay-color":"","overlay-opacity":"","overlay-gradient":""}},"ast-content-background-meta":{"desktop":{"background-color":"var(--ast-global-color-5)","background-image":"","background-repeat":"repeat","background-position":"center center","background-size":"auto","background-attachment":"scroll","background-type":"","background-media":"","overlay-type":"","overlay-color":"","overlay-opacity":"","overlay-gradient":""},"tablet":{"background-color":"var(--ast-global-color-5)","background-image":"","background-repeat":"repeat","background-position":"center center","background-size":"auto","background-attachment":"scroll","background-type":"","background-media":"","overlay-type":"","overlay-color":"","overlay-opacity":"","overlay-gradient":""},"mobile":{"background-color":"var(--ast-global-color-5)","background-image":"","background-repeat":"repeat","background-position":"center center","background-size":"auto","background-attachment":"scroll","background-type":"","background-media":"","overlay-type":"","overlay-color":"","overlay-opacity":"","overlay-gradient":""}},"footnotes":""},"class_list":["post-3108","page","type-page","status-publish","hentry"],"post_mailing_queue_ids":[],"_links":{"self":[{"href":"https:\/\/agora.xtec.cat\/escbernarditolra\/wp-json\/wp\/v2\/pages\/3108","targetHints":{"allow":["GET"]}}],"collection":[{"href":"https:\/\/agora.xtec.cat\/escbernarditolra\/wp-json\/wp\/v2\/pages"}],"about":[{"href":"https:\/\/agora.xtec.cat\/escbernarditolra\/wp-json\/wp\/v2\/types\/page"}],"author":[{"embeddable":true,"href":"https:\/\/agora.xtec.cat\/escbernarditolra\/wp-json\/wp\/v2\/users\/1"}],"replies":[{"embeddable":true,"href":"https:\/\/agora.xtec.cat\/escbernarditolra\/wp-json\/wp\/v2\/comments?post=3108"}],"version-history":[{"count":6,"href":"https:\/\/agora.xtec.cat\/escbernarditolra\/wp-json\/wp\/v2\/pages\/3108\/revisions"}],"predecessor-version":[{"id":3439,"href":"https:\/\/agora.xtec.cat\/escbernarditolra\/wp-json\/wp\/v2\/pages\/3108\/revisions\/3439"}],"up":[{"embeddable":true,"href":"https:\/\/agora.xtec.cat\/escbernarditolra\/wp-json\/wp\/v2\/pages\/3105"}],"wp:attachment":[{"href":"https:\/\/agora.xtec.cat\/escbernarditolra\/wp-json\/wp\/v2\/media?parent=3108"}],"curies":[{"name":"wp","href":"https:\/\/api.w.org\/{rel}","templated":true}]}}

Estratègia Digital

<p><button class="btn btn-info" type="button">Diagnosi</button></p>
<p>Durant el curs 2021-22, per tal de poder<b> analitzar la situació digital </b>en la qual es troba el centre hem començat a definir el nostre<b> pla estratègic,  </b>a partir de la diagnosi de diferents aspectes i àmbits per tal de detectar els punts forts i els punts febles i així millorar els eixos principals: <strong>alumnat, professorat i comunitat educativa</strong>. D&#8217;aquesta manera pretenem que l&#8217;alumnat sigui digitalment competent, que el professorat tingui la competència digital docent i que el centre estigui digitalment transformat i sigui competent.</p>
<p>En el nostre centre hem realitzat la <a href="https://docs.google.com/spreadsheets/d/1qGxXRrzOuHODMqpKGPCfZ7eleO_4CWqo5ZLoryHIE2I/edit#gid=2087734427" target="_blank" rel="noopener">diagnosi</a> amb les següents eines que ens han portat ha definir<span style="font-family: inherit; font-size: 1em;"> els objectius que volem assolir:</span></p>
<ul>
<li style="list-style-type: none;">
<ul style="list-style-type: circle;">
<li><a href="https://schools-go-digital.jrc.ec.europa.eu/coordinator/login" target="_blank" rel="noopener">Selfie : </a>analitzada la selfie hem detectat els següents punts de millora:
<ul>
<li style="list-style-type: none;">
<ul style="list-style-type: circle;">
<li>formació permanent dels docents en l&#8217;àmbit digital per adequar-lo a la nova llei educativa.</li>
<li>elaboració de materials digitals tant per part de l&#8217;alumnat com del professorat.</li>
<li>temps per explorar l&#8217;ensenyament digital.</li>
<li>conscienciar a tota la comunicat educativa amb els drets d&#8217;autoria, de privacitat i d&#8217;ús .</li>
<li>millorar l&#8217;ús d&#8217;eines digitals per l&#8217;avaluació i per l&#8217;autoavaluació de docents i alumnes.</li>
</ul>
</li>
</ul>
</li>
<li><a href="https://docs.google.com/document/d/1oATP1eeiKEsYyYM9TDXq6k8OgSeBcC2eOH7VUKPvI8Q/edit?usp=share_link" target="_blank" rel="noopener">Enquesta famílies  </a>es va preguntar:
<ul>
<li style="list-style-type: none;">
<ul style="list-style-type: circle;">
<li>Quines xarxes socials utilitzeu?</li>
<li>Visiteu Instagram de l&#8217;escola?</li>
<li>Com és més útil rebre la informació de l&#8217;escola: WhatsApp o correu electrònic?</li>
<li>Visiteu el bloc de l&#8217;escola?</li>
<li>Heu consultat documents a la web de l&#8217;escola?</li>
<li>Amb quin dispositiu accediu a la informació de l&#8217;escola?</li>
<li>Quin tipus de dispositiu teniu a casa?</li>
<li>Teniu connexió a internet?</li>
<li>Teniu dificultats per controlar les hores d&#8217;ús de pantalla del vostre fill/a?</li>
</ul>
</li>
</ul>
</li>
<li>Autodiagnosi de la comissió d&#8217;estratègia digital de centre:
<ul>
<li style="list-style-type: none;">
<ul style="list-style-type: circle;">
<li><span data-sheets-value="{&quot;1&quot;:2,&quot;2&quot;:&quot;Necessitat de crear correus coroporatius de centre per a la gestió d'entorns i documentació i treball en l'entorn virtual.&quot;}" data-sheets-userformat="{&quot;2&quot;:949,&quot;3&quot;:{&quot;1&quot;:0},&quot;5&quot;:{&quot;1&quot;:[{&quot;1&quot;:2,&quot;2&quot;:0,&quot;5&quot;:{&quot;1&quot;:2,&quot;2&quot;:0}},{&quot;1&quot;:0,&quot;2&quot;:0,&quot;3&quot;:3},{&quot;1&quot;:1,&quot;2&quot;:0,&quot;4&quot;:1}]},&quot;7&quot;:{&quot;1&quot;:[{&quot;1&quot;:2,&quot;2&quot;:0,&quot;5&quot;:{&quot;1&quot;:2,&quot;2&quot;:0}},{&quot;1&quot;:0,&quot;2&quot;:0,&quot;3&quot;:3},{&quot;1&quot;:1,&quot;2&quot;:0,&quot;4&quot;:1}]},&quot;8&quot;:{&quot;1&quot;:[{&quot;1&quot;:2,&quot;2&quot;:0,&quot;5&quot;:{&quot;1&quot;:2,&quot;2&quot;:0}},{&quot;1&quot;:0,&quot;2&quot;:0,&quot;3&quot;:3},{&quot;1&quot;:1,&quot;2&quot;:0,&quot;4&quot;:1}]},&quot;10&quot;:1,&quot;11&quot;:4,&quot;12&quot;:0}" data-sheets-validation-definition="{&quot;1&quot;:{&quot;1&quot;:{&quot;1&quot;:23,&quot;2&quot;:[{&quot;1&quot;:1,&quot;3&quot;:{&quot;1&quot;:{&quot;1&quot;:[{&quot;1&quot;:4,&quot;6&quot;:1},{&quot;1&quot;:1,&quot;2&quot;:&quot;=&quot;}]},&quot;2&quot;:{&quot;1&quot;:[{&quot;1&quot;:2,&quot;2&quot;:&quot;=&quot;},{&quot;1&quot;:3,&quot;3&quot;:1}]},&quot;3&quot;:&quot;R1]S&quot;},&quot;4&quot;:[{&quot;1&quot;:{&quot;1&quot;:4,&quot;2&quot;:101,&quot;3&quot;:5,&quot;4&quot;:6,&quot;5&quot;:2236944,&quot;6&quot;:&quot;1553677628&quot;},&quot;2&quot;:1}]}]},&quot;2&quot;:{&quot;1&quot;:{&quot;1&quot;:[{&quot;1&quot;:4,&quot;6&quot;:0},{&quot;1&quot;:4,&quot;6&quot;:1},{&quot;1&quot;:2,&quot;3&quot;:&quot;CONDITION_ONE_OF_RANGE&quot;,&quot;4&quot;:2},{&quot;1&quot;:1,&quot;2&quot;:&quot;=&quot;}]},&quot;3&quot;:&quot;R0]R1]FCONDITION_ONE_OF_RANGE:2]S&quot;},&quot;3&quot;:[{&quot;1&quot;:{&quot;1&quot;:0,&quot;2&quot;:1,&quot;3&quot;:0,&quot;4&quot;:1,&quot;5&quot;:1118464},&quot;2&quot;:0},{&quot;1&quot;:{&quot;1&quot;:4,&quot;2&quot;:101,&quot;3&quot;:5,&quot;4&quot;:6,&quot;5&quot;:2236944,&quot;6&quot;:&quot;1553677628&quot;},&quot;2&quot;:1}]},&quot;2&quot;:&quot;&quot;,&quot;3&quot;:0,&quot;4&quot;:1}" data-sheets-validation-id="0">Necessitat de crear correus corporatius de centre per a la gestió d&#8217;entorns i documentació i treball en l&#8217;entorn virtual.</span></li>
</ul>
</li>
</ul>
</li>
</ul>
</li>
</ul>
<p>&nbsp;</p>
<p><button class="btn btn-info" type="button">Objectius</button></p>
<p><iframe loading="lazy" src="https://docs.google.com/spreadsheets/d/e/2PACX-1vSp5TSxgD6JKAMZUMzOL_7tkSI8SsnSyagN73MQoQvkBIyaTq9hQf9hGBn3YMUCWvmH_B-cvf8oyFLa/pubhtml?gid=1019012944&amp;single=true&amp;widget=true&amp;headers=false" width="600" height="600"></iframe></p>
<p>&nbsp;</p>
<p>&nbsp;</p>
<p><button class="btn btn-primary" type="button">Avaluació</button></p>
<p>Per fer una anàlisi de les actuacions que estem duent a terme hem realitzat el següent gràfic que mostra l&#8217;assoliment dels objectius.</p>
<p>&nbsp;</p>
<p><iframe loading="lazy" src="https://docs.google.com/spreadsheets/d/e/2PACX-1vQS2wXfoXGSijDWyHIbcqjvL67J1WgDie-eLHRZPoWW-g9gFSnAAwLmAnuvQCD57qltLS38Y6AmVvFp/pubchart?oid=380460439&amp;format=interactive" width="475" height="294" frameborder="0" scrolling="no" seamless=""><span data-mce-type="bookmark" style="display: inline-block; width: 0px; overflow: hidden; line-height: 0;" class="mce_SELRES_start">﻿</span></iframe></p>

<p>Diagnosi Durant el curs 2021-22, per tal de poder analitzar la situació digital en la qual es troba el centre hem començat a definir el nostre pla estratègic,  a partir de la diagnosi de diferents aspectes i àmbits per tal de detectar els punts forts i els punts febles i així millorar els eixos principals: [&hellip;]</p>
