{"id":28,"date":"2014-09-18T12:29:35","date_gmt":"2014-09-18T11:29:35","guid":{"rendered":"http:\/\/agora.xtec.cat\/escbernarditolra\/?page_id=28"},"modified":"2025-11-14T11:33:41","modified_gmt":"2025-11-14T10:33:41","slug":"consell-escolar","status":"publish","type":"page","link":"https:\/\/agora.xtec.cat\/escbernarditolra\/pagina-dinici-buida\/consell-escolar\/","title":{"rendered":"Consell escolar"},"content":{"rendered":"<p>El consell escolar est\u00e0 format per:<\/p>\n<div>\n<div>\n<div>\n<div><strong>Equip directiu:<\/strong> Magda Amill Iborra, Gemma Domingo Ricart, Margarita Galofr\u00e9<\/div>\n<div><\/div>\n<div><\/div>\n<p><strong>Representant ajuntament:\u00a0<\/strong>Francesca Adriana Sans Carmona<\/p>\n<\/div>\n<div><\/div>\n<p><strong>Representant ampa<\/strong>: Judit Domingo<\/p>\n<\/div>\n<div><\/div>\n<p><strong>Representants pares<\/strong>: S\u00edlvia Rubi\u00f3, Berta Gonz\u00e1lez\u00a0 i Ferran Montes.<\/p>\n<\/div>\n<div><\/div>\n<p><strong>Representants mestres<\/strong>: Ester Llaurad\u00f3, Marta Pros, Marta Rodr\u00edguez i Gemma Ferran<\/p>\n<p><strong>Acords consell escolar:\u00a0<\/strong><\/p>\n<p><strong>Curs 2023 &#8211; 24<\/strong>: pots consultar el acords aqu\u00ed. <a href=\"https:\/\/drive.google.com\/file\/d\/1ZGXP_oWPaIhDJrkXWhOit9NRX2s22ebm\/view?usp=drive_link\">Acord1<\/a>, <a href=\"https:\/\/drive.google.com\/file\/d\/1y7k5AVJyjHvrpaiml28mYI81UMzcPvLY\/view?usp=drive_link\">acord 2<\/a>, <a href=\"https:\/\/drive.google.com\/file\/d\/17fEaAeeqPnwRONrRQBfKWVJQqwufpkzj\/view?usp=sharing\">acord 3<\/a>, <a href=\"https:\/\/drive.google.com\/file\/d\/1SDpa9GwzBesqtVlkqD1zbRmkNBYZa7PS\/view?usp=sharing\">acord 4<\/a> i <a href=\"https:\/\/drive.google.com\/file\/d\/1cpLNG2RFYuSlISLLatoIimceOnWT08aI\/view?usp=drive_link\">acord 5<\/a>.<\/p>\n","protected":false},"excerpt":{"rendered":"<p>El consell escolar est\u00e0 format per: Equip directiu: Magda Amill Iborra, Gemma Domingo Ricart, Margarita Galofr\u00e9 Representant ajuntament:\u00a0Francesca Adriana Sans Carmona Representant ampa: Judit Domingo Representants pares: S\u00edlvia Rubi\u00f3, Berta Gonz\u00e1lez\u00a0 i Ferran Montes. Representants mestres: Ester Llaurad\u00f3, Marta Pros, Marta Rodr\u00edguez i Gemma Ferran Acords consell escolar:\u00a0 Curs 2023 &#8211; 24: pots consultar el [&hellip;]<\/p>\n","protected":false},"author":1,"featured_media":0,"parent":9,"menu_order":30,"comment_status":"closed","ping_status":"closed","template":"","meta":{"_bbp_topic_count":0,"_bbp_reply_count":0,"_bbp_total_topic_count":0,"_bbp_total_reply_count":0,"_bbp_voice_count":0,"_bbp_anonymous_reply_count":0,"_bbp_topic_count_hidden":0,"_bbp_reply_count_hidden":0,"_bbp_forum_subforum_count":0,"site-sidebar-layout":"default","site-content-layout":"","ast-site-content-layout":"","site-content-style":"default","site-sidebar-style":"default","ast-global-header-display":"","ast-banner-title-visibility":"","ast-main-header-display":"","ast-hfb-above-header-display":"","ast-hfb-below-header-display":"","ast-hfb-mobile-header-display":"","site-post-title":"","ast-breadcrumbs-content":"","ast-featured-img":"","footer-sml-layout":"","theme-transparent-header-meta":"","adv-header-id-meta":"","stick-header-meta":"","header-above-stick-meta":"","header-main-stick-meta":"","header-below-stick-meta":"","astra-migrate-meta-layouts":"default","ast-page-background-enabled":"default","ast-page-background-meta":{"desktop":{"background-color":"var(--ast-global-color-4)","background-image":"","background-repeat":"repeat","background-position":"center center","background-size":"auto","background-attachment":"scroll","background-type":"","background-media":"","overlay-type":"","overlay-color":"","overlay-opacity":"","overlay-gradient":""},"tablet":{"background-color":"","background-image":"","background-repeat":"repeat","background-position":"center center","background-size":"auto","background-attachment":"scroll","background-type":"","background-media":"","overlay-type":"","overlay-color":"","overlay-opacity":"","overlay-gradient":""},"mobile":{"background-color":"","background-image":"","background-repeat":"repeat","background-position":"center center","background-size":"auto","background-attachment":"scroll","background-type":"","background-media":"","overlay-type":"","overlay-color":"","overlay-opacity":"","overlay-gradient":""}},"ast-content-background-meta":{"desktop":{"background-color":"var(--ast-global-color-5)","background-image":"","background-repeat":"repeat","background-position":"center center","background-size":"auto","background-attachment":"scroll","background-type":"","background-media":"","overlay-type":"","overlay-color":"","overlay-opacity":"","overlay-gradient":""},"tablet":{"background-color":"var(--ast-global-color-5)","background-image":"","background-repeat":"repeat","background-position":"center center","background-size":"auto","background-attachment":"scroll","background-type":"","background-media":"","overlay-type":"","overlay-color":"","overlay-opacity":"","overlay-gradient":""},"mobile":{"background-color":"var(--ast-global-color-5)","background-image":"","background-repeat":"repeat","background-position":"center center","background-size":"auto","background-attachment":"scroll","background-type":"","background-media":"","overlay-type":"","overlay-color":"","overlay-opacity":"","overlay-gradient":""}},"footnotes":""},"class_list":["post-28","page","type-page","status-publish","hentry"],"post_mailing_queue_ids":[],"_links":{"self":[{"href":"https:\/\/agora.xtec.cat\/escbernarditolra\/wp-json\/wp\/v2\/pages\/28","targetHints":{"allow":["GET"]}}],"collection":[{"href":"https:\/\/agora.xtec.cat\/escbernarditolra\/wp-json\/wp\/v2\/pages"}],"about":[{"href":"https:\/\/agora.xtec.cat\/escbernarditolra\/wp-json\/wp\/v2\/types\/page"}],"author":[{"embeddable":true,"href":"https:\/\/agora.xtec.cat\/escbernarditolra\/wp-json\/wp\/v2\/users\/1"}],"replies":[{"embeddable":true,"href":"https:\/\/agora.xtec.cat\/escbernarditolra\/wp-json\/wp\/v2\/comments?post=28"}],"version-history":[{"count":6,"href":"https:\/\/agora.xtec.cat\/escbernarditolra\/wp-json\/wp\/v2\/pages\/28\/revisions"}],"predecessor-version":[{"id":3302,"href":"https:\/\/agora.xtec.cat\/escbernarditolra\/wp-json\/wp\/v2\/pages\/28\/revisions\/3302"}],"up":[{"embeddable":true,"href":"https:\/\/agora.xtec.cat\/escbernarditolra\/wp-json\/wp\/v2\/pages\/9"}],"wp:attachment":[{"href":"https:\/\/agora.xtec.cat\/escbernarditolra\/wp-json\/wp\/v2\/media?parent=28"}],"curies":[{"name":"wp","href":"https:\/\/api.w.org\/{rel}","templated":true}]}}

<p>El consell escolar està format per:</p>
<div>
<div>
<div>
<div><strong>Equip directiu:</strong> Magda Amill Iborra, Gemma Domingo Ricart, Margarita Galofré</div>
<div></div>
<div></div>
<p><strong>Representant ajuntament: </strong>Francesca Adriana Sans Carmona</p>
</div>
<div></div>
<p><strong>Representant ampa</strong>: Judit Domingo</p>
</div>
<div></div>
<p><strong>Representants pares</strong>: Sílvia Rubió, Berta González  i Ferran Montes.</p>
</div>
<div></div>
<p><strong>Representants mestres</strong>: Ester Llauradó, Marta Pros, Marta Rodríguez i Gemma Ferran</p>
<p><strong>Acords consell escolar: </strong></p>
<p><strong>Curs 2023 &#8211; 24</strong>: pots consultar el acords aquí. <a href="https://drive.google.com/file/d/1ZGXP_oWPaIhDJrkXWhOit9NRX2s22ebm/view?usp=drive_link">Acord1</a>, <a href="https://drive.google.com/file/d/1y7k5AVJyjHvrpaiml28mYI81UMzcPvLY/view?usp=drive_link">acord 2</a>, <a href="https://drive.google.com/file/d/17fEaAeeqPnwRONrRQBfKWVJQqwufpkzj/view?usp=sharing">acord 3</a>, <a href="https://drive.google.com/file/d/1SDpa9GwzBesqtVlkqD1zbRmkNBYZa7PS/view?usp=sharing">acord 4</a> i <a href="https://drive.google.com/file/d/1cpLNG2RFYuSlISLLatoIimceOnWT08aI/view?usp=drive_link">acord 5</a>.</p>

<p>El consell escolar està format per: Equip directiu: Magda Amill Iborra, Gemma Domingo Ricart, Margarita Galofré Representant ajuntament: Francesca Adriana Sans Carmona Representant ampa: Judit Domingo Representants pares: Sílvia Rubió, Berta González  i Ferran Montes. Representants mestres: Ester Llauradó, Marta Pros, Marta Rodríguez i Gemma Ferran Acords consell escolar:  Curs 2023 &#8211; 24: pots consultar el [&hellip;]</p>
