{"id":2051,"date":"2021-01-28T15:20:52","date_gmt":"2021-01-28T14:20:52","guid":{"rendered":"http:\/\/agora.xtec.cat\/escbellavista\/?page_id=2051"},"modified":"2022-10-12T23:17:03","modified_gmt":"2022-10-12T21:17:03","slug":"centre-lab-de-transformacio-educativa","status":"publish","type":"page","link":"https:\/\/agora.xtec.cat\/escbellavista\/linia\/centre-lab-de-transformacio-educativa\/","title":{"rendered":"Programa d&#8217;innovaci\u00f3 d&#8217;Acceleraci\u00f3 a la Transformaci\u00f3 Educativa (PACTE\/EinesxCanvi)"},"content":{"rendered":"<p style=\"text-align: justify;\">El curs 2020-2021 la nostra escola va ser seleccionada per ser un centre facilitat en el Laboratori de Transformaci\u00f3 Educativa i al llarg de tot el curs vam participar de manera activa en totes les sessions de seminari i d&#8217;acompanyament dels professionals que el dirigeixen.<\/p>\n<p style=\"text-align: justify;\"><strong>El LAB de Transformaci\u00f3 Educativa<\/strong> s\u2019emmarca dins l\u2019\u00e0mbit de les pol\u00edtiques educatives per enfortir el model d\u2019escola catalana, amb el prop\u00f2sit transformador de millorar la qualitat educativa dels centres de Catalunya. Es tracta d\u2019una estrat\u00e8gia departamental que preveu el treball i el suport de diferents unitats del Departament, dels Serveis Territorials, del Consorci d\u2019Educaci\u00f3 de Barcelona, i aliances amb altres agents, especialment l\u2019Administraci\u00f3 local i els ICE de les universitats en un nou escenari de corresponsabilitat que ha d\u2019assegurar una millor prestaci\u00f3 del servei p\u00fablic d\u2019educaci\u00f3. Les seves caracter\u00edstiques estructurals i metodol\u00f2giques li confereixen les caracter\u00edstiques espec\u00edfiques d\u2019una iniciativa I+D flexible en el conjunt de processos i estrat\u00e8gies i en constant progr\u00e9s entre els \u201cinputs\u201d i els productes emergents dels seus \u201coutputs\u201d.<\/p>\n<p style=\"text-align: justify;\">Aquesta iniciativa departamental es fonamenta en diverses experi\u00e8ncies reeixides de centre i, especialment, del <strong>Programa d\u2019Escola Nova 21<\/strong>. Pret\u00e9n aconseguir models significatius i efica\u00e7os de transformaci\u00f3 educativa en el paradigma de millora cont\u00ednua. Consisteix en l\u2019aprenentatge compartit dels centres i dels agents acompanyants amb l\u2019objectiu d\u2019induir la seva transformaci\u00f3 de manera accelerada, a partir de la realitat singular de cada centre i d\u2018una exhaustiva diagnosi del seu projecte pedag\u00f2gic. Preveu tamb\u00e9 l\u2019acompanyament dels professionals dels Serveis Educatius, de la Inspecci\u00f3 i d\u2019altres agents educatius i socials.<\/p>\n<p style=\"text-align: justify;\">Actualment, l\u2019escola compta amb un Claustre amb un ambient de treball rigor\u00f3s i il\u00b7lusionat, disposat a formar-se, implicat en la transformaci\u00f3 de l\u2019escola i en el canvi de paradigma de l\u2019educaci\u00f3. S\u2019han fet propostes en l&#8217;\u00e0mbit organitzatiu de les aules, de metodologies globalitzadores, de processos d\u2019avaluaci\u00f3 i de concreci\u00f3 del curr\u00edculum. Volem que l\u2019alumnat sigui l\u2019eix vertebrador dels aprenentatges de les compet\u00e8ncies i contribuir a la seva formaci\u00f3 integral. Alhora, volem millorar la <strong>participaci\u00f3 de tota la comunitat educativa<\/strong> i ser una escola m\u00e9s oberta i flexible a l\u2019evoluci\u00f3 de la societat i el m\u00f3n actual.<\/p>\n<p style=\"text-align: justify;\">El nostre centre forma part del Programa d\u2019Innovaci\u00f3 Pedag\u00f2gica d\u2019Acceleraci\u00f3 de la Transformaci\u00f3 Educativa \/ Eines per al Canvi (PACTE) que \u00e9s un programa que <strong>promou l\u2019actualitzaci\u00f3 del projecte educatiu dels centres participants amb l\u2019acompanyament professional i la dotaci\u00f3 dels recursos i les eines necess\u00e0ries per impulsar processos de transformaci\u00f3 educativa en els \u00e0mbits de l\u2019organitzaci\u00f3, les metodologies d\u2019ensenyament i aprenentatge, i el treball en xarxa intern i amb l\u2019entorn<\/strong>.<\/p>\n<p style=\"text-align: justify;\">Per a m\u00e9s informaci\u00f3 del programa us podeu dirigir al seg\u00fcent enlla\u00e7: <a href=\"https:\/\/projectes.xtec.cat\/transformacioenxarxa\/\">AQU\u00cd<\/a><\/p>\n<p>&nbsp;<\/p>\n<p><a href=\"https:\/\/agora.xtec.cat\/escbellavista\/wp-content\/uploads\/usu1127\/2021\/09\/pacte.jpg\"><img loading=\"lazy\" decoding=\"async\" class=\"alignnone size-full wp-image-2258\" src=\"https:\/\/agora.xtec.cat\/escbellavista\/wp-content\/uploads\/usu1127\/2021\/09\/pacte.jpg\" alt=\"\" width=\"987\" height=\"496\" srcset=\"https:\/\/agora.xtec.cat\/escbellavista\/wp-content\/uploads\/usu1127\/2021\/09\/pacte.jpg 987w, https:\/\/agora.xtec.cat\/escbellavista\/wp-content\/uploads\/usu1127\/2021\/09\/pacte-300x151.jpg 300w, https:\/\/agora.xtec.cat\/escbellavista\/wp-content\/uploads\/usu1127\/2021\/09\/pacte-768x386.jpg 768w\" sizes=\"auto, (max-width: 987px) 100vw, 987px\" \/><\/a><\/p>\n<p>&nbsp;<\/p>\n","protected":false},"excerpt":{"rendered":"<p>El curs 2020-2021 la nostra escola va ser seleccionada per ser un centre facilitat en el Laboratori de Transformaci\u00f3 Educativa i al llarg de tot el curs vam participar de manera activa en totes les sessions de seminari i d&#8217;acompanyament dels professionals que el dirigeixen.<br \/>\nEl&hellip;  <a href=\"https:\/\/agora.xtec.cat\/escbellavista\/linia\/centre-lab-de-transformacio-educativa\/\" title=\"Read Programa d&#8217;innovaci\u00f3 d&#8217;Acceleraci\u00f3 a la Transformaci\u00f3 Educativa (PACTE\/EinesxCanvi)\">Llegeix m\u00e9s\u00bb<\/a><\/p>\n","protected":false},"author":1,"featured_media":0,"parent":1038,"menu_order":10,"comment_status":"closed","ping_status":"closed","template":"page-templates\/side-menu.php","meta":{"_bbp_topic_count":0,"_bbp_reply_count":0,"_bbp_total_topic_count":0,"_bbp_total_reply_count":0,"_bbp_voice_count":0,"_bbp_anonymous_reply_count":0,"_bbp_topic_count_hidden":0,"_bbp_reply_count_hidden":0,"_bbp_forum_subforum_count":0,"footnotes":""},"class_list":["post-2051","page","type-page","status-publish","hentry"],"post_mailing_queue_ids":[],"_links":{"self":[{"href":"https:\/\/agora.xtec.cat\/escbellavista\/wp-json\/wp\/v2\/pages\/2051","targetHints":{"allow":["GET"]}}],"collection":[{"href":"https:\/\/agora.xtec.cat\/escbellavista\/wp-json\/wp\/v2\/pages"}],"about":[{"href":"https:\/\/agora.xtec.cat\/escbellavista\/wp-json\/wp\/v2\/types\/page"}],"author":[{"embeddable":true,"href":"https:\/\/agora.xtec.cat\/escbellavista\/wp-json\/wp\/v2\/users\/1"}],"replies":[{"embeddable":true,"href":"https:\/\/agora.xtec.cat\/escbellavista\/wp-json\/wp\/v2\/comments?post=2051"}],"version-history":[{"count":4,"href":"https:\/\/agora.xtec.cat\/escbellavista\/wp-json\/wp\/v2\/pages\/2051\/revisions"}],"predecessor-version":[{"id":2557,"href":"https:\/\/agora.xtec.cat\/escbellavista\/wp-json\/wp\/v2\/pages\/2051\/revisions\/2557"}],"up":[{"embeddable":true,"href":"https:\/\/agora.xtec.cat\/escbellavista\/wp-json\/wp\/v2\/pages\/1038"}],"wp:attachment":[{"href":"https:\/\/agora.xtec.cat\/escbellavista\/wp-json\/wp\/v2\/media?parent=2051"}],"curies":[{"name":"wp","href":"https:\/\/api.w.org\/{rel}","templated":true}]}}