{"id":82,"date":"2014-09-18T14:10:51","date_gmt":"2014-09-18T13:10:51","guid":{"rendered":"http:\/\/agora.xtec.cat\/escbalmes1\/?page_id=82"},"modified":"2019-05-08T12:22:51","modified_gmt":"2019-05-08T10:22:51","slug":"casal-destiu","status":"publish","type":"page","link":"https:\/\/agora.xtec.cat\/escbalmes1\/serveis\/casal-destiu\/","title":{"rendered":"Casal d&#8217;estiu"},"content":{"rendered":"<p style=\"text-align: justify;\">L\u2019AMPA organitza cada any el Casal d\u2019Estiu i de Nadal a les instal\u00b7lacions de la pr\u00f2pia Instituci\u00f3.<\/p>\n<p style=\"text-align: justify;\">Les activitats es proposen al voltant d\u2019un centre d\u2019inter\u00e8s gen\u00e8ric per a totes les edats, que s\u2019adapta a les caracter\u00edstiques i interessos de cada grup.\u00a0 L\u2019objectiu \u00e9s crear un espai on compartir experi\u00e8ncies l\u00fadiques i engrescadores i gaudir del temps de lleure.<\/p>\n","protected":false},"excerpt":{"rendered":"<p>L\u2019AMPA organitza cada any el Casal d\u2019Estiu i de Nadal a les instal\u00b7lacions de la pr\u00f2pia Instituci\u00f3.<br \/>\nLes activitats es proposen al voltant d\u2019un centre d\u2019inter\u00e8s gen\u00e8ric per a totes les edats, que s\u2019adapta a les caracter\u00edstiques i interessos de cada grup.\u00a0 L\u2019objectiu \u00e9s crear un&hellip;  <a href=\"https:\/\/agora.xtec.cat\/escbalmes1\/serveis\/casal-destiu\/\" title=\"Read Casal d&#8217;estiu\">Llegeix m\u00e9s\u00bb<\/a><\/p>\n","protected":false},"author":1,"featured_media":0,"parent":66,"menu_order":50,"comment_status":"closed","ping_status":"closed","template":"page-templates\/side-menu.php","meta":{"_bbp_topic_count":0,"_bbp_reply_count":0,"_bbp_total_topic_count":0,"_bbp_total_reply_count":0,"_bbp_voice_count":0,"_bbp_anonymous_reply_count":0,"_bbp_topic_count_hidden":0,"_bbp_reply_count_hidden":0,"_bbp_forum_subforum_count":0,"footnotes":""},"class_list":["post-82","page","type-page","status-publish","hentry"],"post_mailing_queue_ids":[],"_links":{"self":[{"href":"https:\/\/agora.xtec.cat\/escbalmes1\/wp-json\/wp\/v2\/pages\/82","targetHints":{"allow":["GET"]}}],"collection":[{"href":"https:\/\/agora.xtec.cat\/escbalmes1\/wp-json\/wp\/v2\/pages"}],"about":[{"href":"https:\/\/agora.xtec.cat\/escbalmes1\/wp-json\/wp\/v2\/types\/page"}],"author":[{"embeddable":true,"href":"https:\/\/agora.xtec.cat\/escbalmes1\/wp-json\/wp\/v2\/users\/1"}],"replies":[{"embeddable":true,"href":"https:\/\/agora.xtec.cat\/escbalmes1\/wp-json\/wp\/v2\/comments?post=82"}],"version-history":[{"count":3,"href":"https:\/\/agora.xtec.cat\/escbalmes1\/wp-json\/wp\/v2\/pages\/82\/revisions"}],"predecessor-version":[{"id":1564,"href":"https:\/\/agora.xtec.cat\/escbalmes1\/wp-json\/wp\/v2\/pages\/82\/revisions\/1564"}],"up":[{"embeddable":true,"href":"https:\/\/agora.xtec.cat\/escbalmes1\/wp-json\/wp\/v2\/pages\/66"}],"wp:attachment":[{"href":"https:\/\/agora.xtec.cat\/escbalmes1\/wp-json\/wp\/v2\/media?parent=82"}],"curies":[{"name":"wp","href":"https:\/\/api.w.org\/{rel}","templated":true}]}}

<p style="text-align: justify;">L’AMPA organitza cada any el Casal d’Estiu i de Nadal a les instal·lacions de la pròpia Institució.</p>
<p style="text-align: justify;">Les activitats es proposen al voltant d’un centre d’interès genèric per a totes les edats, que s’adapta a les característiques i interessos de cada grup.  L’objectiu és crear un espai on compartir experiències lúdiques i engrescadores i gaudir del temps de lleure.</p>

<p>L’AMPA organitza cada any el Casal d’Estiu i de Nadal a les instal·lacions de la pròpia Institució.<br />
Les activitats es proposen al voltant d’un centre d’interès genèric per a totes les edats, que s’adapta a les característiques i interessos de cada grup.  L’objectiu és crear un&hellip;  <a href="https://agora.xtec.cat/escbalmes1/serveis/casal-destiu/" title="Read Casal d&#8217;estiu">Llegeix més»</a></p>
