{"id":34,"date":"2014-09-18T12:32:18","date_gmt":"2014-09-18T11:32:18","guid":{"rendered":"http:\/\/agora.xtec.cat\/escbalmes1\/?page_id=34"},"modified":"2018-02-04T13:49:48","modified_gmt":"2018-02-04T12:49:48","slug":"oferta-educativa","status":"publish","type":"page","link":"https:\/\/agora.xtec.cat\/escbalmes1\/lescola\/oferta-educativa\/","title":{"rendered":"Oferta educativa"},"content":{"rendered":"<p style=\"text-align: justify;\"><span style=\"font-size: 11.0pt; font-family: 'Arial','sans-serif'; color: windowtext;\">El centre abasta les diferents etapes de l\u2019educaci\u00f3 obligat\u00f2ria (Infantil, Prim\u00e0ria i Secund\u00e0ria) i tamb\u00e9 la post-obligat\u00f2ria (l\u2019escolaritzaci\u00f3 s\u2019est\u00e9n fins als vint anys). L\u2019oferta que s\u2019adre\u00e7a a l\u2019alumnat es concreta en propostes d\u2019atenci\u00f3 especialitzada que responguin a les necessitats individuals que puguin presentar, en cada per\u00edode. Es tracta d\u2019oferir un projecte global d\u2019atenci\u00f3 que faciliti el m\u00e0xim creixement i desenvolupament personal, que proporcioni experi\u00e8ncies de seguretat i estabilitat, aix\u00ed com oportunitats de progr\u00e9s educatiu per a cadascun dels alumnes atesos.<\/span><\/p>\n","protected":false},"excerpt":{"rendered":"<p>El centre abasta les diferents etapes de l\u2019educaci\u00f3 obligat\u00f2ria (Infantil, Prim\u00e0ria i Secund\u00e0ria) i tamb\u00e9 la post-obligat\u00f2ria (l\u2019escolaritzaci\u00f3 s\u2019est\u00e9n fins als vint anys). L\u2019oferta que s\u2019adre\u00e7a a l\u2019alumnat es concreta en propostes d\u2019atenci\u00f3 especialitzada que responguin a les necessitats individuals que puguin presentar, en cada&hellip;  <a href=\"https:\/\/agora.xtec.cat\/escbalmes1\/lescola\/oferta-educativa\/\" title=\"Read Oferta educativa\">Llegeix m\u00e9s\u00bb<\/a><\/p>\n","protected":false},"author":1,"featured_media":0,"parent":22,"menu_order":60,"comment_status":"closed","ping_status":"closed","template":"page-templates\/side-menu.php","meta":{"_bbp_topic_count":0,"_bbp_reply_count":0,"_bbp_total_topic_count":0,"_bbp_total_reply_count":0,"_bbp_voice_count":0,"_bbp_anonymous_reply_count":0,"_bbp_topic_count_hidden":0,"_bbp_reply_count_hidden":0,"_bbp_forum_subforum_count":0,"footnotes":""},"class_list":["post-34","page","type-page","status-publish","hentry"],"post_mailing_queue_ids":[],"_links":{"self":[{"href":"https:\/\/agora.xtec.cat\/escbalmes1\/wp-json\/wp\/v2\/pages\/34","targetHints":{"allow":["GET"]}}],"collection":[{"href":"https:\/\/agora.xtec.cat\/escbalmes1\/wp-json\/wp\/v2\/pages"}],"about":[{"href":"https:\/\/agora.xtec.cat\/escbalmes1\/wp-json\/wp\/v2\/types\/page"}],"author":[{"embeddable":true,"href":"https:\/\/agora.xtec.cat\/escbalmes1\/wp-json\/wp\/v2\/users\/1"}],"replies":[{"embeddable":true,"href":"https:\/\/agora.xtec.cat\/escbalmes1\/wp-json\/wp\/v2\/comments?post=34"}],"version-history":[{"count":2,"href":"https:\/\/agora.xtec.cat\/escbalmes1\/wp-json\/wp\/v2\/pages\/34\/revisions"}],"predecessor-version":[{"id":590,"href":"https:\/\/agora.xtec.cat\/escbalmes1\/wp-json\/wp\/v2\/pages\/34\/revisions\/590"}],"up":[{"embeddable":true,"href":"https:\/\/agora.xtec.cat\/escbalmes1\/wp-json\/wp\/v2\/pages\/22"}],"wp:attachment":[{"href":"https:\/\/agora.xtec.cat\/escbalmes1\/wp-json\/wp\/v2\/media?parent=34"}],"curies":[{"name":"wp","href":"https:\/\/api.w.org\/{rel}","templated":true}]}}