{"id":1497,"date":"2019-05-06T12:11:19","date_gmt":"2019-05-06T10:11:19","guid":{"rendered":"http:\/\/agora.xtec.cat\/escbalmes1\/?page_id=1497"},"modified":"2019-05-06T13:33:42","modified_gmt":"2019-05-06T11:33:42","slug":"dansa-i-comunicacio","status":"publish","type":"page","link":"https:\/\/agora.xtec.cat\/escbalmes1\/dansa-i-comunicacio\/","title":{"rendered":"Dansa i comunicaci\u00f3"},"content":{"rendered":"<p>&nbsp;<\/p>\n<p><a href=\"https:\/\/agora.xtec.cat\/escbalmes1\/wp-content\/uploads\/usu1777\/2019\/05\/resized_IMG_2909.jpg\"><img loading=\"lazy\" decoding=\"async\" class=\"alignnone wp-image-1554\" src=\"https:\/\/agora.xtec.cat\/escbalmes1\/wp-content\/uploads\/usu1777\/2019\/05\/resized_IMG_2909.jpg\" alt=\"\" width=\"180\" height=\"240\" srcset=\"https:\/\/agora.xtec.cat\/escbalmes1\/wp-content\/uploads\/usu1777\/2019\/05\/resized_IMG_2909.jpg 360w, https:\/\/agora.xtec.cat\/escbalmes1\/wp-content\/uploads\/usu1777\/2019\/05\/resized_IMG_2909-225x300.jpg 225w\" sizes=\"auto, (max-width: 180px) 100vw, 180px\" \/><\/a> <a href=\"https:\/\/agora.xtec.cat\/escbalmes1\/wp-content\/uploads\/usu1777\/2019\/05\/resized_IMG_4058.jpg\"><img loading=\"lazy\" decoding=\"async\" class=\"alignnone wp-image-1555\" src=\"https:\/\/agora.xtec.cat\/escbalmes1\/wp-content\/uploads\/usu1777\/2019\/05\/resized_IMG_4058-1024x768.jpg\" alt=\"\" width=\"317\" height=\"238\" srcset=\"https:\/\/agora.xtec.cat\/escbalmes1\/wp-content\/uploads\/usu1777\/2019\/05\/resized_IMG_4058-1024x768.jpg 1024w, https:\/\/agora.xtec.cat\/escbalmes1\/wp-content\/uploads\/usu1777\/2019\/05\/resized_IMG_4058-300x225.jpg 300w, https:\/\/agora.xtec.cat\/escbalmes1\/wp-content\/uploads\/usu1777\/2019\/05\/resized_IMG_4058-768x576.jpg 768w, https:\/\/agora.xtec.cat\/escbalmes1\/wp-content\/uploads\/usu1777\/2019\/05\/resized_IMG_4058-200x150.jpg 200w, https:\/\/agora.xtec.cat\/escbalmes1\/wp-content\/uploads\/usu1777\/2019\/05\/resized_IMG_4058.jpg 2016w\" sizes=\"auto, (max-width: 317px) 100vw, 317px\" \/><\/a> <a href=\"https:\/\/agora.xtec.cat\/escbalmes1\/wp-content\/uploads\/usu1777\/2019\/05\/resized_IMG-20180615-WA0028-1.jpg\"><img loading=\"lazy\" decoding=\"async\" class=\"alignnone wp-image-1556\" src=\"https:\/\/agora.xtec.cat\/escbalmes1\/wp-content\/uploads\/usu1777\/2019\/05\/resized_IMG-20180615-WA0028-1.jpg\" alt=\"\" width=\"315\" height=\"237\" srcset=\"https:\/\/agora.xtec.cat\/escbalmes1\/wp-content\/uploads\/usu1777\/2019\/05\/resized_IMG-20180615-WA0028-1.jpg 799w, https:\/\/agora.xtec.cat\/escbalmes1\/wp-content\/uploads\/usu1777\/2019\/05\/resized_IMG-20180615-WA0028-1-300x225.jpg 300w, https:\/\/agora.xtec.cat\/escbalmes1\/wp-content\/uploads\/usu1777\/2019\/05\/resized_IMG-20180615-WA0028-1-768x577.jpg 768w, https:\/\/agora.xtec.cat\/escbalmes1\/wp-content\/uploads\/usu1777\/2019\/05\/resized_IMG-20180615-WA0028-1-200x150.jpg 200w\" sizes=\"auto, (max-width: 315px) 100vw, 315px\" \/><\/a><\/p>\n<p>&nbsp;<\/p>\n<p style=\"text-align: justify;\">Des de l&#8217;\u00e0rea de Logop\u00e8dia s&#8217;ha engegat un Projecte on es treballen aspectes relacionats amb la comunicaci\u00f3 a trav\u00e9s del ball. Sota el nom de &#8220;Dansa i Comunicaci\u00f3&#8221; fa quatre anys que s&#8217;ofereix a alguns dels alumnes aquesta activitat complement\u00e0ria que permet treballar aspectes de la comunicaci\u00f3, la relaci\u00f3 i el vincle amb l&#8217;altre des d&#8217;un context natural i vivencial.<br \/>\nPer a dur a terme l&#8217;activitat comptem amb la participaci\u00f3 d&#8217;un professional extern especialitzat,\u00a0<span class=\"hiddenSpellError\">Miguel<\/span>\u00a0Farr\u00e9s Aguilera (director, professor i ballar\u00ed de l&#8217;escola\u00a0<span class=\"hiddenSpellError\">DANCEWORKS<\/span>\u00a0de Sant Cugat del Vall\u00e8s) i de professionals de Balmes 1.<br \/>\nL&#8217;activitat es desenvolupa a la sala polivalent del Casal de Camps Blancs molt proper al centre, i es realitza quinzenalment.<\/p>\n","protected":false},"excerpt":{"rendered":"<p>&nbsp;<br \/>\n<a href=\"https:\/\/agora.xtec.cat\/escbalmes1\/wp-content\/uploads\/usu1777\/2019\/05\/resized_IMG_2909.jpg\"><\/a> <a href=\"https:\/\/agora.xtec.cat\/escbalmes1\/wp-content\/uploads\/usu1777\/2019\/05\/resized_IMG_4058.jpg\"><\/a> <a href=\"https:\/\/agora.xtec.cat\/escbalmes1\/wp-content\/uploads\/usu1777\/2019\/05\/resized_IMG-20180615-WA0028-1.jpg\"><\/a><br \/>\n&nbsp;<br \/>\nDes de l&#8217;\u00e0rea de Logop\u00e8dia s&#8217;ha engegat un Projecte on es treballen aspectes relacionats amb la comunicaci\u00f3 a trav\u00e9s del ball. Sota el nom de &#8220;Dansa i Comunicaci\u00f3&#8221; fa quatre anys que s&#8217;ofereix a alguns dels alumnes aquesta activitat complement\u00e0ria&hellip;  <a href=\"https:\/\/agora.xtec.cat\/escbalmes1\/dansa-i-comunicacio\/\" title=\"Read Dansa i comunicaci\u00f3\">Llegeix m\u00e9s\u00bb<\/a><\/p>\n","protected":false},"author":6,"featured_media":0,"parent":0,"menu_order":0,"comment_status":"closed","ping_status":"closed","template":"","meta":{"_bbp_topic_count":0,"_bbp_reply_count":0,"_bbp_total_topic_count":0,"_bbp_total_reply_count":0,"_bbp_voice_count":0,"_bbp_anonymous_reply_count":0,"_bbp_topic_count_hidden":0,"_bbp_reply_count_hidden":0,"_bbp_forum_subforum_count":0,"footnotes":""},"class_list":["post-1497","page","type-page","status-publish","hentry"],"post_mailing_queue_ids":[],"_links":{"self":[{"href":"https:\/\/agora.xtec.cat\/escbalmes1\/wp-json\/wp\/v2\/pages\/1497","targetHints":{"allow":["GET"]}}],"collection":[{"href":"https:\/\/agora.xtec.cat\/escbalmes1\/wp-json\/wp\/v2\/pages"}],"about":[{"href":"https:\/\/agora.xtec.cat\/escbalmes1\/wp-json\/wp\/v2\/types\/page"}],"author":[{"embeddable":true,"href":"https:\/\/agora.xtec.cat\/escbalmes1\/wp-json\/wp\/v2\/users\/6"}],"replies":[{"embeddable":true,"href":"https:\/\/agora.xtec.cat\/escbalmes1\/wp-json\/wp\/v2\/comments?post=1497"}],"version-history":[{"count":3,"href":"https:\/\/agora.xtec.cat\/escbalmes1\/wp-json\/wp\/v2\/pages\/1497\/revisions"}],"predecessor-version":[{"id":1557,"href":"https:\/\/agora.xtec.cat\/escbalmes1\/wp-json\/wp\/v2\/pages\/1497\/revisions\/1557"}],"wp:attachment":[{"href":"https:\/\/agora.xtec.cat\/escbalmes1\/wp-json\/wp\/v2\/media?parent=1497"}],"curies":[{"name":"wp","href":"https:\/\/api.w.org\/{rel}","templated":true}]}}