{"id":30,"date":"2014-09-18T12:30:23","date_gmt":"2014-09-18T11:30:23","guid":{"rendered":"http:\/\/agora.xtec.cat\/escbaldirireixaclavila\/?page_id=30"},"modified":"2019-09-18T10:58:08","modified_gmt":"2019-09-18T08:58:08","slug":"instal%c2%b7lacions","status":"publish","type":"page","link":"https:\/\/agora.xtec.cat\/escbaldirireixaclavila\/lescola\/instal%c2%b7lacions\/","title":{"rendered":"Instal\u00b7lacions"},"content":{"rendered":"<p><strong><u>INSTAL\u00b7LACIONS<\/u><\/strong><\/p>\n<p>Una de les fortaleses de la nostra escola s\u00f3n els espais: passadissos amples, aules grans, espais preparats per a activitats espec\u00edfiques i altres que faciliten l\u2018organitzaci\u00f3 per a fer desdoblaments de grups, tallers internivells o diferents formes d\u2019organitzaci\u00f3 per a una atenci\u00f3 m\u00e9s individualitzada.<\/p>\n<p>L\u2019escola disposa de 18 aules (6 classes d\u2019educaci\u00f3 infantil i 12 de prim\u00e0ria).<\/p>\n<p>A m\u00e9s disposem de gimn\u00e0s, aula de psicomotricitat, teatre-sala d\u2019actes, aula d\u2019inform\u00e0tica, biblioteca, aula de pl\u00e0stica, aula de ci\u00e8ncies, aula d\u2019angl\u00e8s, aula de m\u00fasica, aula polivalent i menjador. I finalment altres espais destinats a petits grups de suport, educaci\u00f3 especial, tutories i a gesti\u00f3, administraci\u00f3 i reunions.<\/p>\n<p>Per altra banda comptem amb tres patis: un per a educaci\u00f3 infantil, un altre per a l\u2019alumnat de 1r a 3r de prim\u00e0ria i finalment el m\u00e9s gran destinat a l\u2019alumnat de 4t a 6\u00e8.<\/p>\n<div style=\"width: 800px;\" class=\"wp-video\"><!--[if lt IE 9]><script>document.createElement('video');<\/script><![endif]-->\n<video class=\"wp-video-shortcode\" id=\"video-30-1\" width=\"800\" height=\"452\" preload=\"metadata\" controls=\"controls\"><source type=\"video\/mp4\" src=\"https:\/\/agora.xtec.cat\/escbaldirireixaclavila\/wp-content\/uploads\/usu50\/2019\/01\/video-sala-actes-1.mp4?_=1\" \/><a href=\"https:\/\/agora.xtec.cat\/escbaldirireixaclavila\/wp-content\/uploads\/usu50\/2019\/01\/video-sala-actes-1.mp4\">https:\/\/agora.xtec.cat\/escbaldirireixaclavila\/wp-content\/uploads\/usu50\/2019\/01\/video-sala-actes-1.mp4<\/a><\/video><\/div>\n","protected":false},"excerpt":{"rendered":"<p>INSTAL\u00b7LACIONS<br \/>\nUna de les fortaleses de la nostra escola s\u00f3n els espais: passadissos amples, aules grans, espais preparats per a activitats espec\u00edfiques i altres que faciliten l\u2018organitzaci\u00f3 per a fer desdoblaments de grups, tallers internivells o diferents formes d\u2019organitzaci\u00f3 per a una atenci\u00f3 m\u00e9s individualitzada.<br \/>\nL\u2019escola disposa&hellip;  <a href=\"https:\/\/agora.xtec.cat\/escbaldirireixaclavila\/lescola\/instal%c2%b7lacions\/\" title=\"Read Instal\u00b7lacions\">Llegeix m\u00e9s\u00bb<\/a><\/p>\n","protected":false},"author":1,"featured_media":0,"parent":22,"menu_order":40,"comment_status":"closed","ping_status":"closed","template":"","meta":{"_bbp_topic_count":0,"_bbp_reply_count":0,"_bbp_total_topic_count":0,"_bbp_total_reply_count":0,"_bbp_voice_count":0,"_bbp_anonymous_reply_count":0,"_bbp_topic_count_hidden":0,"_bbp_reply_count_hidden":0,"_bbp_forum_subforum_count":0,"footnotes":""},"class_list":["post-30","page","type-page","status-publish","hentry"],"post_mailing_queue_ids":[],"_links":{"self":[{"href":"https:\/\/agora.xtec.cat\/escbaldirireixaclavila\/wp-json\/wp\/v2\/pages\/30","targetHints":{"allow":["GET"]}}],"collection":[{"href":"https:\/\/agora.xtec.cat\/escbaldirireixaclavila\/wp-json\/wp\/v2\/pages"}],"about":[{"href":"https:\/\/agora.xtec.cat\/escbaldirireixaclavila\/wp-json\/wp\/v2\/types\/page"}],"author":[{"embeddable":true,"href":"https:\/\/agora.xtec.cat\/escbaldirireixaclavila\/wp-json\/wp\/v2\/users\/1"}],"replies":[{"embeddable":true,"href":"https:\/\/agora.xtec.cat\/escbaldirireixaclavila\/wp-json\/wp\/v2\/comments?post=30"}],"version-history":[{"count":3,"href":"https:\/\/agora.xtec.cat\/escbaldirireixaclavila\/wp-json\/wp\/v2\/pages\/30\/revisions"}],"predecessor-version":[{"id":2780,"href":"https:\/\/agora.xtec.cat\/escbaldirireixaclavila\/wp-json\/wp\/v2\/pages\/30\/revisions\/2780"}],"up":[{"embeddable":true,"href":"https:\/\/agora.xtec.cat\/escbaldirireixaclavila\/wp-json\/wp\/v2\/pages\/22"}],"wp:attachment":[{"href":"https:\/\/agora.xtec.cat\/escbaldirireixaclavila\/wp-json\/wp\/v2\/media?parent=30"}],"curies":[{"name":"wp","href":"https:\/\/api.w.org\/{rel}","templated":true}]}}

<p><strong><u>INSTAL·LACIONS</u></strong></p>
<p>Una de les fortaleses de la nostra escola són els espais: passadissos amples, aules grans, espais preparats per a activitats específiques i altres que faciliten l‘organització per a fer desdoblaments de grups, tallers internivells o diferents formes d’organització per a una atenció més individualitzada.</p>
<p>L’escola disposa de 18 aules (6 classes d’educació infantil i 12 de primària).</p>
<p>A més disposem de gimnàs, aula de psicomotricitat, teatre-sala d’actes, aula d’informàtica, biblioteca, aula de plàstica, aula de ciències, aula d’anglès, aula de música, aula polivalent i menjador. I finalment altres espais destinats a petits grups de suport, educació especial, tutories i a gestió, administració i reunions.</p>
<p>Per altra banda comptem amb tres patis: un per a educació infantil, un altre per a l’alumnat de 1r a 3r de primària i finalment el més gran destinat a l’alumnat de 4t a 6è.</p>
<div style="width: 800px;" class="wp-video"><!--[if lt IE 9]><script>document.createElement('video');</script><![endif]-->
<video class="wp-video-shortcode" id="video-30-1" width="800" height="452" preload="metadata" controls="controls"><source type="video/mp4" src="https://agora.xtec.cat/escbaldirireixaclavila/wp-content/uploads/usu50/2019/01/video-sala-actes-1.mp4?_=1" /><a href="https://agora.xtec.cat/escbaldirireixaclavila/wp-content/uploads/usu50/2019/01/video-sala-actes-1.mp4">https://agora.xtec.cat/escbaldirireixaclavila/wp-content/uploads/usu50/2019/01/video-sala-actes-1.mp4</a></video></div>

<p>INSTAL·LACIONS<br />
Una de les fortaleses de la nostra escola són els espais: passadissos amples, aules grans, espais preparats per a activitats específiques i altres que faciliten l‘organització per a fer desdoblaments de grups, tallers internivells o diferents formes d’organització per a una atenció més individualitzada.<br />
L’escola disposa&hellip;  <a href="https://agora.xtec.cat/escbaldirireixaclavila/lescola/instal%c2%b7lacions/" title="Read Instal·lacions">Llegeix més»</a></p>
