{"id":26,"date":"2014-09-18T12:24:32","date_gmt":"2014-09-18T11:24:32","guid":{"rendered":"http:\/\/agora.xtec.cat\/escbaldirireixaclavila\/?page_id=26"},"modified":"2022-10-05T16:15:56","modified_gmt":"2022-10-05T14:15:56","slug":"historia","status":"publish","type":"page","link":"https:\/\/agora.xtec.cat\/escbaldirireixaclavila\/lescola\/historia\/","title":{"rendered":"Hist\u00f2ria"},"content":{"rendered":"<p><b><span lang=\"CA\">EL NOM DE L\u2019ESCOLA<\/span><\/b><\/p>\n<p><b><span lang=\"CA\">Escola de la Vila &#8220;Baldiri Reixac&#8221;.<\/span><\/b><\/p>\n<p><span lang=\"CA\">\u00a0<\/span><b><span lang=\"CA\">ESCOLA DE LA VILA<\/span><\/b><\/p>\n<p><span lang=\"CA\">L\u2019origen de la denominaci\u00f3 Escola de la Vila es fon amb el naixement, a mitjan segle XV, d\u2019un ensenyament per a nens promogut pel Consell de la Vila, l\u2019\u00f2rgan de govern de la Banyoles medieval. Ja a comen\u00e7ament del segle XVI s\u2019hi fa refer\u00e8ncia com a Escola de la Vila, que no s\u2019ha d\u2019entendre com una escola amb edifici propi sin\u00f3 com a uns ensenyaments elementals que estaran ubicats, al llarg del temps, tant a la Casa de la Vila com en d\u2019altres indrets segons les circumst\u00e0ncies de cada \u00e8poca. Aquesta escola s\u2019anir\u00e0 perpetuant a trav\u00e9s dels segles, amb par\u00e8ntesis provocats per les guerres, fins a comen\u00e7ament del segle XX, quan les escoles p\u00fabliques d\u2019arreu de l\u2019estat espanyol, que eren totes de titularitat municipal, van passar a dependre de l\u2019Estat; a partir d\u2019aquesta \u00e8poca seran conegudes oficialment com a escoles \u201cnacionals\u201d. Tot i el canvi de titularitat, el seu nom es va mantenir i es mant\u00e9 a nivell popular.<\/span><\/p>\n<p><span lang=\"CA\">No cal dir que de la primitiva Escola de la Vila a la nostra hi ha moltes difer\u00e8ncies, difer\u00e8ncies de l\u2019abast de l\u2019alumnat, curriculars i de tota altra mena, per\u00f2 la perviv\u00e8ncia del nom fa patent que, tot i els canvis, aquella voluntat inicial del Consell de la Vila, ara fa m\u00e9s de cinc-cents anys, de posar els mitjans per possibilitar l\u2019educaci\u00f3 de la inf\u00e0ncia, s\u2019ha mantingut viva i constant.\u00a0<\/span><\/p>\n<p><span lang=\"CA\">El nom d\u2019Escola de la Vila tamb\u00e9 es troba associat a d\u2019altres escoles, que s\u00f3n sempre les escoles p\u00fabliques m\u00e9s antigues de les seves respectives poblacions: \u201cJoaquim Ruyra\u201d de Blanes, \u201cRu\u00edz-Jim\u00e9nez\u201d de Palam\u00f3s, \u201cTorras i Jonama\u201d\u00a0 de Palafrugell, \u201cJoan Maragall\u201d de Ripoll&#8230;<\/span><\/p>\n<p><b><span lang=\"CA\">ESCOLA BALDIRI REIXAC<\/span><\/b><\/p>\n<p><span lang=\"CA\">La inauguraci\u00f3 de l\u2019escola de Gu\u00e8mol el 1961 fa que hi hagi dues escoles p\u00fabliques a Banyoles, per aix\u00f2 es planteja la conveni\u00e8ncia de donar un nom propi al Grup Escolar per tal de diferenciar-lo de l\u2019altra escola. El nom proposat fou el de Moss\u00e8n Baldiri Reixac, mestre i pedagog\u00a0 del segle XVIII, gran part de la vida del qual transcorregu\u00e9 a la nostra comarca.<\/span><\/p>\n<p>Finalment, el 17 de juny de 2019 el Consell Escolar aprova per unanimitat la proposta d&#8217;iniciar el procediment de canvi del nom fusionant el nom popular d&#8217;Escola de la Vila amb l&#8217;aleshores nom oficial Escola Baldiri Reixac. El setembre del mateix any va rebre el recolzament de la Junta de Govern Local i va quedar aprovat definitivament per la Generalitat amb la seva publicaci\u00f3 al DOGC.<\/p>\n<p>&nbsp;<\/p>\n<p><a href=\"http:\/\/agora.xtec.cat\/escbaldirireixaclavila\/wp-content\/uploads\/usu50\/2014\/09\/fa\u00e7ana-amb-logotip-1.jpg\"><img loading=\"lazy\" decoding=\"async\" class=\"size-full wp-image-476 aligncenter\" src=\"http:\/\/agora.xtec.cat\/escbaldirireixaclavila\/wp-content\/uploads\/usu50\/2014\/09\/fa\u00e7ana-amb-logotip-1.jpg\" alt=\"facana-amb-logotip\" width=\"480\" height=\"640\" \/><\/a><\/p>\n<p><span lang=\"CA\"><b>LOGOTIP<\/b><\/span><\/p>\n<p><span lang=\"CA\">El 1997 l\u2019escola va sol\u00b7licitar la creaci\u00f3 d\u2019un emblema, que s\u2019inspir\u00e9s en l\u2019escultura de l\u2019entrada, a l\u2019artista Mim Junc\u00e0, que va crear una excel\u00b7lent transfiguraci\u00f3 de l\u2019escultura del nen, que est\u00e0 en actitud de llegir, de l\u2019escultor Josep M. Carrera en homenatge a Baldiri Reixac, mitjan\u00e7ant la conjunci\u00f3 de les tres formes geom\u00e8triques b\u00e0siques \u2013 quadrat, cercle i triangle.<\/span><\/p>\n<p><span lang=\"CA\">La presentaci\u00f3 p\u00fablica de l\u2019emblema, la va fer la \u2018Reina del Paper\u2019 en ocasi\u00f3 de la seva visita com a cloenda de la campanya <i>Fem l\u2019escola neta i bonica <\/i>del 1997-98. La reina amb l\u2019ajuda dels seus patges, que havien traginat amb eleg\u00e0ncia els diferents elements del logotip, el va anar composant a davant dels nens.<\/span><\/p>\n<p><span lang=\"CA\">Des del 2005 aquest logotip presideix el vest\u00edbul de l\u2019entrada principal de l\u2019escola. Igualment el llu\u00efm a la fa\u00e7ana .<\/span><\/p>\n<p>&nbsp;<\/p>\n<p><a href=\"http:\/\/agora.xtec.cat\/escbaldirireixaclavila\/wp-content\/uploads\/usu50\/2014\/09\/logo-baldiri-II.jpg\"><img loading=\"lazy\" decoding=\"async\" class=\"size-large wp-image-477 aligncenter\" src=\"http:\/\/agora.xtec.cat\/escbaldirireixaclavila\/wp-content\/uploads\/usu50\/2014\/09\/logo-baldiri-II-335x1024.jpg\" alt=\"logo-baldiri-ii\" width=\"335\" height=\"1024\" \/><\/a><\/p>\n<p>&nbsp;<\/p>\n<p style=\"text-align: center;\">\n","protected":false},"excerpt":{"rendered":"<p>EL NOM DE L\u2019ESCOLA<br \/>\nEscola de la Vila &#8220;Baldiri Reixac&#8221;.<br \/>\n\u00a0ESCOLA DE LA VILA<br \/>\nL\u2019origen de la denominaci\u00f3 Escola de la Vila es fon amb el naixement, a mitjan segle XV, d\u2019un ensenyament per a nens promogut pel Consell de la Vila, l\u2019\u00f2rgan de govern de la Banyoles&hellip;  <a href=\"https:\/\/agora.xtec.cat\/escbaldirireixaclavila\/lescola\/historia\/\" title=\"Read Hist\u00f2ria\">Llegeix m\u00e9s\u00bb<\/a><\/p>\n","protected":false},"author":1,"featured_media":0,"parent":22,"menu_order":20,"comment_status":"closed","ping_status":"closed","template":"","meta":{"_bbp_topic_count":0,"_bbp_reply_count":0,"_bbp_total_topic_count":0,"_bbp_total_reply_count":0,"_bbp_voice_count":0,"_bbp_anonymous_reply_count":0,"_bbp_topic_count_hidden":0,"_bbp_reply_count_hidden":0,"_bbp_forum_subforum_count":0,"footnotes":""},"class_list":["post-26","page","type-page","status-publish","hentry"],"post_mailing_queue_ids":[],"_links":{"self":[{"href":"https:\/\/agora.xtec.cat\/escbaldirireixaclavila\/wp-json\/wp\/v2\/pages\/26","targetHints":{"allow":["GET"]}}],"collection":[{"href":"https:\/\/agora.xtec.cat\/escbaldirireixaclavila\/wp-json\/wp\/v2\/pages"}],"about":[{"href":"https:\/\/agora.xtec.cat\/escbaldirireixaclavila\/wp-json\/wp\/v2\/types\/page"}],"author":[{"embeddable":true,"href":"https:\/\/agora.xtec.cat\/escbaldirireixaclavila\/wp-json\/wp\/v2\/users\/1"}],"replies":[{"embeddable":true,"href":"https:\/\/agora.xtec.cat\/escbaldirireixaclavila\/wp-json\/wp\/v2\/comments?post=26"}],"version-history":[{"count":2,"href":"https:\/\/agora.xtec.cat\/escbaldirireixaclavila\/wp-json\/wp\/v2\/pages\/26\/revisions"}],"predecessor-version":[{"id":8895,"href":"https:\/\/agora.xtec.cat\/escbaldirireixaclavila\/wp-json\/wp\/v2\/pages\/26\/revisions\/8895"}],"up":[{"embeddable":true,"href":"https:\/\/agora.xtec.cat\/escbaldirireixaclavila\/wp-json\/wp\/v2\/pages\/22"}],"wp:attachment":[{"href":"https:\/\/agora.xtec.cat\/escbaldirireixaclavila\/wp-json\/wp\/v2\/media?parent=26"}],"curies":[{"name":"wp","href":"https:\/\/api.w.org\/{rel}","templated":true}]}}

Història

<p><b><span lang="CA">EL NOM DE L’ESCOLA</span></b></p>
<p><b><span lang="CA">Escola de la Vila &#8220;Baldiri Reixac&#8221;.</span></b></p>
<p><span lang="CA"> </span><b><span lang="CA">ESCOLA DE LA VILA</span></b></p>
<p><span lang="CA">L’origen de la denominació Escola de la Vila es fon amb el naixement, a mitjan segle XV, d’un ensenyament per a nens promogut pel Consell de la Vila, l’òrgan de govern de la Banyoles medieval. Ja a començament del segle XVI s’hi fa referència com a Escola de la Vila, que no s’ha d’entendre com una escola amb edifici propi sinó com a uns ensenyaments elementals que estaran ubicats, al llarg del temps, tant a la Casa de la Vila com en d’altres indrets segons les circumstàncies de cada època. Aquesta escola s’anirà perpetuant a través dels segles, amb parèntesis provocats per les guerres, fins a començament del segle XX, quan les escoles públiques d’arreu de l’estat espanyol, que eren totes de titularitat municipal, van passar a dependre de l’Estat; a partir d’aquesta època seran conegudes oficialment com a escoles “nacionals”. Tot i el canvi de titularitat, el seu nom es va mantenir i es manté a nivell popular.</span></p>
<p><span lang="CA">No cal dir que de la primitiva Escola de la Vila a la nostra hi ha moltes diferències, diferències de l’abast de l’alumnat, curriculars i de tota altra mena, però la pervivència del nom fa patent que, tot i els canvis, aquella voluntat inicial del Consell de la Vila, ara fa més de cinc-cents anys, de posar els mitjans per possibilitar l’educació de la infància, s’ha mantingut viva i constant. </span></p>
<p><span lang="CA">El nom d’Escola de la Vila també es troba associat a d’altres escoles, que són sempre les escoles públiques més antigues de les seves respectives poblacions: “Joaquim Ruyra” de Blanes, “Ruíz-Jiménez” de Palamós, “Torras i Jonama”  de Palafrugell, “Joan Maragall” de Ripoll&#8230;</span></p>
<p><b><span lang="CA">ESCOLA BALDIRI REIXAC</span></b></p>
<p><span lang="CA">La inauguració de l’escola de Guèmol el 1961 fa que hi hagi dues escoles públiques a Banyoles, per això es planteja la conveniència de donar un nom propi al Grup Escolar per tal de diferenciar-lo de l’altra escola. El nom proposat fou el de Mossèn Baldiri Reixac, mestre i pedagog  del segle XVIII, gran part de la vida del qual transcorregué a la nostra comarca.</span></p>
<p>Finalment, el 17 de juny de 2019 el Consell Escolar aprova per unanimitat la proposta d&#8217;iniciar el procediment de canvi del nom fusionant el nom popular d&#8217;Escola de la Vila amb l&#8217;aleshores nom oficial Escola Baldiri Reixac. El setembre del mateix any va rebre el recolzament de la Junta de Govern Local i va quedar aprovat definitivament per la Generalitat amb la seva publicació al DOGC.</p>
<p>&nbsp;</p>
<p><a href="http://agora.xtec.cat/escbaldirireixaclavila/wp-content/uploads/usu50/2014/09/façana-amb-logotip-1.jpg"><img loading="lazy" decoding="async" class="size-full wp-image-476 aligncenter" src="http://agora.xtec.cat/escbaldirireixaclavila/wp-content/uploads/usu50/2014/09/façana-amb-logotip-1.jpg" alt="facana-amb-logotip" width="480" height="640" /></a></p>
<p><span lang="CA"><b>LOGOTIP</b></span></p>
<p><span lang="CA">El 1997 l’escola va sol·licitar la creació d’un emblema, que s’inspirés en l’escultura de l’entrada, a l’artista Mim Juncà, que va crear una excel·lent transfiguració de l’escultura del nen, que està en actitud de llegir, de l’escultor Josep M. Carrera en homenatge a Baldiri Reixac, mitjançant la conjunció de les tres formes geomètriques bàsiques – quadrat, cercle i triangle.</span></p>
<p><span lang="CA">La presentació pública de l’emblema, la va fer la ‘Reina del Paper’ en ocasió de la seva visita com a cloenda de la campanya <i>Fem l’escola neta i bonica </i>del 1997-98. La reina amb l’ajuda dels seus patges, que havien traginat amb elegància els diferents elements del logotip, el va anar composant a davant dels nens.</span></p>
<p><span lang="CA">Des del 2005 aquest logotip presideix el vestíbul de l’entrada principal de l’escola. Igualment el lluïm a la façana .</span></p>
<p>&nbsp;</p>
<p><a href="http://agora.xtec.cat/escbaldirireixaclavila/wp-content/uploads/usu50/2014/09/logo-baldiri-II.jpg"><img loading="lazy" decoding="async" class="size-large wp-image-477 aligncenter" src="http://agora.xtec.cat/escbaldirireixaclavila/wp-content/uploads/usu50/2014/09/logo-baldiri-II-335x1024.jpg" alt="logo-baldiri-ii" width="335" height="1024" /></a></p>
<p>&nbsp;</p>
<p style="text-align: center;">

<p>EL NOM DE L’ESCOLA<br />
Escola de la Vila &#8220;Baldiri Reixac&#8221;.<br />
 ESCOLA DE LA VILA<br />
L’origen de la denominació Escola de la Vila es fon amb el naixement, a mitjan segle XV, d’un ensenyament per a nens promogut pel Consell de la Vila, l’òrgan de govern de la Banyoles&hellip;  <a href="https://agora.xtec.cat/escbaldirireixaclavila/lescola/historia/" title="Read Història">Llegeix més»</a></p>
