{"id":34,"date":"2014-09-18T12:32:18","date_gmt":"2014-09-18T10:32:18","guid":{"rendered":"http:\/\/agora.xtec.cat\/escavallbernat\/?page_id=34"},"modified":"2025-01-14T15:12:30","modified_gmt":"2025-01-14T14:12:30","slug":"oferta-educativa","status":"publish","type":"page","link":"https:\/\/agora.xtec.cat\/escavallbernat\/lescola\/oferta-educativa\/","title":{"rendered":"El nostre projecte"},"content":{"rendered":"<div class=\"entry-content\">\n<p><span style=\"font-weight: 400;\">A l\u2019escola Cavall Bernat entenem l\u2019educaci\u00f3 com un <\/span><b>espai de benestar<\/b><span style=\"font-weight: 400;\"> pels infants. La nostra escola aposta per la salut ja que \u00e9s la base de la maduresa escolar. Per tant, considerem essencials les viv\u00e8ncies de benestar i de relaci\u00f3.\u00a0<\/span><\/p>\n<p><span style=\"font-weight: 400;\">Entenem el <\/span><b>cos com a vehicle dels aprenentatges<\/b><span style=\"font-weight: 400;\">. El cap recull all\u00f2 que el cos experimenta. \u00c9s per aix\u00f2 que el projecte prioritza ajudar i acompanyar els infants en el seu proc\u00e9s de desenvolupament i aprenentatge per mitj\u00e0 dels sentits b\u00e0sics, potenciant el treball psicomotor i la manipulaci\u00f3. Donant molta import\u00e0ncia a les <\/span><b>impressions sensorials.<\/b><\/p>\n<h5>EDUCACI\u00d3 INFANTIL<\/h5>\n<p><span style=\"font-weight: 400;\">A l&#8217;etapa d&#8217;infantil afavorim un ambient c\u00e0lid i tranquil i oferim materials naturals.<\/span><span style=\"font-weight: 400;\">\u00a0Respectem les etapes evolutives de l\u2019infant i cadascun dels seus ritmes. Propiciant una educaci\u00f3 lenta, amb moments d\u2019expansi\u00f3 acompanyats d\u2019altres de recolliment. Vetllant per un <\/span><b>clima constant de calma, silenci i ordre.\u00a0<\/b><\/p>\n<p><span style=\"font-family: inherit; font-size: 1em;\"><span style=\"font-weight: 400;\">Els <strong>ritmes i rutines<\/strong> di\u00e0ries marquen la jornada escolar aix\u00ed com les <strong>activitats de tarda<\/strong> que es repeteixen setmana a setmana. Cada tarda es realitza una activitat concreta: elaboraci\u00f3 de pa, aquarel\u00b7les, danses i can\u00e7ons, modelatge amb cera d\u2019abella, llanes i telers i dibuix lliure. A banda d&#8217;aix\u00f2, tamb\u00e9 es treballen cada<\/span>\u00a0dia <\/span><span style=\"font-family: inherit; font-size: 1em;\">\u00a0els patrons de moviment (gateig, reptacions\u2026) i el passar l\u2019escola de Doman. Les sessions setmanals de psicomotricitat tenen tamb\u00e9 un pes rellevant.<\/span><\/p>\n<p><span style=\"font-family: inherit; font-size: 1em;\">A l&#8217;escola tenim tres aules d&#8217;educaci\u00f3 infantil: el Llimoner, la Morera i la Palmera. A cada aula hi ha infants de tres, quatre i cinc anys barrejats durant tota la jornada escolar. <span style=\"font-weight: 400;\">\u00c9s una experi\u00e8ncia molt enriquidora on els grans ajuden als petits i els petits, aprenen dels grans.<\/span><\/span><\/p>\n<p><a href=\"https:\/\/agora.xtec.cat\/escavallbernat\/wp-content\/uploads\/usu2377\/2023\/07\/web-scaled.jpg\"><img loading=\"lazy\" decoding=\"async\" class=\" wp-image-1746\" src=\"https:\/\/agora.xtec.cat\/escavallbernat\/wp-content\/uploads\/usu2377\/2023\/07\/web-1024x768.jpg\" alt=\"\" width=\"1024\" height=\"768\" srcset=\"https:\/\/agora.xtec.cat\/escavallbernat\/wp-content\/uploads\/usu2377\/2023\/07\/web-1024x768.jpg 1024w, https:\/\/agora.xtec.cat\/escavallbernat\/wp-content\/uploads\/usu2377\/2023\/07\/web-300x225.jpg 300w, https:\/\/agora.xtec.cat\/escavallbernat\/wp-content\/uploads\/usu2377\/2023\/07\/web-768x576.jpg 768w, https:\/\/agora.xtec.cat\/escavallbernat\/wp-content\/uploads\/usu2377\/2023\/07\/web-1536x1152.jpg 1536w, https:\/\/agora.xtec.cat\/escavallbernat\/wp-content\/uploads\/usu2377\/2023\/07\/web-2048x1536.jpg 2048w, https:\/\/agora.xtec.cat\/escavallbernat\/wp-content\/uploads\/usu2377\/2023\/07\/web-200x150.jpg 200w\" sizes=\"auto, (max-width: 1024px) 100vw, 1024px\" \/><\/a><\/p>\n<h5><\/h5>\n<h5><\/h5>\n<h5>EDUCACI\u00d3 PRIM\u00c0RIA<\/h5>\n<p>En l&#8217;etapa de prim\u00e0ria busquem la <strong>bellesa<\/strong> en l\u2019aprenentatge. Els continguts s&#8217;introdueixen <strong>sense pressa<\/strong> seguint el ritme dels infants. Tenim molt present que l\u2019aprenentatge es pot realitzar per diferents vies d\u2019entrada (visual, auditives, kinest\u00e8siques) i \u00e9s per aix\u00f2 que partim de la individualitat de cada infant per tal d\u2019acollir-lo en funci\u00f3 de les seves capacitats.<\/p>\n<p>Iniciem l&#8217;aprenentatge de la <strong>lectoescriptura<\/strong> a <span style=\"font-weight: 400;\">primer a trav\u00e9s dels diferents sentits.\u00a0<\/span><span style=\"font-weight: 400;\">Les lletres es presenten mitjan\u00e7ant un ritual determinat on s\u2019alternen imatges i contes\u00a0 i on \u00e9s d\u00f3na molta import\u00e0ncia al vessant art\u00edstic de l\u2019aprenentatge.\u00a0 <\/span><\/p>\n<p><span style=\"font-family: inherit; font-size: 1em;\">Di\u00e0riament realitzem una <strong>part r\u00edtmica<\/strong>, on es fan exercicis d\u2019equilibri i moviment que ajuden als infants a assolir la maduresa f\u00edsica. El <\/span><span style=\"font-weight: 400;\">treball del tra\u00e7 (la grafia) \u00e9s molt important a prim\u00e0ria i setmanalment duem a terme activitats de <strong>dibuix de formes<\/strong>.\u00a0<\/span><\/p>\n<p><a href=\"https:\/\/agora.xtec.cat\/escavallbernat\/wp-content\/uploads\/usu2377\/2023\/07\/lecto-scaled.jpg\">\u00a0<img loading=\"lazy\" decoding=\"async\" class=\"wp-image-1753 alignnone\" src=\"https:\/\/agora.xtec.cat\/escavallbernat\/wp-content\/uploads\/usu2377\/2023\/07\/lecto-1024x1024.jpg\" alt=\"\" width=\"371\" height=\"371\" srcset=\"https:\/\/agora.xtec.cat\/escavallbernat\/wp-content\/uploads\/usu2377\/2023\/07\/lecto-1024x1024.jpg 1024w, https:\/\/agora.xtec.cat\/escavallbernat\/wp-content\/uploads\/usu2377\/2023\/07\/lecto-300x300.jpg 300w, https:\/\/agora.xtec.cat\/escavallbernat\/wp-content\/uploads\/usu2377\/2023\/07\/lecto-150x150.jpg 150w, https:\/\/agora.xtec.cat\/escavallbernat\/wp-content\/uploads\/usu2377\/2023\/07\/lecto-768x768.jpg 768w, https:\/\/agora.xtec.cat\/escavallbernat\/wp-content\/uploads\/usu2377\/2023\/07\/lecto-1536x1536.jpg 1536w, https:\/\/agora.xtec.cat\/escavallbernat\/wp-content\/uploads\/usu2377\/2023\/07\/lecto-2048x2048.jpg 2048w\" sizes=\"auto, (max-width: 371px) 100vw, 371px\" \/><\/a><\/p>\n<p><a href=\"https:\/\/agora.xtec.cat\/escavallbernat\/wp-content\/uploads\/usu2377\/2023\/07\/lecto-scaled.jpg\"> \u00a0<\/a><a href=\"https:\/\/agora.xtec.cat\/escavallbernat\/wp-content\/uploads\/usu2377\/2023\/07\/lecto-3-scaled.jpg\"><img loading=\"lazy\" decoding=\"async\" class=\"wp-image-1752 alignnone\" src=\"https:\/\/agora.xtec.cat\/escavallbernat\/wp-content\/uploads\/usu2377\/2023\/07\/lecto-3-1024x768.jpg\" alt=\"\" width=\"491\" height=\"368\" srcset=\"https:\/\/agora.xtec.cat\/escavallbernat\/wp-content\/uploads\/usu2377\/2023\/07\/lecto-3-1024x768.jpg 1024w, https:\/\/agora.xtec.cat\/escavallbernat\/wp-content\/uploads\/usu2377\/2023\/07\/lecto-3-300x225.jpg 300w, https:\/\/agora.xtec.cat\/escavallbernat\/wp-content\/uploads\/usu2377\/2023\/07\/lecto-3-768x576.jpg 768w, https:\/\/agora.xtec.cat\/escavallbernat\/wp-content\/uploads\/usu2377\/2023\/07\/lecto-3-1536x1152.jpg 1536w, https:\/\/agora.xtec.cat\/escavallbernat\/wp-content\/uploads\/usu2377\/2023\/07\/lecto-3-2048x1536.jpg 2048w, https:\/\/agora.xtec.cat\/escavallbernat\/wp-content\/uploads\/usu2377\/2023\/07\/lecto-3-200x150.jpg 200w\" sizes=\"auto, (max-width: 491px) 100vw, 491px\" \/><\/a><\/p>\n<p>Respecte a l\u2019horari, a prim\u00e0ria treballem per <strong>per\u00edodes. <\/strong>Es tracta de franges llargues de dues hores en les que di\u00e0riament i durant 2 o 3 setmanes es fa un treball espec\u00edfic d&#8217;alguna \u00e0rea (llengua, matem\u00e0tiques o medi). El fet de no realitzar aprenentatges gaire diferents en un dia ajuda als infants a fixar-los amb m\u00e9s facilitat.<\/p>\n<p>Dins de l&#8217;horari setmanal es destina un espai com\u00fa on tenen cabuda totes les <strong>propostes art\u00edstiques<\/strong>: fomentem <span style=\"font-family: inherit; font-size: 1em;\">el teatre i l\u2019educaci\u00f3 art\u00edstica (m\u00fasica, aquarel\u00b7la, educaci\u00f3 f\u00edsica&#8230;) a trav\u00e9s de grups flexibles.\u00a0<\/span><\/p>\n<p><span style=\"font-family: inherit; font-size: 1em;\">A l&#8217;escola prioritzem les relacions entre tots els membres de la comunitat ja que educar \u00e9s un fet social. \u00c9s per aix\u00f2 que tant a infantil com a prim\u00e0ria donem molta import\u00e0ncia al <strong>pati com a espai privilegiat<\/strong> de benestar, que fomenta la cohesi\u00f3 social. Potenciem els jocs de pati i el passar-ho b\u00e9.<\/span><\/p>\n<p><strong>PROJECTES I ACTIVITATS DESTACADES<\/strong><\/p>\n<ul>\n<li style=\"list-style-type: none;\">\n<ul>\n<li style=\"list-style-type: none;\">\n<ul>\n<li>Projecte de psicomotricitat a infantil i cicle inicial.<\/li>\n<li>Escoles +Sostenibles &#8211; projecte de l\u2019hort a prim\u00e0ria.<\/li>\n<li>Projecte d\u2019educaci\u00f3 art\u00edstica a prim\u00e0ria \u2013 Teatre Pl\u00e0udite.<\/li>\n<li>Activitat de piscina a cicle inicial i sis\u00e8.<\/li>\n<li>Col\u00f2nies: 1r, 3r, 5\u00e8 i 6\u00e8.<\/li>\n<li>Revista voladora.<\/li>\n<\/ul>\n<\/li>\n<\/ul>\n<\/li>\n<\/ul>\n<p>Podeu veure aqu\u00ed una <a href=\"https:\/\/drive.google.com\/file\/d\/1_tXMkQhyY4SdrG6lQQdX3loFjxPA5Vmi\/view?usp=sharing\">PETITA PRESENTACI\u00d3 DEL PROJECTE EN IMATGES<\/a><\/p>\n<\/div>\n","protected":false},"excerpt":{"rendered":"<p>A l\u2019escola Cavall Bernat entenem l\u2019educaci\u00f3 com un espai de benestar pels infants. La nostra escola aposta per la salut [&hellip;]<\/p>\n","protected":false},"author":1,"featured_media":0,"parent":22,"menu_order":3,"comment_status":"closed","ping_status":"closed","template":"page-templates\/side-menu.php","meta":{"_bbp_topic_count":0,"_bbp_reply_count":0,"_bbp_total_topic_count":0,"_bbp_total_reply_count":0,"_bbp_voice_count":0,"_bbp_anonymous_reply_count":0,"_bbp_topic_count_hidden":0,"_bbp_reply_count_hidden":0,"_bbp_forum_subforum_count":0,"site-sidebar-layout":"default","site-content-layout":"","ast-site-content-layout":"default","site-content-style":"default","site-sidebar-style":"default","ast-global-header-display":"","ast-banner-title-visibility":"","ast-main-header-display":"","ast-hfb-above-header-display":"","ast-hfb-below-header-display":"","ast-hfb-mobile-header-display":"","site-post-title":"","ast-breadcrumbs-content":"","ast-featured-img":"","footer-sml-layout":"","theme-transparent-header-meta":"","adv-header-id-meta":"","stick-header-meta":"","header-above-stick-meta":"","header-main-stick-meta":"","header-below-stick-meta":"","astra-migrate-meta-layouts":"set","ast-page-background-enabled":"default","ast-page-background-meta":{"desktop":{"background-color":"var(--ast-global-color-4)","background-image":"","background-repeat":"repeat","background-position":"center center","background-size":"auto","background-attachment":"scroll","background-type":"","background-media":"","overlay-type":"","overlay-color":"","overlay-opacity":"","overlay-gradient":""},"tablet":{"background-color":"","background-image":"","background-repeat":"repeat","background-position":"center center","background-size":"auto","background-attachment":"scroll","background-type":"","background-media":"","overlay-type":"","overlay-color":"","overlay-opacity":"","overlay-gradient":""},"mobile":{"background-color":"","background-image":"","background-repeat":"repeat","background-position":"center center","background-size":"auto","background-attachment":"scroll","background-type":"","background-media":"","overlay-type":"","overlay-color":"","overlay-opacity":"","overlay-gradient":""}},"ast-content-background-meta":{"desktop":{"background-color":"var(--ast-global-color-5)","background-image":"","background-repeat":"repeat","background-position":"center center","background-size":"auto","background-attachment":"scroll","background-type":"","background-media":"","overlay-type":"","overlay-color":"","overlay-opacity":"","overlay-gradient":""},"tablet":{"background-color":"var(--ast-global-color-5)","background-image":"","background-repeat":"repeat","background-position":"center center","background-size":"auto","background-attachment":"scroll","background-type":"","background-media":"","overlay-type":"","overlay-color":"","overlay-opacity":"","overlay-gradient":""},"mobile":{"background-color":"var(--ast-global-color-5)","background-image":"","background-repeat":"repeat","background-position":"center center","background-size":"auto","background-attachment":"scroll","background-type":"","background-media":"","overlay-type":"","overlay-color":"","overlay-opacity":"","overlay-gradient":""}},"footnotes":""},"class_list":["post-34","page","type-page","status-publish","hentry"],"post_mailing_queue_ids":[],"_links":{"self":[{"href":"https:\/\/agora.xtec.cat\/escavallbernat\/wp-json\/wp\/v2\/pages\/34","targetHints":{"allow":["GET"]}}],"collection":[{"href":"https:\/\/agora.xtec.cat\/escavallbernat\/wp-json\/wp\/v2\/pages"}],"about":[{"href":"https:\/\/agora.xtec.cat\/escavallbernat\/wp-json\/wp\/v2\/types\/page"}],"author":[{"embeddable":true,"href":"https:\/\/agora.xtec.cat\/escavallbernat\/wp-json\/wp\/v2\/users\/1"}],"replies":[{"embeddable":true,"href":"https:\/\/agora.xtec.cat\/escavallbernat\/wp-json\/wp\/v2\/comments?post=34"}],"version-history":[{"count":6,"href":"https:\/\/agora.xtec.cat\/escavallbernat\/wp-json\/wp\/v2\/pages\/34\/revisions"}],"predecessor-version":[{"id":3199,"href":"https:\/\/agora.xtec.cat\/escavallbernat\/wp-json\/wp\/v2\/pages\/34\/revisions\/3199"}],"up":[{"embeddable":true,"href":"https:\/\/agora.xtec.cat\/escavallbernat\/wp-json\/wp\/v2\/pages\/22"}],"wp:attachment":[{"href":"https:\/\/agora.xtec.cat\/escavallbernat\/wp-json\/wp\/v2\/media?parent=34"}],"curies":[{"name":"wp","href":"https:\/\/api.w.org\/{rel}","templated":true}]}}