{"id":64,"date":"2014-09-18T12:39:08","date_gmt":"2014-09-18T11:39:08","guid":{"rendered":"http:\/\/agora.xtec.cat\/escausiasmarch-santacoloma\/?page_id=64"},"modified":"2026-04-07T13:21:51","modified_gmt":"2026-04-07T11:21:51","slug":"projecte-educatiu","status":"publish","type":"page","link":"https:\/\/agora.xtec.cat\/escausiasmarch-santacoloma\/documentacio\/projecte-educatiu\/","title":{"rendered":"Projecte educatiu de Centre (PEC)"},"content":{"rendered":"<p><strong>Missi\u00f3:<\/strong><\/p>\n<p>L&#8217;Escola Ausi\u00e0s March t\u00e9 com a missi\u00f3 educar i formar nens i nenes entre 3 i 12 anys procurant\u00a0 que esdevinguin persones responsables, solid\u00e0ries, respectuoses, segures i competents en les diferents habilitats socials i personals.<\/p>\n<p>Amb aquesta finalitat el centre es defineix com a democr\u00e0tic, plural, inclusiu, estimulador de la iniciativa i de l&#8217;auto-aprenentatge, potenciador dels valors individuals i col\u00b7lectius, innovador i coeducador. Per treballar aquests valors es potencia una gesti\u00f3 participativa i responsable de tots els membres de la comunitat educativa.<\/p>\n<p><strong>Visi\u00f3:<\/strong><\/p>\n<p>La nostra escola vol esdevenir un referent de formaci\u00f3 en el barri i vol proporcionar, a tota la comunitat un entorn de treball participatiu i motivador que faciliti la implicaci\u00f3 de tots en el projecte educatiu. \u00c9s per aix\u00f2 que volem:<\/p>\n<ul style=\"list-style-type: circle;\">\n<li data-indent=\"1\">Millorar el nivell de compet\u00e8ncies b\u00e0siques del nostre alumnat per assolir habilitats socials i personals.<\/li>\n<li data-indent=\"1\">Refor\u00e7ar les estrat\u00e8gies d&#8217;aprenentatge b\u00e0siques que permetin millorar la seva formaci\u00f3 \u00a0acad\u00e8mica.<\/li>\n<li data-indent=\"1\">Fomentar el gust per treballar en un entorn agradable.<\/li>\n<li data-indent=\"1\">Implicar a tots els membres de la comunitat educativa en el proc\u00e9s de formaci\u00f3.<\/li>\n<li data-indent=\"1\">Afavorir el respecte i la cordialitat entre tothom: pares, mares, alumnat, professorat, personal extern,&#8230;..<\/li>\n<li data-indent=\"1\">Aprofundir sistemes de gesti\u00f3 que millorin la tasca docent general i facilitin la relaci\u00f3 fam\u00edlia-escola.<\/li>\n<li data-indent=\"1\">Incentivar l&#8217;acci\u00f3 tutorial.<\/li>\n<\/ul>\n<p><strong>Valors:<\/strong><\/p>\n<ul style=\"list-style-type: circle;\">\n<li>L&#8217;educaci\u00f3 que oferim i oferirem es caracteritza per:<\/li>\n<li data-indent=\"1\">El respecte.<\/li>\n<li data-indent=\"1\">La coeducaci\u00f3<\/li>\n<li data-indent=\"1\">El catal\u00e0 com a llengua vehicular.<\/li>\n<li data-indent=\"1\">Una l\u00ednia metodol\u00f2gica comuna i af\u00ed a tota la comunitat educativa.<\/li>\n<li data-indent=\"1\">La participaci\u00f3 positiva i responsable en la gesti\u00f3 del Centre.<\/li>\n<li data-indent=\"1\">La il\u00b7lusi\u00f3.<\/li>\n<\/ul>\n<p><a href=\"https:\/\/drive.google.com\/file\/d\/1KbXK2d0VSDu6eGKzxBuUZEYOFHHPdPwi\/view?usp=sharing\"><span style=\"color: #cf46cf;\">Fes clic a la imatge per poder consultar el nostre Projecte educatiu de centre (PEC)<\/span><\/a><\/p>\n<p><a href=\"https:\/\/drive.google.com\/file\/d\/1KbXK2d0VSDu6eGKzxBuUZEYOFHHPdPwi\/view?usp=sharing\"><img loading=\"lazy\" decoding=\"async\" class=\"alignnone wp-image-2172\" src=\"https:\/\/agora.xtec.cat\/escausiasmarch-santacoloma\/wp-content\/uploads\/usu305\/2023\/04\/PEC-2022-2026-1_pages-to-jpg-0001-724x1024.jpg\" alt=\"\" width=\"350\" height=\"495\" srcset=\"https:\/\/agora.xtec.cat\/escausiasmarch-santacoloma\/wp-content\/uploads\/usu305\/2023\/04\/PEC-2022-2026-1_pages-to-jpg-0001-724x1024.jpg 724w, https:\/\/agora.xtec.cat\/escausiasmarch-santacoloma\/wp-content\/uploads\/usu305\/2023\/04\/PEC-2022-2026-1_pages-to-jpg-0001-212x300.jpg 212w, https:\/\/agora.xtec.cat\/escausiasmarch-santacoloma\/wp-content\/uploads\/usu305\/2023\/04\/PEC-2022-2026-1_pages-to-jpg-0001-768x1086.jpg 768w, https:\/\/agora.xtec.cat\/escausiasmarch-santacoloma\/wp-content\/uploads\/usu305\/2023\/04\/PEC-2022-2026-1_pages-to-jpg-0001-1086x1536.jpg 1086w, https:\/\/agora.xtec.cat\/escausiasmarch-santacoloma\/wp-content\/uploads\/usu305\/2023\/04\/PEC-2022-2026-1_pages-to-jpg-0001.jpg 1241w\" sizes=\"auto, (max-width: 350px) 100vw, 350px\" \/><\/a><\/p>\n","protected":false},"excerpt":{"rendered":"<p>Missi\u00f3: L&#8217;Escola Ausi\u00e0s March t\u00e9 com a missi\u00f3 educar i formar nens i nenes entre 3 i 12 anys procurant\u00a0 que esdevinguin persones responsables, solid\u00e0ries, respectuoses, segures i competents en les diferents habilitats socials i personals. Amb aquesta finalitat el centre es defineix com a democr\u00e0tic, plural, inclusiu, estimulador de la iniciativa i de l&#8217;auto-aprenentatge, [&hellip;]<\/p>\n","protected":false},"author":1,"featured_media":0,"parent":2665,"menu_order":0,"comment_status":"closed","ping_status":"closed","template":"","meta":{"_bbp_topic_count":0,"_bbp_reply_count":0,"_bbp_total_topic_count":0,"_bbp_total_reply_count":0,"_bbp_voice_count":0,"_bbp_anonymous_reply_count":0,"_bbp_topic_count_hidden":0,"_bbp_reply_count_hidden":0,"_bbp_forum_subforum_count":0,"site-sidebar-layout":"default","site-content-layout":"","ast-site-content-layout":"default","site-content-style":"default","site-sidebar-style":"default","ast-global-header-display":"","ast-banner-title-visibility":"","ast-main-header-display":"","ast-hfb-above-header-display":"","ast-hfb-below-header-display":"","ast-hfb-mobile-header-display":"","site-post-title":"","ast-breadcrumbs-content":"","ast-featured-img":"","footer-sml-layout":"","theme-transparent-header-meta":"default","adv-header-id-meta":"","stick-header-meta":"","header-above-stick-meta":"","header-main-stick-meta":"","header-below-stick-meta":"","astra-migrate-meta-layouts":"set","ast-page-background-enabled":"default","ast-page-background-meta":{"desktop":{"background-color":"var(--ast-global-color-4)","background-image":"","background-repeat":"repeat","background-position":"center center","background-size":"auto","background-attachment":"scroll","background-type":"","background-media":"","overlay-type":"","overlay-color":"","overlay-opacity":"","overlay-gradient":""},"tablet":{"background-color":"","background-image":"","background-repeat":"repeat","background-position":"center center","background-size":"auto","background-attachment":"scroll","background-type":"","background-media":"","overlay-type":"","overlay-color":"","overlay-opacity":"","overlay-gradient":""},"mobile":{"background-color":"","background-image":"","background-repeat":"repeat","background-position":"center center","background-size":"auto","background-attachment":"scroll","background-type":"","background-media":"","overlay-type":"","overlay-color":"","overlay-opacity":"","overlay-gradient":""}},"ast-content-background-meta":{"desktop":{"background-color":"var(--ast-global-color-5)","background-image":"","background-repeat":"repeat","background-position":"center center","background-size":"auto","background-attachment":"scroll","background-type":"","background-media":"","overlay-type":"","overlay-color":"","overlay-opacity":"","overlay-gradient":""},"tablet":{"background-color":"var(--ast-global-color-5)","background-image":"","background-repeat":"repeat","background-position":"center center","background-size":"auto","background-attachment":"scroll","background-type":"","background-media":"","overlay-type":"","overlay-color":"","overlay-opacity":"","overlay-gradient":""},"mobile":{"background-color":"var(--ast-global-color-5)","background-image":"","background-repeat":"repeat","background-position":"center center","background-size":"auto","background-attachment":"scroll","background-type":"","background-media":"","overlay-type":"","overlay-color":"","overlay-opacity":"","overlay-gradient":""}},"footnotes":""},"class_list":["post-64","page","type-page","status-publish","hentry"],"post_mailing_queue_ids":[],"_links":{"self":[{"href":"https:\/\/agora.xtec.cat\/escausiasmarch-santacoloma\/wp-json\/wp\/v2\/pages\/64","targetHints":{"allow":["GET"]}}],"collection":[{"href":"https:\/\/agora.xtec.cat\/escausiasmarch-santacoloma\/wp-json\/wp\/v2\/pages"}],"about":[{"href":"https:\/\/agora.xtec.cat\/escausiasmarch-santacoloma\/wp-json\/wp\/v2\/types\/page"}],"author":[{"embeddable":true,"href":"https:\/\/agora.xtec.cat\/escausiasmarch-santacoloma\/wp-json\/wp\/v2\/users\/1"}],"replies":[{"embeddable":true,"href":"https:\/\/agora.xtec.cat\/escausiasmarch-santacoloma\/wp-json\/wp\/v2\/comments?post=64"}],"version-history":[{"count":3,"href":"https:\/\/agora.xtec.cat\/escausiasmarch-santacoloma\/wp-json\/wp\/v2\/pages\/64\/revisions"}],"predecessor-version":[{"id":2174,"href":"https:\/\/agora.xtec.cat\/escausiasmarch-santacoloma\/wp-json\/wp\/v2\/pages\/64\/revisions\/2174"}],"up":[{"embeddable":true,"href":"https:\/\/agora.xtec.cat\/escausiasmarch-santacoloma\/wp-json\/wp\/v2\/pages\/2665"}],"wp:attachment":[{"href":"https:\/\/agora.xtec.cat\/escausiasmarch-santacoloma\/wp-json\/wp\/v2\/media?parent=64"}],"curies":[{"name":"wp","href":"https:\/\/api.w.org\/{rel}","templated":true}]}}

<p><strong>Missió:</strong></p>
<p>L&#8217;Escola Ausiàs March té com a missió educar i formar nens i nenes entre 3 i 12 anys procurant  que esdevinguin persones responsables, solidàries, respectuoses, segures i competents en les diferents habilitats socials i personals.</p>
<p>Amb aquesta finalitat el centre es defineix com a democràtic, plural, inclusiu, estimulador de la iniciativa i de l&#8217;auto-aprenentatge, potenciador dels valors individuals i col·lectius, innovador i coeducador. Per treballar aquests valors es potencia una gestió participativa i responsable de tots els membres de la comunitat educativa.</p>
<p><strong>Visió:</strong></p>
<p>La nostra escola vol esdevenir un referent de formació en el barri i vol proporcionar, a tota la comunitat un entorn de treball participatiu i motivador que faciliti la implicació de tots en el projecte educatiu. És per això que volem:</p>
<ul style="list-style-type: circle;">
<li data-indent="1">Millorar el nivell de competències bàsiques del nostre alumnat per assolir habilitats socials i personals.</li>
<li data-indent="1">Reforçar les estratègies d&#8217;aprenentatge bàsiques que permetin millorar la seva formació  acadèmica.</li>
<li data-indent="1">Fomentar el gust per treballar en un entorn agradable.</li>
<li data-indent="1">Implicar a tots els membres de la comunitat educativa en el procés de formació.</li>
<li data-indent="1">Afavorir el respecte i la cordialitat entre tothom: pares, mares, alumnat, professorat, personal extern,&#8230;..</li>
<li data-indent="1">Aprofundir sistemes de gestió que millorin la tasca docent general i facilitin la relació família-escola.</li>
<li data-indent="1">Incentivar l&#8217;acció tutorial.</li>
</ul>
<p><strong>Valors:</strong></p>
<ul style="list-style-type: circle;">
<li>L&#8217;educació que oferim i oferirem es caracteritza per:</li>
<li data-indent="1">El respecte.</li>
<li data-indent="1">La coeducació</li>
<li data-indent="1">El català com a llengua vehicular.</li>
<li data-indent="1">Una línia metodològica comuna i afí a tota la comunitat educativa.</li>
<li data-indent="1">La participació positiva i responsable en la gestió del Centre.</li>
<li data-indent="1">La il·lusió.</li>
</ul>
<p><a href="https://drive.google.com/file/d/1KbXK2d0VSDu6eGKzxBuUZEYOFHHPdPwi/view?usp=sharing"><span style="color: #cf46cf;">Fes clic a la imatge per poder consultar el nostre Projecte educatiu de centre (PEC)</span></a></p>
<p><a href="https://drive.google.com/file/d/1KbXK2d0VSDu6eGKzxBuUZEYOFHHPdPwi/view?usp=sharing"><img loading="lazy" decoding="async" class="alignnone wp-image-2172" src="https://agora.xtec.cat/escausiasmarch-santacoloma/wp-content/uploads/usu305/2023/04/PEC-2022-2026-1_pages-to-jpg-0001-724x1024.jpg" alt="" width="350" height="495" srcset="https://agora.xtec.cat/escausiasmarch-santacoloma/wp-content/uploads/usu305/2023/04/PEC-2022-2026-1_pages-to-jpg-0001-724x1024.jpg 724w, https://agora.xtec.cat/escausiasmarch-santacoloma/wp-content/uploads/usu305/2023/04/PEC-2022-2026-1_pages-to-jpg-0001-212x300.jpg 212w, https://agora.xtec.cat/escausiasmarch-santacoloma/wp-content/uploads/usu305/2023/04/PEC-2022-2026-1_pages-to-jpg-0001-768x1086.jpg 768w, https://agora.xtec.cat/escausiasmarch-santacoloma/wp-content/uploads/usu305/2023/04/PEC-2022-2026-1_pages-to-jpg-0001-1086x1536.jpg 1086w, https://agora.xtec.cat/escausiasmarch-santacoloma/wp-content/uploads/usu305/2023/04/PEC-2022-2026-1_pages-to-jpg-0001.jpg 1241w" sizes="auto, (max-width: 350px) 100vw, 350px" /></a></p>

<p>Missió: L&#8217;Escola Ausiàs March té com a missió educar i formar nens i nenes entre 3 i 12 anys procurant  que esdevinguin persones responsables, solidàries, respectuoses, segures i competents en les diferents habilitats socials i personals. Amb aquesta finalitat el centre es defineix com a democràtic, plural, inclusiu, estimulador de la iniciativa i de l&#8217;auto-aprenentatge, [&hellip;]</p>
