{"id":627,"date":"2020-03-02T13:13:21","date_gmt":"2020-03-02T12:13:21","guid":{"rendered":"https:\/\/agora.xtec.cat\/escausiasmarch-santacoloma\/?page_id=627"},"modified":"2026-04-07T13:22:09","modified_gmt":"2026-04-07T11:22:09","slug":"projecte-linguistic-de-centre-extracte","status":"publish","type":"page","link":"https:\/\/agora.xtec.cat\/escausiasmarch-santacoloma\/documentacio\/projecte-linguistic-de-centre-extracte\/","title":{"rendered":"Projecte Ling\u00fc\u00edstic de Centre (Extracte)"},"content":{"rendered":"<p style=\"text-align: left;\">El Projecte Ling\u00fc\u00edstic de Centre (PLC) incl\u00f2s al Projecte Educatiu de Centre, \u00e9s un instrument d&#8217;organitzaci\u00f3 i de gesti\u00f3 per mitj\u00e0 del qual el centre dissenya ,a partir de la seva pr\u00f2pia realitat i d&#8217;acord amb la normativa vigent, de quina manera planteja el tractament de les lleng\u00fces presents al curr\u00edculum.<br \/>\nAquest Projecte recull els aspectes relatius a l\u2019ensenyament i a l\u2019\u00fas de les lleng\u00fces al Centre. A m\u00e9s, la configuraci\u00f3 d\u2019una sola \u00e0rea per les lleng\u00fces (catal\u00e0 i castell\u00e0) per tal d\u2019afavorir la transfer\u00e8ncia d\u2019aprenentatges entre ambdues. Aix\u00ed doncs, s\u2019establiran al Projecte Ling\u00fc\u00edstic de Centre els criteris que permetin refor\u00e7ar i no repetir els elements comuns d\u2019ambdues lleng\u00fces.<\/p>\n<p style=\"text-align: left;\"><strong>2.1. La llengua catalana, llengua vehicular i d\u2019aprenentatge<\/strong><br \/>\n<em>2.1.2.2. Llengua oral<\/em><br \/>\nLa llengua oral es treballa espec\u00edficament a Educaci\u00f3 Infantil mitjan\u00e7ant els racons, en petits grups fora de l&#8217;aula i s&#8217;ha comen\u00e7at a portar a terme el M\u00e8tode Artigal en llengua catalana a tota l&#8217;etapa d&#8217;infantil per tal d&#8217;encoratjar i potenciar-la oralment.<br \/>\nAquest m\u00e8tode basat en petites hist\u00f2ries senzilles, r\u00edtmiques i rimades convida a la seva participaci\u00f3 mitjan\u00e7ant la imitaci\u00f3, i per tal reproducci\u00f3 d&#8217;aquests contes, obtenint una adquisici\u00f3 del llenguatge i frases que els infants reprodueixen de forma natural convertint-se ells mateixos en narradors de la hist\u00f2ria que reproduiran a les seves fam\u00edlies i entorn m\u00e9s proper. A P3 hi ha una sessi\u00f3 setmanal i a P4 i P5 dues.<br \/>\nA partir de Prim\u00e0ria es desdobla tot el grup com a m\u00ednim una sessi\u00f3 setmanal a llengua catalana, llengua castellana i llengua anglesa per treballar l \u0301expressi\u00f3 oral. S&#8217;usen diferents tipus de recursos per motivar a l&#8217;alumnat en l&#8217;\u00fas de la llengua i facilitar el seu aprenentatge. Darrerament s&#8217;estan realitzant reunions peri\u00f2diques per ampliar els recursos de millora d&#8217;aquesta compet\u00e8ncia, concretament estem mirant d \u0301usar com a recurs les festes que celebrem per treballar la llengua oral.<\/p>\n<p style=\"text-align: left;\"><em>2.1.2.3. Llengua escrita<\/em><br \/>\nEn el primer cicle d\u2019Educaci\u00f3 Prim\u00e0ria es preveu l\u2019aprenentatge de la lectura i escriptura en llengua catalana. Tot i aix\u00ed es treballa la llengua escrita des de tots els nivells i totes les mat\u00e8ries. En llengua catalana tenim recollits diferents tipus de textos per dinamitzar l&#8217;\u00fas de la llengua escrita, aix\u00ed com la creaci\u00f3 d&#8217;una revista trimestral on els alumnes presenten creacions pr\u00f2pies i fem un \u00fas important de les produccions escrites dels alumnes a la festa de Sant Jordi, amb la celebraci\u00f3 d&#8217;uns Jocs Florals.<\/p>\n<p style=\"text-align: left;\"><em>2.1.2.4. Relaci\u00f3 llengua oral i llengua escrita<\/em><br \/>\nPer donar cohesi\u00f3 a l&#8217;\u00fas conjunt de la llengua oral i la llengua escrita, l&#8217;escola d\u00f3na especial import\u00e0ncia a activitats tipus: escriptura i posterior lectura de poemes escrits pel alumnes, obres de teatre en diferents lleng\u00fces (angl\u00e8s, castell\u00e0) , redacci\u00f3 i lectura de not\u00edcies d \u0301actualitat, lectura de textos escrits pels propis alumnes&#8230;.<\/p>\n<p style=\"text-align: left;\"><em>2.1.2.7. Acollida d\u2019alumnat nouvingut i ensenyament inicial de la llengua vehicular<\/em><br \/>\nActualment est\u00e0 en funcionament l&#8217;Aula d&#8217;Acollida on l&#8217;alumnat nouvingut hi assisteixen amb una periodicitat de dos cursos escolars. L&#8217; horari d&#8217;aquesta Aula no interfereix en aquelles mat\u00e8ries que l&#8217;alumnat nouvingut pot compartir amb els companys de classe. Quan un alumne nou arriba a l&#8217;escola, la mestra de l&#8217; Aula d\u2019Acollida el rep, li passa unes proves de nivell i se\u2019l presenta al curs al qual est\u00e0 assignat. Posteriorment, se li assignen una s\u00e8rie d&#8217; hores (normalment, coincideixen amb les hores de llengua catalana) on l&#8217;alumne assisteix a l&#8217;Aula d&#8217;Acollida i les altres assignatures les comparteix amb els seus nous companys\/es.<\/p>\n<p style=\"text-align: left;\"><strong>2.2. La llengua castellana<\/strong><br \/>\n<em>2.2.1.1. Introducci\u00f3 de la llengua castellana<\/em><br \/>\nLa llengua castellana s&#8217;introdueix a nivell oral a primer curs de Cicle Inicial, per arribar, al final del mateix cicle, a transferir al castell\u00e0 els aprenentatges assolits de lectura i escriptura.<\/p>\n<p style=\"text-align: left;\"><em>2.2.1.2. Llengua oral<\/em><br \/>\nLa llengua oral es treballa sobretot al primer curs de Cicle Inicial i al llarg de tota la Prim\u00e0ria s&#8217;ha buscat una forma organitzativa per tal de poder treballar l&#8217;expressi\u00f3 oral, treballant amb mig grup, de manera que la participaci\u00f3 i atenci\u00f3 dels alumnes \u00e9s molt m\u00e9s elevada.<\/p>\n<p style=\"text-align: left;\"><em>2.2.1.3. Llengua escrita<\/em><br \/>\nPel que fa al tractament de la llengua escrita, es d\u00f3na import\u00e0ncia a la coher\u00e8ncia, la riquesa l\u00e8xica i l&#8217;expressi\u00f3. Es treballen diferents tipus de textos pr\u00e8viament treballats amb un model. Es d\u00f3na tamb\u00e9 import\u00e0ncia a l&#8217;ortografia i al coneixement de les seves normes .<\/p>\n<p><strong>2.3. Altres lleng\u00fces<\/strong><br \/>\n<em>2.3.1.1. Estrat\u00e8gies generals per a l\u2019assoliment de l\u2019objectiu de l\u2019etapa<\/em><br \/>\nLa nostra escola va iniciar durant el curs 2005-2006 un projecte per introduir l&#8217;aprenentatge de la llengua anglesa a partir d&#8217;Educaci\u00f3 Infantil (4 anys). L&#8217;aprenentatge es realitza fins a 6\u00e8 curs de Prim\u00e0ria.<br \/>\n<em>2.3.1.1.1. Desplegament del curr\u00edculum T<\/em><br \/>\nDurant l \u0301etapa d\u2019Educaci\u00f3 Infantil es treballen totes les sessions amb mig grup i, a partir de primer de Prim\u00e0ria hi ha una sessi\u00f3 setmanal de grup desdoblat per tal d&#8217;afavorir la recepci\u00f3, producci\u00f3 i interacci\u00f3 oral de l&#8217;alumnat, i per integrar l&#8217;\u00fas de les tecnologies de la informaci\u00f3 i comunicaci\u00f3 em l&#8217;aprenentatge de la llengua estrangera. Aquesta opci\u00f3, amb la seva organitzaci\u00f3 curricular es realitzar\u00e0 sempre i quan hi hagin els recursos professionals necessaris.<br \/>\n<em>2.3.1.1.2. Metodologia<\/em><br \/>\nA Educaci\u00f3 Infantil es treballa la llengua anglesa a partir d&#8217;uns contes i del material espec\u00edfic que comporten. Des de fa uns quants cursos que a l&#8217;escola el M\u00e8tode Artigal funciona en llengua anglesa tant a P4 com a P5 un cop per setmana.<br \/>\nLa seva metodologia \u00e9s la mateixa que en llengua catalana, tot i que les hist\u00f2ries s\u00f3n diferents tant en una llengua com en una altra.<\/p>\n<p style=\"text-align: left;\">Des del curs 2017-2018 hi ha un Ambient a Educaci\u00f3 infantil que es fa en llengua anglesa. \u00c9s un primer contacte amb aquesta llengua pels alumnes de P3 i una manera de refermar el aprenentatge pels alumnes de P4 i P5.<br \/>\nL&#8217;objectiu d&#8217;aquestes sessions \u00e9s familiaritzar-se amb aquesta llengua a trav\u00e9s d&#8217;un aprenentatge significatiu.<br \/>\nA partir de la Prim\u00e0ria, els alumnes segueixen un llibre de text espec\u00edfic i materials complementaris, aix\u00ed com l&#8217;\u00fas regular de les TIC<\/p>\n<p><a href=\"https:\/\/drive.google.com\/file\/d\/19lUL_XGwK1wiU4-EwTi0HNwhwCeR7nBH\/view?usp=sharing\">Enlla\u00e7 al document<\/a><\/p>\n","protected":false},"excerpt":{"rendered":"<p>El Projecte Ling\u00fc\u00edstic de Centre (PLC) incl\u00f2s al Projecte Educatiu de Centre, \u00e9s un instrument d&#8217;organitzaci\u00f3 i de gesti\u00f3 per mitj\u00e0 del qual el centre dissenya ,a partir de la seva pr\u00f2pia realitat i d&#8217;acord amb la normativa vigent, de quina manera planteja el tractament de les lleng\u00fces presents al curr\u00edculum. Aquest Projecte recull els [&hellip;]<\/p>\n","protected":false},"author":1,"featured_media":0,"parent":2665,"menu_order":0,"comment_status":"closed","ping_status":"closed","template":"","meta":{"_bbp_topic_count":0,"_bbp_reply_count":0,"_bbp_total_topic_count":0,"_bbp_total_reply_count":0,"_bbp_voice_count":0,"_bbp_anonymous_reply_count":0,"_bbp_topic_count_hidden":0,"_bbp_reply_count_hidden":0,"_bbp_forum_subforum_count":0,"site-sidebar-layout":"default","site-content-layout":"","ast-site-content-layout":"default","site-content-style":"default","site-sidebar-style":"default","ast-global-header-display":"","ast-banner-title-visibility":"","ast-main-header-display":"","ast-hfb-above-header-display":"","ast-hfb-below-header-display":"","ast-hfb-mobile-header-display":"","site-post-title":"","ast-breadcrumbs-content":"","ast-featured-img":"","footer-sml-layout":"","theme-transparent-header-meta":"default","adv-header-id-meta":"","stick-header-meta":"","header-above-stick-meta":"","header-main-stick-meta":"","header-below-stick-meta":"","astra-migrate-meta-layouts":"set","ast-page-background-enabled":"default","ast-page-background-meta":{"desktop":{"background-color":"var(--ast-global-color-4)","background-image":"","background-repeat":"repeat","background-position":"center center","background-size":"auto","background-attachment":"scroll","background-type":"","background-media":"","overlay-type":"","overlay-color":"","overlay-opacity":"","overlay-gradient":""},"tablet":{"background-color":"","background-image":"","background-repeat":"repeat","background-position":"center center","background-size":"auto","background-attachment":"scroll","background-type":"","background-media":"","overlay-type":"","overlay-color":"","overlay-opacity":"","overlay-gradient":""},"mobile":{"background-color":"","background-image":"","background-repeat":"repeat","background-position":"center center","background-size":"auto","background-attachment":"scroll","background-type":"","background-media":"","overlay-type":"","overlay-color":"","overlay-opacity":"","overlay-gradient":""}},"ast-content-background-meta":{"desktop":{"background-color":"var(--ast-global-color-5)","background-image":"","background-repeat":"repeat","background-position":"center center","background-size":"auto","background-attachment":"scroll","background-type":"","background-media":"","overlay-type":"","overlay-color":"","overlay-opacity":"","overlay-gradient":""},"tablet":{"background-color":"var(--ast-global-color-5)","background-image":"","background-repeat":"repeat","background-position":"center center","background-size":"auto","background-attachment":"scroll","background-type":"","background-media":"","overlay-type":"","overlay-color":"","overlay-opacity":"","overlay-gradient":""},"mobile":{"background-color":"var(--ast-global-color-5)","background-image":"","background-repeat":"repeat","background-position":"center center","background-size":"auto","background-attachment":"scroll","background-type":"","background-media":"","overlay-type":"","overlay-color":"","overlay-opacity":"","overlay-gradient":""}},"footnotes":""},"class_list":["post-627","page","type-page","status-publish","hentry"],"post_mailing_queue_ids":[],"_links":{"self":[{"href":"https:\/\/agora.xtec.cat\/escausiasmarch-santacoloma\/wp-json\/wp\/v2\/pages\/627","targetHints":{"allow":["GET"]}}],"collection":[{"href":"https:\/\/agora.xtec.cat\/escausiasmarch-santacoloma\/wp-json\/wp\/v2\/pages"}],"about":[{"href":"https:\/\/agora.xtec.cat\/escausiasmarch-santacoloma\/wp-json\/wp\/v2\/types\/page"}],"author":[{"embeddable":true,"href":"https:\/\/agora.xtec.cat\/escausiasmarch-santacoloma\/wp-json\/wp\/v2\/users\/1"}],"replies":[{"embeddable":true,"href":"https:\/\/agora.xtec.cat\/escausiasmarch-santacoloma\/wp-json\/wp\/v2\/comments?post=627"}],"version-history":[{"count":3,"href":"https:\/\/agora.xtec.cat\/escausiasmarch-santacoloma\/wp-json\/wp\/v2\/pages\/627\/revisions"}],"predecessor-version":[{"id":2157,"href":"https:\/\/agora.xtec.cat\/escausiasmarch-santacoloma\/wp-json\/wp\/v2\/pages\/627\/revisions\/2157"}],"up":[{"embeddable":true,"href":"https:\/\/agora.xtec.cat\/escausiasmarch-santacoloma\/wp-json\/wp\/v2\/pages\/2665"}],"wp:attachment":[{"href":"https:\/\/agora.xtec.cat\/escausiasmarch-santacoloma\/wp-json\/wp\/v2\/media?parent=627"}],"curies":[{"name":"wp","href":"https:\/\/api.w.org\/{rel}","templated":true}]}}

Projecte Lingüístic de Centre (Extracte)

<p style="text-align: left;">El Projecte Lingüístic de Centre (PLC) inclòs al Projecte Educatiu de Centre, és un instrument d&#8217;organització i de gestió per mitjà del qual el centre dissenya ,a partir de la seva pròpia realitat i d&#8217;acord amb la normativa vigent, de quina manera planteja el tractament de les llengües presents al currículum.<br />
Aquest Projecte recull els aspectes relatius a l’ensenyament i a l’ús de les llengües al Centre. A més, la configuració d’una sola àrea per les llengües (català i castellà) per tal d’afavorir la transferència d’aprenentatges entre ambdues. Així doncs, s’establiran al Projecte Lingüístic de Centre els criteris que permetin reforçar i no repetir els elements comuns d’ambdues llengües.</p>
<p style="text-align: left;"><strong>2.1. La llengua catalana, llengua vehicular i d’aprenentatge</strong><br />
<em>2.1.2.2. Llengua oral</em><br />
La llengua oral es treballa específicament a Educació Infantil mitjançant els racons, en petits grups fora de l&#8217;aula i s&#8217;ha començat a portar a terme el Mètode Artigal en llengua catalana a tota l&#8217;etapa d&#8217;infantil per tal d&#8217;encoratjar i potenciar-la oralment.<br />
Aquest mètode basat en petites històries senzilles, rítmiques i rimades convida a la seva participació mitjançant la imitació, i per tal reproducció d&#8217;aquests contes, obtenint una adquisició del llenguatge i frases que els infants reprodueixen de forma natural convertint-se ells mateixos en narradors de la història que reproduiran a les seves famílies i entorn més proper. A P3 hi ha una sessió setmanal i a P4 i P5 dues.<br />
A partir de Primària es desdobla tot el grup com a mínim una sessió setmanal a llengua catalana, llengua castellana i llengua anglesa per treballar l ́expressió oral. S&#8217;usen diferents tipus de recursos per motivar a l&#8217;alumnat en l&#8217;ús de la llengua i facilitar el seu aprenentatge. Darrerament s&#8217;estan realitzant reunions periòdiques per ampliar els recursos de millora d&#8217;aquesta competència, concretament estem mirant d ́usar com a recurs les festes que celebrem per treballar la llengua oral.</p>
<p style="text-align: left;"><em>2.1.2.3. Llengua escrita</em><br />
En el primer cicle d’Educació Primària es preveu l’aprenentatge de la lectura i escriptura en llengua catalana. Tot i així es treballa la llengua escrita des de tots els nivells i totes les matèries. En llengua catalana tenim recollits diferents tipus de textos per dinamitzar l&#8217;ús de la llengua escrita, així com la creació d&#8217;una revista trimestral on els alumnes presenten creacions pròpies i fem un ús important de les produccions escrites dels alumnes a la festa de Sant Jordi, amb la celebració d&#8217;uns Jocs Florals.</p>
<p style="text-align: left;"><em>2.1.2.4. Relació llengua oral i llengua escrita</em><br />
Per donar cohesió a l&#8217;ús conjunt de la llengua oral i la llengua escrita, l&#8217;escola dóna especial importància a activitats tipus: escriptura i posterior lectura de poemes escrits pel alumnes, obres de teatre en diferents llengües (anglès, castellà) , redacció i lectura de notícies d ́actualitat, lectura de textos escrits pels propis alumnes&#8230;.</p>
<p style="text-align: left;"><em>2.1.2.7. Acollida d’alumnat nouvingut i ensenyament inicial de la llengua vehicular</em><br />
Actualment està en funcionament l&#8217;Aula d&#8217;Acollida on l&#8217;alumnat nouvingut hi assisteixen amb una periodicitat de dos cursos escolars. L&#8217; horari d&#8217;aquesta Aula no interfereix en aquelles matèries que l&#8217;alumnat nouvingut pot compartir amb els companys de classe. Quan un alumne nou arriba a l&#8217;escola, la mestra de l&#8217; Aula d’Acollida el rep, li passa unes proves de nivell i se’l presenta al curs al qual està assignat. Posteriorment, se li assignen una sèrie d&#8217; hores (normalment, coincideixen amb les hores de llengua catalana) on l&#8217;alumne assisteix a l&#8217;Aula d&#8217;Acollida i les altres assignatures les comparteix amb els seus nous companys/es.</p>
<p style="text-align: left;"><strong>2.2. La llengua castellana</strong><br />
<em>2.2.1.1. Introducció de la llengua castellana</em><br />
La llengua castellana s&#8217;introdueix a nivell oral a primer curs de Cicle Inicial, per arribar, al final del mateix cicle, a transferir al castellà els aprenentatges assolits de lectura i escriptura.</p>
<p style="text-align: left;"><em>2.2.1.2. Llengua oral</em><br />
La llengua oral es treballa sobretot al primer curs de Cicle Inicial i al llarg de tota la Primària s&#8217;ha buscat una forma organitzativa per tal de poder treballar l&#8217;expressió oral, treballant amb mig grup, de manera que la participació i atenció dels alumnes és molt més elevada.</p>
<p style="text-align: left;"><em>2.2.1.3. Llengua escrita</em><br />
Pel que fa al tractament de la llengua escrita, es dóna importància a la coherència, la riquesa lèxica i l&#8217;expressió. Es treballen diferents tipus de textos prèviament treballats amb un model. Es dóna també importància a l&#8217;ortografia i al coneixement de les seves normes .</p>
<p><strong>2.3. Altres llengües</strong><br />
<em>2.3.1.1. Estratègies generals per a l’assoliment de l’objectiu de l’etapa</em><br />
La nostra escola va iniciar durant el curs 2005-2006 un projecte per introduir l&#8217;aprenentatge de la llengua anglesa a partir d&#8217;Educació Infantil (4 anys). L&#8217;aprenentatge es realitza fins a 6è curs de Primària.<br />
<em>2.3.1.1.1. Desplegament del currículum T</em><br />
Durant l ́etapa d’Educació Infantil es treballen totes les sessions amb mig grup i, a partir de primer de Primària hi ha una sessió setmanal de grup desdoblat per tal d&#8217;afavorir la recepció, producció i interacció oral de l&#8217;alumnat, i per integrar l&#8217;ús de les tecnologies de la informació i comunicació em l&#8217;aprenentatge de la llengua estrangera. Aquesta opció, amb la seva organització curricular es realitzarà sempre i quan hi hagin els recursos professionals necessaris.<br />
<em>2.3.1.1.2. Metodologia</em><br />
A Educació Infantil es treballa la llengua anglesa a partir d&#8217;uns contes i del material específic que comporten. Des de fa uns quants cursos que a l&#8217;escola el Mètode Artigal funciona en llengua anglesa tant a P4 com a P5 un cop per setmana.<br />
La seva metodologia és la mateixa que en llengua catalana, tot i que les històries són diferents tant en una llengua com en una altra.</p>
<p style="text-align: left;">Des del curs 2017-2018 hi ha un Ambient a Educació infantil que es fa en llengua anglesa. És un primer contacte amb aquesta llengua pels alumnes de P3 i una manera de refermar el aprenentatge pels alumnes de P4 i P5.<br />
L&#8217;objectiu d&#8217;aquestes sessions és familiaritzar-se amb aquesta llengua a través d&#8217;un aprenentatge significatiu.<br />
A partir de la Primària, els alumnes segueixen un llibre de text específic i materials complementaris, així com l&#8217;ús regular de les TIC</p>
<p><a href="https://drive.google.com/file/d/19lUL_XGwK1wiU4-EwTi0HNwhwCeR7nBH/view?usp=sharing">Enllaç al document</a></p>

<p>El Projecte Lingüístic de Centre (PLC) inclòs al Projecte Educatiu de Centre, és un instrument d&#8217;organització i de gestió per mitjà del qual el centre dissenya ,a partir de la seva pròpia realitat i d&#8217;acord amb la normativa vigent, de quina manera planteja el tractament de les llengües presents al currículum. Aquest Projecte recull els [&hellip;]</p>
