{"id":28,"date":"2014-09-18T12:29:35","date_gmt":"2014-09-18T11:29:35","guid":{"rendered":"http:\/\/agora.xtec.cat\/escausiasmarch-santacoloma\/?page_id=28"},"modified":"2024-02-19T12:19:35","modified_gmt":"2024-02-19T11:19:35","slug":"consell-escolar","status":"publish","type":"page","link":"https:\/\/agora.xtec.cat\/escausiasmarch-santacoloma\/lescola\/consell-escolar\/","title":{"rendered":"Consell escolar"},"content":{"rendered":"<p><strong>Qu\u00e8 \u00e9s el Consell Escolar?<\/strong><\/p>\n<p>\u00c9s un \u00f2rgan col\u00b7legiat de tot el Centre que exerceix les atribucions que la llei li confia a partir de propostes pr\u00e8viament elaborades per altres \u00f2rgans de govern del Centre.<\/p>\n<p><strong>\u00a0Composici\u00f3<\/strong><\/p>\n<ul>\n<li data-indent=\"1\">La directora, que \u00e9s la presidenta.<\/li>\n<li data-indent=\"1\">La cap d\u2019estudis.<\/li>\n<li data-indent=\"1\">La secretaria .<\/li>\n<li data-indent=\"1\">3 representants de mestres.<\/li>\n<li data-indent=\"1\">3 representants de fam\u00edlies.<\/li>\n<li data-indent=\"1\">1 representant de l\u2019AFA.<\/li>\n<li data-indent=\"1\">1 representant de PAS.<\/li>\n<li data-indent=\"1\">1 representant de l\u2019Ajuntament.<\/li>\n<\/ul>\n<p><strong>Funcions<\/strong> (m\u00e9s destacades):<\/p>\n<ul>\n<li data-indent=\"1\">Aprovar el Projecte Educatiu, les normes de funcionament i organitzaci\u00f3 i supervisar la marxa general del Centre.<\/li>\n<li data-indent=\"1\">Aprovar la programaci\u00f3 general del Centre i participar en l\u2019aplicaci\u00f3 i avaluaci\u00f3 d\u2019aquesta programaci\u00f3.<\/li>\n<li data-indent=\"1\">Aprovar propostes d\u2019acord de corresponsabilitat (PAC) i altres convenis.<\/li>\n<li data-indent=\"1\">Fixar directrius per a la programaci\u00f3 i el desenvolupament de les activitats complement\u00e0ries i extraescolars.<\/li>\n<li data-indent=\"1\">Intervenir en la resoluci\u00f3 de conflictes.<\/li>\n<li data-indent=\"1\">Participar en el proc\u00e9s de designaci\u00f3 i de cessament del director del Centre.<\/li>\n<li data-indent=\"1\">Aprovar la mem\u00f2ria anual del Centre.<\/li>\n<li data-indent=\"1\">Aprovar el pressupost anual.<\/li>\n<\/ul>\n","protected":false},"excerpt":{"rendered":"<p>Qu\u00e8 \u00e9s el Consell Escolar? \u00c9s un \u00f2rgan col\u00b7legiat de tot el Centre que exerceix les atribucions que la llei li confia a partir de propostes pr\u00e8viament elaborades per altres \u00f2rgans de govern del Centre. \u00a0Composici\u00f3 La directora, que \u00e9s la presidenta. La cap d\u2019estudis. La secretaria . 3 representants de mestres. 3 representants de [&hellip;]<\/p>\n","protected":false},"author":1,"featured_media":0,"parent":22,"menu_order":30,"comment_status":"closed","ping_status":"closed","template":"page-templates\/side-menu.php","meta":{"_bbp_topic_count":0,"_bbp_reply_count":0,"_bbp_total_topic_count":0,"_bbp_total_reply_count":0,"_bbp_voice_count":0,"_bbp_anonymous_reply_count":0,"_bbp_topic_count_hidden":0,"_bbp_reply_count_hidden":0,"_bbp_forum_subforum_count":0,"site-sidebar-layout":"default","site-content-layout":"","ast-site-content-layout":"","site-content-style":"default","site-sidebar-style":"default","ast-global-header-display":"","ast-banner-title-visibility":"","ast-main-header-display":"","ast-hfb-above-header-display":"","ast-hfb-below-header-display":"","ast-hfb-mobile-header-display":"","site-post-title":"","ast-breadcrumbs-content":"","ast-featured-img":"","footer-sml-layout":"","theme-transparent-header-meta":"","adv-header-id-meta":"","stick-header-meta":"","header-above-stick-meta":"","header-main-stick-meta":"","header-below-stick-meta":"","astra-migrate-meta-layouts":"default","ast-page-background-enabled":"default","ast-page-background-meta":{"desktop":{"background-color":"var(--ast-global-color-4)","background-image":"","background-repeat":"repeat","background-position":"center center","background-size":"auto","background-attachment":"scroll","background-type":"","background-media":"","overlay-type":"","overlay-color":"","overlay-opacity":"","overlay-gradient":""},"tablet":{"background-color":"","background-image":"","background-repeat":"repeat","background-position":"center center","background-size":"auto","background-attachment":"scroll","background-type":"","background-media":"","overlay-type":"","overlay-color":"","overlay-opacity":"","overlay-gradient":""},"mobile":{"background-color":"","background-image":"","background-repeat":"repeat","background-position":"center center","background-size":"auto","background-attachment":"scroll","background-type":"","background-media":"","overlay-type":"","overlay-color":"","overlay-opacity":"","overlay-gradient":""}},"ast-content-background-meta":{"desktop":{"background-color":"var(--ast-global-color-5)","background-image":"","background-repeat":"repeat","background-position":"center center","background-size":"auto","background-attachment":"scroll","background-type":"","background-media":"","overlay-type":"","overlay-color":"","overlay-opacity":"","overlay-gradient":""},"tablet":{"background-color":"var(--ast-global-color-5)","background-image":"","background-repeat":"repeat","background-position":"center center","background-size":"auto","background-attachment":"scroll","background-type":"","background-media":"","overlay-type":"","overlay-color":"","overlay-opacity":"","overlay-gradient":""},"mobile":{"background-color":"var(--ast-global-color-5)","background-image":"","background-repeat":"repeat","background-position":"center center","background-size":"auto","background-attachment":"scroll","background-type":"","background-media":"","overlay-type":"","overlay-color":"","overlay-opacity":"","overlay-gradient":""}},"footnotes":""},"class_list":["post-28","page","type-page","status-publish","hentry"],"post_mailing_queue_ids":[],"_links":{"self":[{"href":"https:\/\/agora.xtec.cat\/escausiasmarch-santacoloma\/wp-json\/wp\/v2\/pages\/28","targetHints":{"allow":["GET"]}}],"collection":[{"href":"https:\/\/agora.xtec.cat\/escausiasmarch-santacoloma\/wp-json\/wp\/v2\/pages"}],"about":[{"href":"https:\/\/agora.xtec.cat\/escausiasmarch-santacoloma\/wp-json\/wp\/v2\/types\/page"}],"author":[{"embeddable":true,"href":"https:\/\/agora.xtec.cat\/escausiasmarch-santacoloma\/wp-json\/wp\/v2\/users\/1"}],"replies":[{"embeddable":true,"href":"https:\/\/agora.xtec.cat\/escausiasmarch-santacoloma\/wp-json\/wp\/v2\/comments?post=28"}],"version-history":[{"count":6,"href":"https:\/\/agora.xtec.cat\/escausiasmarch-santacoloma\/wp-json\/wp\/v2\/pages\/28\/revisions"}],"predecessor-version":[{"id":2368,"href":"https:\/\/agora.xtec.cat\/escausiasmarch-santacoloma\/wp-json\/wp\/v2\/pages\/28\/revisions\/2368"}],"up":[{"embeddable":true,"href":"https:\/\/agora.xtec.cat\/escausiasmarch-santacoloma\/wp-json\/wp\/v2\/pages\/22"}],"wp:attachment":[{"href":"https:\/\/agora.xtec.cat\/escausiasmarch-santacoloma\/wp-json\/wp\/v2\/media?parent=28"}],"curies":[{"name":"wp","href":"https:\/\/api.w.org\/{rel}","templated":true}]}}

<p><strong>Què és el Consell Escolar?</strong></p>
<p>És un òrgan col·legiat de tot el Centre que exerceix les atribucions que la llei li confia a partir de propostes prèviament elaborades per altres òrgans de govern del Centre.</p>
<p><strong> Composició</strong></p>
<ul>
<li data-indent="1">La directora, que és la presidenta.</li>
<li data-indent="1">La cap d’estudis.</li>
<li data-indent="1">La secretaria .</li>
<li data-indent="1">3 representants de mestres.</li>
<li data-indent="1">3 representants de famílies.</li>
<li data-indent="1">1 representant de l’AFA.</li>
<li data-indent="1">1 representant de PAS.</li>
<li data-indent="1">1 representant de l’Ajuntament.</li>
</ul>
<p><strong>Funcions</strong> (més destacades):</p>
<ul>
<li data-indent="1">Aprovar el Projecte Educatiu, les normes de funcionament i organització i supervisar la marxa general del Centre.</li>
<li data-indent="1">Aprovar la programació general del Centre i participar en l’aplicació i avaluació d’aquesta programació.</li>
<li data-indent="1">Aprovar propostes d’acord de corresponsabilitat (PAC) i altres convenis.</li>
<li data-indent="1">Fixar directrius per a la programació i el desenvolupament de les activitats complementàries i extraescolars.</li>
<li data-indent="1">Intervenir en la resolució de conflictes.</li>
<li data-indent="1">Participar en el procés de designació i de cessament del director del Centre.</li>
<li data-indent="1">Aprovar la memòria anual del Centre.</li>
<li data-indent="1">Aprovar el pressupost anual.</li>
</ul>

<p>Què és el Consell Escolar? És un òrgan col·legiat de tot el Centre que exerceix les atribucions que la llei li confia a partir de propostes prèviament elaborades per altres òrgans de govern del Centre.  Composició La directora, que és la presidenta. La cap d’estudis. La secretaria . 3 representants de mestres. 3 representants de [&hellip;]</p>
