{"id":26,"date":"2014-09-18T12:24:32","date_gmt":"2014-09-18T11:24:32","guid":{"rendered":"http:\/\/agora.xtec.cat\/escardenya\/?page_id=26"},"modified":"2019-07-08T12:33:54","modified_gmt":"2019-07-08T10:33:54","slug":"historia","status":"publish","type":"page","link":"https:\/\/agora.xtec.cat\/escardenya\/lescola\/historia\/","title":{"rendered":"Hist\u00f2ria"},"content":{"rendered":"<p>&nbsp;<\/p>\n<p><a href=\"https:\/\/agora.xtec.cat\/escardenya\/wp-content\/uploads\/usu1253\/2019\/07\/20160405162155-347.jpg\">\u00a0<\/a><a href=\"https:\/\/agora.xtec.cat\/escardenya\/wp-content\/uploads\/usu1253\/2019\/07\/images.jpg\"><img loading=\"lazy\" decoding=\"async\" class=\"alignnone  wp-image-637\" src=\"https:\/\/agora.xtec.cat\/escardenya\/wp-content\/uploads\/usu1253\/2019\/07\/images.jpg\" alt=\"\" width=\"237\" height=\"212\" \/><\/a> <img loading=\"lazy\" decoding=\"async\" class=\"alignnone  wp-image-631\" src=\"https:\/\/agora.xtec.cat\/escardenya\/wp-content\/uploads\/usu1253\/2019\/07\/20160405162155-347-1024x585.jpg\" alt=\"\" width=\"366\" height=\"209\" srcset=\"https:\/\/agora.xtec.cat\/escardenya\/wp-content\/uploads\/usu1253\/2019\/07\/20160405162155-347-1024x585.jpg 1024w, https:\/\/agora.xtec.cat\/escardenya\/wp-content\/uploads\/usu1253\/2019\/07\/20160405162155-347-300x172.jpg 300w, https:\/\/agora.xtec.cat\/escardenya\/wp-content\/uploads\/usu1253\/2019\/07\/20160405162155-347-768x439.jpg 768w, https:\/\/agora.xtec.cat\/escardenya\/wp-content\/uploads\/usu1253\/2019\/07\/20160405162155-347.jpg 1200w\" sizes=\"auto, (max-width: 366px) 100vw, 366px\" \/>\u00a0 \u00a0<a href=\"https:\/\/agora.xtec.cat\/escardenya\/wp-content\/uploads\/usu1253\/2018\/09\/IMG-20180525-WA0001.jpg\"><img loading=\"lazy\" decoding=\"async\" class=\"alignnone  wp-image-567\" src=\"https:\/\/agora.xtec.cat\/escardenya\/wp-content\/uploads\/usu1253\/2018\/09\/IMG-20180525-WA0001-1024x558.jpg\" alt=\"\" width=\"374\" height=\"204\" \/><\/a><\/p>\n<p>L&#8217;Escola Ardenya de Sant Feliu de Gu\u00edxols, es va posar en funcionament el curs 2005\/2006. Neix fruit d&#8217;una necessitat: l&#8217;augment progressiu i for\u00e7a r\u00e0pid de la poblaci\u00f3 en edat escolar.<\/p>\n<p>Al principi, l&#8217;escola estava ubicada en m\u00f2duls prefabricats on va iniciar la seva activitat amb dues aules de P3 fins arribar al curs 2013\/2014 en que l&#8217;escola ja era complerta, una escola de doble l\u00ednia.<\/p>\n<p>El desembre del curs 2009\/2010, es va fer el trasllat a l&#8217;edifici nou que es va construir a la zona alta\u00a0 de la ciutat, una zona en la que s&#8217;estaven construint molts edificis i vivendes considerades de nivell mitj\u00e0-alt. \u00c9s una zona de nova urbanitzaci\u00f3, ben comunicada, propera a la Ronda de Ponent que dona f\u00e0cil acc\u00e9s a la part del centre de Sant Feliu.<\/p>\n","protected":false},"excerpt":{"rendered":"<p>&nbsp; \u00a0 \u00a0 \u00a0 L&#8217;Escola Ardenya de Sant Feliu de Gu\u00edxols, es va posar en funcionament el curs 2005\/2006. Neix [&hellip;]<\/p>\n","protected":false},"author":1,"featured_media":0,"parent":22,"menu_order":20,"comment_status":"closed","ping_status":"closed","template":"page-templates\/side-menu.php","meta":{"_bbp_topic_count":0,"_bbp_reply_count":0,"_bbp_total_topic_count":0,"_bbp_total_reply_count":0,"_bbp_voice_count":0,"_bbp_anonymous_reply_count":0,"_bbp_topic_count_hidden":0,"_bbp_reply_count_hidden":0,"_bbp_forum_subforum_count":0,"site-sidebar-layout":"default","site-content-layout":"","ast-site-content-layout":"","site-content-style":"default","site-sidebar-style":"default","ast-global-header-display":"","ast-banner-title-visibility":"","ast-main-header-display":"","ast-hfb-above-header-display":"","ast-hfb-below-header-display":"","ast-hfb-mobile-header-display":"","site-post-title":"","ast-breadcrumbs-content":"","ast-featured-img":"","footer-sml-layout":"","theme-transparent-header-meta":"","adv-header-id-meta":"","stick-header-meta":"","header-above-stick-meta":"","header-main-stick-meta":"","header-below-stick-meta":"","astra-migrate-meta-layouts":"default","ast-page-background-enabled":"default","ast-page-background-meta":{"desktop":{"background-color":"var(--ast-global-color-4)","background-image":"","background-repeat":"repeat","background-position":"center center","background-size":"auto","background-attachment":"scroll","background-type":"","background-media":"","overlay-type":"","overlay-color":"","overlay-opacity":"","overlay-gradient":""},"tablet":{"background-color":"","background-image":"","background-repeat":"repeat","background-position":"center center","background-size":"auto","background-attachment":"scroll","background-type":"","background-media":"","overlay-type":"","overlay-color":"","overlay-opacity":"","overlay-gradient":""},"mobile":{"background-color":"","background-image":"","background-repeat":"repeat","background-position":"center center","background-size":"auto","background-attachment":"scroll","background-type":"","background-media":"","overlay-type":"","overlay-color":"","overlay-opacity":"","overlay-gradient":""}},"ast-content-background-meta":{"desktop":{"background-color":"var(--ast-global-color-5)","background-image":"","background-repeat":"repeat","background-position":"center center","background-size":"auto","background-attachment":"scroll","background-type":"","background-media":"","overlay-type":"","overlay-color":"","overlay-opacity":"","overlay-gradient":""},"tablet":{"background-color":"var(--ast-global-color-5)","background-image":"","background-repeat":"repeat","background-position":"center center","background-size":"auto","background-attachment":"scroll","background-type":"","background-media":"","overlay-type":"","overlay-color":"","overlay-opacity":"","overlay-gradient":""},"mobile":{"background-color":"var(--ast-global-color-5)","background-image":"","background-repeat":"repeat","background-position":"center center","background-size":"auto","background-attachment":"scroll","background-type":"","background-media":"","overlay-type":"","overlay-color":"","overlay-opacity":"","overlay-gradient":""}},"footnotes":""},"class_list":["post-26","page","type-page","status-publish","hentry"],"post_mailing_queue_ids":[],"_links":{"self":[{"href":"https:\/\/agora.xtec.cat\/escardenya\/wp-json\/wp\/v2\/pages\/26","targetHints":{"allow":["GET"]}}],"collection":[{"href":"https:\/\/agora.xtec.cat\/escardenya\/wp-json\/wp\/v2\/pages"}],"about":[{"href":"https:\/\/agora.xtec.cat\/escardenya\/wp-json\/wp\/v2\/types\/page"}],"author":[{"embeddable":true,"href":"https:\/\/agora.xtec.cat\/escardenya\/wp-json\/wp\/v2\/users\/1"}],"replies":[{"embeddable":true,"href":"https:\/\/agora.xtec.cat\/escardenya\/wp-json\/wp\/v2\/comments?post=26"}],"version-history":[{"count":3,"href":"https:\/\/agora.xtec.cat\/escardenya\/wp-json\/wp\/v2\/pages\/26\/revisions"}],"predecessor-version":[{"id":638,"href":"https:\/\/agora.xtec.cat\/escardenya\/wp-json\/wp\/v2\/pages\/26\/revisions\/638"}],"up":[{"embeddable":true,"href":"https:\/\/agora.xtec.cat\/escardenya\/wp-json\/wp\/v2\/pages\/22"}],"wp:attachment":[{"href":"https:\/\/agora.xtec.cat\/escardenya\/wp-json\/wp\/v2\/media?parent=26"}],"curies":[{"name":"wp","href":"https:\/\/api.w.org\/{rel}","templated":true}]}}