{"id":30,"date":"2014-09-18T12:30:23","date_gmt":"2014-09-18T11:30:23","guid":{"rendered":"http:\/\/agora.xtec.cat\/escalmenar\/?page_id=30"},"modified":"2022-01-27T20:42:45","modified_gmt":"2022-01-27T19:42:45","slug":"instal%c2%b7lacions","status":"publish","type":"page","link":"https:\/\/agora.xtec.cat\/escalmenar\/lescola\/instal%c2%b7lacions\/","title":{"rendered":"Espais i Projectes"},"content":{"rendered":"<h4><span style=\"color: #800000;\"><strong>ESPAIS<\/strong><\/span><\/h4>\n<p><strong><em>La nova Escola d&#8217;Almenar<\/em><\/strong> \u00e9s un edifici del 2020 de m\u00e9s de 8000m<sup>2<\/sup><\/p>\n<p><sup>L\u2019escola t\u00e9 dos edificis annexos: l\u2019edifici d\u2019educaci\u00f3 infantil i l\u2019edifici de serveis i prim\u00e0ria<\/sup><\/p>\n<p><strong><sup>EDIFICI D\u2019EDUCACI\u00d3 INFANTIL<\/sup><\/strong><\/p>\n<ul>\n<li><sup>Tutoria d\u2019EI<\/sup><\/li>\n<li><sup>Aules de P3, P4 i P5 amb acc\u00e9s directe al pati.<\/sup><\/li>\n<li><sup>Sala de psicomotricitat<\/sup><\/li>\n<li><sup>Espai de biblioteca d\u2019infantil<\/sup><\/li>\n<\/ul>\n<p><strong><sup>EDIFICI DE PRIM\u00c0RIA <a href=\"https:\/\/agora.xtec.cat\/escalmenar\/wp-content\/uploads\/usu824\/2020\/12\/pati-infanil.jpg\"><img loading=\"lazy\" decoding=\"async\" class=\"wp-image-2786 alignright\" src=\"https:\/\/agora.xtec.cat\/escalmenar\/wp-content\/uploads\/usu824\/2020\/12\/pati-infanil-1024x779.jpg\" alt=\"\" width=\"628\" height=\"478\" srcset=\"https:\/\/agora.xtec.cat\/escalmenar\/wp-content\/uploads\/usu824\/2020\/12\/pati-infanil-1024x779.jpg 1024w, https:\/\/agora.xtec.cat\/escalmenar\/wp-content\/uploads\/usu824\/2020\/12\/pati-infanil-300x228.jpg 300w, https:\/\/agora.xtec.cat\/escalmenar\/wp-content\/uploads\/usu824\/2020\/12\/pati-infanil-768x584.jpg 768w, https:\/\/agora.xtec.cat\/escalmenar\/wp-content\/uploads\/usu824\/2020\/12\/pati-infanil.jpg 1848w\" sizes=\"auto, (max-width: 628px) 100vw, 628px\" \/><\/a><\/sup><\/strong><\/p>\n<p><strong><sup>A la planta baixa<\/sup><\/strong><\/p>\n<ul>\n<li><sup>Consergeria<\/sup><\/li>\n<li><sup>Biblioteca<\/sup><\/li>\n<li><sup>Sala de l\u2019AFA<\/sup><\/li>\n<li><sup>Secretaria i Direcci\u00f3<\/sup><\/li>\n<li><sup>Sala de mestres<\/sup><\/li>\n<li><sup>Aula de prim\u00e0ria<\/sup><\/li>\n<li><sup>Aula d\u2019angl\u00e8s<\/sup><\/li>\n<li><sup>Aula de m\u00fasica \/ Sala fosca<\/sup><\/li>\n<li><sup>Tutoria per agents externs<\/sup><\/li>\n<li><sup>Menjador<\/sup><\/li>\n<li><sup>Cuina<\/sup><\/li>\n<li><sup>Zona porxada<\/sup><\/li>\n<\/ul>\n<p><strong><sup>A la primera planta<\/sup><\/strong><\/p>\n<ul>\n<li><sup>Aules de prim\u00e0ria<\/sup><\/li>\n<li><sup>Aules de suport<\/sup><\/li>\n<li><sup>Aula d\u2019inform\u00e0tica<\/sup><\/li>\n<li><sup>Aula d\u2019educaci\u00f3 especial<\/sup><\/li>\n<li><sup>Aula de ci\u00e8ncies<\/sup><\/li>\n<li><sup>Tutories prim\u00e0ria<\/sup><\/li>\n<\/ul>\n<p><strong><sup>ZONA DE PATI<\/sup><\/strong><\/p>\n<ul>\n<li><sup>Pati d\u2019educaci\u00f3 infantil amb acc\u00e9s directe a cada aula i zona de sorral.<\/sup><\/li>\n<li><sup>Pati de prim\u00e0ria amb: zona porxada, zona pavimentada amb jocs, zona de gespa artificial, zona de terra i zona de pistes esportives.<\/sup><\/li>\n<li><sup>Zona de l\u2019hort amb: Bosc geom\u00e8tric, hort i zona de terra.<\/sup><\/li>\n<li><sup>Pati de davant amb zona arbrada. <\/sup><\/li>\n<\/ul>\n<h4><span style=\"color: #800000;\"><strong>PROJECTES I ACTIVITATS<\/strong><\/span><\/h4>\n<p><em><strong> <a href=\"https:\/\/agora.xtec.cat\/escalmenar\/wp-content\/uploads\/usu824\/2022\/01\/web-projectes.jpg\"><img loading=\"lazy\" decoding=\"async\" class=\" wp-image-3626 alignright\" src=\"https:\/\/agora.xtec.cat\/escalmenar\/wp-content\/uploads\/usu824\/2022\/01\/web-projectes-646x1024.jpg\" alt=\"\" width=\"533\" height=\"845\" srcset=\"https:\/\/agora.xtec.cat\/escalmenar\/wp-content\/uploads\/usu824\/2022\/01\/web-projectes-646x1024.jpg 646w, https:\/\/agora.xtec.cat\/escalmenar\/wp-content\/uploads\/usu824\/2022\/01\/web-projectes-189x300.jpg 189w, https:\/\/agora.xtec.cat\/escalmenar\/wp-content\/uploads\/usu824\/2022\/01\/web-projectes-768x1217.jpg 768w, https:\/\/agora.xtec.cat\/escalmenar\/wp-content\/uploads\/usu824\/2022\/01\/web-projectes-969x1536.jpg 969w, https:\/\/agora.xtec.cat\/escalmenar\/wp-content\/uploads\/usu824\/2022\/01\/web-projectes.jpg 996w\" sizes=\"auto, (max-width: 533px) 100vw, 533px\" \/><\/a>L&#8217;Escola d&#8217;Almenar<\/strong><\/em>\u00a0d&#8217;acord amb el seu Projecte Educatiu de Centre i d&#8217;acord amb el Projecte de Direcci\u00f3, porta a terme tot un seguit d&#8217;activitats i projectes que amplien i complementen l&#8217;activitat curricular.<\/p>\n<p>Alguns dels\u00a0projectes i activitats m\u00e9s significatius s\u00f3n:<\/p>\n<ul>\n<li>Projecte d&#8217;innovaci\u00f3 educativa M\u00f2bils.edu<\/li>\n<li>Activitats per la millora de la Compet\u00e8ncia Digital amb ordinadors, PDI, t\u00e0blets, v\u00eddeo&#8230;<\/li>\n<li>Fem rob\u00f2tica<\/li>\n<li>Activitats del Pla Educatiu d&#8217;Entorn de l&#8217;Alt Segri\u00e0<\/li>\n<li>Activitats del PMOE<\/li>\n<li>Activitats de foment a lectura d&#8217;ALMENAR LECTOR<\/li>\n<li>Activitats de l&#8217;Aula de ci\u00e8ncies. Ci\u00e8ncia al carrer<\/li>\n<li>Sortides a l\u2019entorn proper.<\/li>\n<li>Estades i col\u00f2nies<\/li>\n<li>Sortides a Camps d\u2019Aprenentatge i d\u2019altres llocs d\u2019inter\u00e8s.<\/li>\n<li>Celebraci\u00f3 de festes tradicionals: Castanyada, Nadal i Pastorets, Dia de la Pau, Carnestoltes, Sant Jordi&#8230;<\/li>\n<li>Biblioteca escolar, apadrinament lector i participaci\u00f3 molt activa en el projecte ALMENAR LECTOR.<\/li>\n<li>Biblio Pati<\/li>\n<li>R\u00e0dio Pati.<\/li>\n<li>Projecte ILEC<\/li>\n<li>Programa de reutilitzaci\u00f3 de llibres de text.<\/li>\n<li>Programa de Reduir, Reutilitzar i Reciclar<\/li>\n<li>Projecte Apilo<\/li>\n<li>Educaci\u00f3 Emocional<\/li>\n<li>Treball per projectes<\/li>\n<li>Projecte de lectura<\/li>\n<li>Mildfulnees<\/li>\n<li>Pati educatiu<\/li>\n<li>Hort Escolar<\/li>\n<li>Escacs<\/li>\n<li>Seguretat vial<\/li>\n<li>Internet segura<\/li>\n<li>Pagesos solidaris<\/li>\n<li>Agents Rurals<\/li>\n<li>Confer\u00e8ncies per les fam\u00edlies.<\/li>\n<li>&#8230;<\/li>\n<\/ul>\n<p>&nbsp;<\/p>\n<p>A tots aquests projectes cal afegir activitats que organitza i gestiona l&#8217;AFA de l&#8217;escola com podrien ser:<\/p>\n<ul>\n<li>Acollida matinal<\/li>\n<li>Fem deures<\/li>\n<li>Acollida tarda<\/li>\n<\/ul>\n<p>&nbsp;<\/p>\n<p>&nbsp;<\/p>\n","protected":false},"excerpt":{"rendered":"<p>ESPAIS La nova Escola d&#8217;Almenar \u00e9s un edifici del 2020 de m\u00e9s de 8000m2 L\u2019escola t\u00e9 dos edificis annexos: l\u2019edifici [&hellip;]<\/p>\n","protected":false},"author":1,"featured_media":0,"parent":22,"menu_order":40,"comment_status":"closed","ping_status":"closed","template":"page-templates\/side-menu.php","meta":{"_bbp_topic_count":0,"_bbp_reply_count":0,"_bbp_total_topic_count":0,"_bbp_total_reply_count":0,"_bbp_voice_count":0,"_bbp_anonymous_reply_count":0,"_bbp_topic_count_hidden":0,"_bbp_reply_count_hidden":0,"_bbp_forum_subforum_count":0,"site-sidebar-layout":"default","site-content-layout":"","ast-site-content-layout":"","site-content-style":"default","site-sidebar-style":"default","ast-global-header-display":"","ast-banner-title-visibility":"","ast-main-header-display":"","ast-hfb-above-header-display":"","ast-hfb-below-header-display":"","ast-hfb-mobile-header-display":"","site-post-title":"","ast-breadcrumbs-content":"","ast-featured-img":"","footer-sml-layout":"","theme-transparent-header-meta":"","adv-header-id-meta":"","stick-header-meta":"","header-above-stick-meta":"","header-main-stick-meta":"","header-below-stick-meta":"","astra-migrate-meta-layouts":"default","ast-page-background-enabled":"default","ast-page-background-meta":{"desktop":{"background-color":"var(--ast-global-color-4)","background-image":"","background-repeat":"repeat","background-position":"center center","background-size":"auto","background-attachment":"scroll","background-type":"","background-media":"","overlay-type":"","overlay-color":"","overlay-opacity":"","overlay-gradient":""},"tablet":{"background-color":"","background-image":"","background-repeat":"repeat","background-position":"center center","background-size":"auto","background-attachment":"scroll","background-type":"","background-media":"","overlay-type":"","overlay-color":"","overlay-opacity":"","overlay-gradient":""},"mobile":{"background-color":"","background-image":"","background-repeat":"repeat","background-position":"center center","background-size":"auto","background-attachment":"scroll","background-type":"","background-media":"","overlay-type":"","overlay-color":"","overlay-opacity":"","overlay-gradient":""}},"ast-content-background-meta":{"desktop":{"background-color":"var(--ast-global-color-5)","background-image":"","background-repeat":"repeat","background-position":"center center","background-size":"auto","background-attachment":"scroll","background-type":"","background-media":"","overlay-type":"","overlay-color":"","overlay-opacity":"","overlay-gradient":""},"tablet":{"background-color":"var(--ast-global-color-5)","background-image":"","background-repeat":"repeat","background-position":"center center","background-size":"auto","background-attachment":"scroll","background-type":"","background-media":"","overlay-type":"","overlay-color":"","overlay-opacity":"","overlay-gradient":""},"mobile":{"background-color":"var(--ast-global-color-5)","background-image":"","background-repeat":"repeat","background-position":"center center","background-size":"auto","background-attachment":"scroll","background-type":"","background-media":"","overlay-type":"","overlay-color":"","overlay-opacity":"","overlay-gradient":""}},"footnotes":""},"class_list":["post-30","page","type-page","status-publish","hentry"],"post_mailing_queue_ids":[],"_links":{"self":[{"href":"https:\/\/agora.xtec.cat\/escalmenar\/wp-json\/wp\/v2\/pages\/30","targetHints":{"allow":["GET"]}}],"collection":[{"href":"https:\/\/agora.xtec.cat\/escalmenar\/wp-json\/wp\/v2\/pages"}],"about":[{"href":"https:\/\/agora.xtec.cat\/escalmenar\/wp-json\/wp\/v2\/types\/page"}],"author":[{"embeddable":true,"href":"https:\/\/agora.xtec.cat\/escalmenar\/wp-json\/wp\/v2\/users\/1"}],"replies":[{"embeddable":true,"href":"https:\/\/agora.xtec.cat\/escalmenar\/wp-json\/wp\/v2\/comments?post=30"}],"version-history":[{"count":2,"href":"https:\/\/agora.xtec.cat\/escalmenar\/wp-json\/wp\/v2\/pages\/30\/revisions"}],"predecessor-version":[{"id":3627,"href":"https:\/\/agora.xtec.cat\/escalmenar\/wp-json\/wp\/v2\/pages\/30\/revisions\/3627"}],"up":[{"embeddable":true,"href":"https:\/\/agora.xtec.cat\/escalmenar\/wp-json\/wp\/v2\/pages\/22"}],"wp:attachment":[{"href":"https:\/\/agora.xtec.cat\/escalmenar\/wp-json\/wp\/v2\/media?parent=30"}],"curies":[{"name":"wp","href":"https:\/\/api.w.org\/{rel}","templated":true}]}}