{"id":64,"date":"2014-09-18T12:39:08","date_gmt":"2014-09-18T11:39:08","guid":{"rendered":"http:\/\/agora.xtec.cat\/escalmacelles\/?page_id=64"},"modified":"2026-02-26T21:15:44","modified_gmt":"2026-02-26T20:15:44","slug":"projecte-educatiu","status":"publish","type":"page","link":"https:\/\/agora.xtec.cat\/escalmacelles\/projecte-educatiu\/","title":{"rendered":"Circular d&#8217;inici de curs 2025-2026"},"content":{"rendered":"<p><a href=\"https:\/\/agora.xtec.cat\/escalmacelles\/wp-content\/uploads\/usu1902\/2025\/09\/CIRCULAR-DINICI-DE-CURS-25-26.pdf\"><em>BAIXAR EL DOCUMENT EN FORMAT PDF<\/em><\/a><\/p>\n<h5>CIRCULAR D\u2019INICI DEL CURS 2025 \u2013 26<\/h5>\n<h5>Benvolgudes fam\u00edlies,<\/h5>\n<h5>El claustre de professorat i l\u2019equip directiu us donem la benvinguda a un nou curs escolar, que comencem amb il\u00b7lusi\u00f3 i empenta.<br \/>\nUs informem de temes del vostre inter\u00e8s aix\u00ed com d\u2019algunes normes a tenir en compte per al bon funcionament.<\/h5>\n<p>&nbsp;<\/p>\n<h5>HORARI ALUMNAT<\/h5>\n<h5>L\u2019horari lectiu per a tothom \u00e9s de 9 a 12:30 i de 15 a 16:30h.<br \/>\nContinuarem amb les sessions de Suport Escolar Personalitzat en horari de migdia (de 12:30 a 13:15h):<br \/>\n\u2022 El dimarts es far\u00e0 el SEP d\u2019ampliaci\u00f3 de matem\u00e0tiques (de 2n a 6\u00e8) i de rob\u00f2tica (5\u00e8 i 6\u00e8).<br \/>\n\u2022 El dijous es far\u00e0 el SEP d\u2019ampliaci\u00f3 d\u2019angl\u00e8s adre\u00e7at a l\u2019alumnat de cicle superior.<br \/>\nEls\/les tutors\/es notificaran l\u2019alumnat que hi hagi d\u2019assistir.<\/h5>\n<h5>CALENDARI<\/h5>\n<h5>Inici de curs: 8 de setembre.<\/h5>\n<h5>Vacances de Nadal: del 20 de desembre de 2025 al 7 de gener del 2026, ambd\u00f3s inclosos.<\/h5>\n<h5>Setmana Santa: del 28 de mar\u00e7 al 6 d\u2019abril del 2026, ambd\u00f3s inclosos.<\/h5>\n<h5>Dies festius de lliure disposici\u00f3: 10 d\u2019octubre, 3 de novembre, 27 de febrer i 4 de maig.<\/h5>\n<h5>Festes locals: 24 de setembre i 2 de mar\u00e7.<\/h5>\n<h5>Final de curs: 19 de juny.<\/h5>\n<h5>Els dies de jornada intensiva amb horari de 9 a 13h s\u00f3n el 19 de desembre i del 8 al 19 de juny, ambd\u00f3s inclosos.<\/h5>\n<h5>CANALS DE COMUNICACI\u00d3<\/h5>\n<h5>\u2022 La via principal de comunicaci\u00f3 entre fam\u00edlia i escola \u00e9s l\u2019aplicaci\u00f3 per a m\u00f2bil COMUNICAPP. A trav\u00e9s d\u2019aquesta aplicaci\u00f3 es gestionen les faltes d\u2019assist\u00e8ncia, les autoritzacions, els pagaments, els informes d\u2019avaluaci\u00f3 i comunicats diversos.<br \/>\nAquesta aplicaci\u00f3 permet tenir a la vostra disposici\u00f3 documents de consulta importants pel bon funcionament del curs ( calendari, agenda d\u2019activitats, men\u00fa de menjador,&#8230;)<br \/>\n\u00c9s molt important que comuniqueu a l\u2019escola els possibles canvis del n\u00famero de tel\u00e8fon m\u00f2bil per poder tenir l\u2019aplicaci\u00f3 actualitzada.<\/h5>\n<h5>\u2022 Un altre canal de comunicaci\u00f3 s\u00f3n els grups de WhatsApp d\u2019Aula gestionats, pr\u00e8via autoritzaci\u00f3, per un\/a mare\/pare delegat\/a d\u2019aula.<\/h5>\n<h5>\u2022 A prim\u00e0ria, a fi de poder portar un control de l\u2019assist\u00e8ncia, es recorda que, si algun\/a alumne\/a no pot assistir a classe, \u00e9s obligaci\u00f3 de les fam\u00edlies comunicar-ho pr\u00e8viament al respectiu tutor\/a per mitj\u00e0 d\u2019una nota escrita a l\u2019agenda. Si l\u2019abs\u00e8ncia \u00e9s imprevista, mitjan\u00e7ant trucada telef\u00f2nica 973740842 o a l\u2019adre\u00e7a de correu electr\u00f2nic<br \/>\nGeneralitat de Catalunya<br \/>\nDepartament d\u2019Educaci\u00f3<br \/>\nEscola Ant\u00f2nia Sim\u00f3 Arn\u00f3<br \/>\nAlmacelles<br \/>\nabsenciesescola@gmail.com, preferentment, abans de les 9:10 i\/o de les<br \/>\n15:10 del mateix dia. Eviteu enviar aquest tipus de comunicacions al correu oficial del centre.<\/h5>\n<h5>Des de l\u2019escola es registraran di\u00e0riament les faltes injustificades i els retards i se us enviar\u00e0 una notificaci\u00f3 a trav\u00e9s de l\u2019aplicaci\u00f3 ComunicApp.<br \/>\nEn cas de faltes reiterades i sense justificar, s\u2019activar\u00e0 el protocol establert pel centre.<br \/>\n\u2022 Horari de visites:<\/h5>\n<h5>A concretar amb secretaria:<\/h5>\n<h5>Direcci\u00f3 (Ferran Bria i Re\u00f1\u00e9)<br \/>\nCap d\u2019estudis (Marta Diarte i Cabezudo)<br \/>\nSecret\u00e0ria (Alba Pros i Morell)<br \/>\nTutors\/es: tots els tutors\/es els comunicaran les possibles franges hor\u00e0ries de tutoria.<br \/>\n\u2022 A la p\u00e0gina web de l\u2019escola hi trobareu molta informaci\u00f3 sobre l\u2019escola i les activitats que duem a terme. Us recomanem especialment l\u2019enlla\u00e7 Fam\u00edlia i escola. No us oblideu que tamb\u00e9 ens podeu seguir a trav\u00e9s de l\u2019instagram de l\u2019escola @escolantoniasimo.<\/h5>\n<p>&nbsp;<\/p>\n<h5>\u2022 L\u2019AFA \u00e9s una part important dins del funcionament de l\u2019escola i us animem a formar-ne part. Al blog ampaescolaantoniasimoiarno.blogspot.com trobareu tota la informaci\u00f3. Per a posar-vos-hi en contacte teniu el correu electr\u00f2nic: ampaalmacelles@gmail.com o el tel\u00e8fon 625 974 736.<\/h5>\n<h5>MENJADOR<\/h5>\n<h5>INFANTIL i PRIM\u00c0RIA: L\u2019empresa responsable del menjador \u00e9s Comertel. Qualsevol tipus de comunicaci\u00f3 d\u2019altes, baixes, modificaci\u00f3 de contractaci\u00f3, assist\u00e8ncies puntuals i \/o abs\u00e8ncies caldr\u00e0 comunicar-ho abans de les 9h del mateix dia enviant un WhatsApp al tel\u00e8fon de la coordinadora: 690 67 27 52.<br \/>\nIgualment cal avisar al tutor\/a mitjan\u00e7ant l\u2019agenda (a prim\u00e0ria) dels dies que es queden o de les possibles modificacions que feu.<br \/>\nRecordeu avisar a l\u2019empresa si no es queden o us ho cobraran.<br \/>\nSi alguna fam\u00edlia no usu\u00e0ria de menjador t\u00e9 alguna necessitat puntual i urgent pot contactar directament amb la coordinadora de menjador o amb l\u2019escola. La primera vegada que es fa \u00fas del servei cal formalitzar la inscripci\u00f3 a trav\u00e9s de la p\u00e0gina web <a href=\"https:\/\/elgustodecrecer.comertel.es\/\">https:\/\/elgustodecrecer.comertel.es\/<\/a><\/h5>\n<h5>Per qualsevol dubte o aclariment sobre q\u00fcestions de facturaci\u00f3 del servei o canvis de comprom\u00eds i dades, podeu contactar amb el Departament de Gesti\u00f3 de Cobraments al tel\u00e8fon 973 18 71 56 de dilluns a divendres o a trav\u00e9s del correu electr\u00f2nic catalunyafacturacio@aramark.es<\/h5>\n<h5><\/h5>\n<h5>El preu del servei de menjador escolar pel present curs \u00e9s el seg\u00fcent:<br \/>\n\u2022 Preu\/ dia IVA incl\u00f2s alumne\/a: 7,25 euros\/dia<br \/>\n\u2022 Preu\/dia IVA incl\u00f2s alumne\/a espor\u00e0dic: 7,98 euros\/dia.<br \/>\nGeneralitat de Catalunya<br \/>\nDepartament d\u2019Educaci\u00f3<br \/>\nEscola Ant\u00f2nia Sim\u00f3 Arn\u00f3<br \/>\nAlmacelles<\/h5>\n<h5>FUNCIONAMENT<br \/>\n\u2022 Som escola sostenible. Continuem insistint en els esmorzars saludables i sostenibles (evitem brioixeria industrial i el paper d\u2019alumini com a embolcall) i mantindrem els divendres com a dia de la fruita (tothom hauria de portar fruita per esmorzar).<\/h5>\n<h5>\u2022 Si per alguna ra\u00f3 justificada, algun alumne\/a ha de sortir del recinte escolar durant les hores lectives, ser\u00e0 totalment necessari que porti una notificaci\u00f3 en comen\u00e7ar les classes i que, a m\u00e9s, el pare , la mare o alguna persona autoritzada major d\u2019edat, vinguin a buscar-lo al centre. Sense la pres\u00e8ncia d\u2019aquesta persona no estem autoritzats a deixar sortir cap alumne\/a del centre.<\/h5>\n<h5>\u2022 A Educaci\u00f3 Infantil no hi ha conserge i per tant l\u2019alumnat que arribi m\u00e9s tard de les 9:10h i de les 15.10h no podr\u00e0 accedir al centre fins a l\u2019hora de l\u2019esbarjo. En cas de l\u2019alumnat que hagi avisat amb antelaci\u00f3 d\u2019un possible retard per q\u00fcestions m\u00e8diques, la tutora estar\u00e0 pendent i podr\u00e0 obrir la porta. En cas d\u2019un retard puntual per q\u00fcestions degudament justificades, podeu trucar al tel\u00e8fon 973740842 i us facilitarem l\u2019acc\u00e9s al centre.<\/h5>\n<h5>\u2022 Si algun alumne\/a ha de prendre medicaci\u00f3 durant el per\u00edode lectiu haur\u00e0 de portar la corresponent prescripci\u00f3 m\u00e8dica amb la dosificaci\u00f3, una autoritzaci\u00f3 de la fam\u00edlia i deixar el medicament al tutor\/a per a que el guardi.<\/h5>\n<h5>\u2022 A Educaci\u00f3 Prim\u00e0ria recordem que, per raons de mobilitat, NO es pot accedir amb vehicle m\u00e9s amunt de la rotonda d\u2019entrada. Per raons de seguretat l\u2019alumnat tampoc pot fer-ho a peu (encara que vagi acompanyat d\u2019algun adult), han d\u2019entrar per dins del pati. Nom\u00e9s en cas de dificultat de moviment de l\u2019alumne\/a, els familiars poden acompanyar-los amb cotxe fins la porta principal.<\/h5>\n<h5>\u2022 Si hi ha alumnat de 4t, 5\u00e8 o 6\u00e8 interessat en pujar amb patinet o bicicleta a l\u2019escola la fam\u00edlia haur\u00e0 de signar el full d\u2019autoritzaci\u00f3 que pot demanar a l\u2019escola i entregar-lo al tutor\/a.<\/h5>\n<h5>\u2022 Us recordem que heu d\u2019estar atents i prendre les mesures higi\u00e8niques corresponents amb els vostres fills\/es per evitar la propagaci\u00f3 de la pediculosi (polls).<\/h5>\n","protected":false},"excerpt":{"rendered":"<p>BAIXAR EL DOCUMENT EN FORMAT PDF CIRCULAR D\u2019INICI DEL CURS 2025 \u2013 26 Benvolgudes fam\u00edlies, El claustre de professorat i l\u2019equip directiu us donem la benvinguda a un nou curs escolar, que comencem amb il\u00b7lusi\u00f3 i empenta. Us informem de temes del vostre inter\u00e8s aix\u00ed com d\u2019algunes normes a tenir en compte per al bon [&hellip;]<\/p>\n","protected":false},"author":1,"featured_media":0,"parent":0,"menu_order":0,"comment_status":"closed","ping_status":"closed","template":"","meta":{"_bbp_topic_count":0,"_bbp_reply_count":0,"_bbp_total_topic_count":0,"_bbp_total_reply_count":0,"_bbp_voice_count":0,"_bbp_anonymous_reply_count":0,"_bbp_topic_count_hidden":0,"_bbp_reply_count_hidden":0,"_bbp_forum_subforum_count":0,"site-sidebar-layout":"no-sidebar","site-content-layout":"","ast-site-content-layout":"full-width-container","site-content-style":"default","site-sidebar-style":"default","ast-global-header-display":"","ast-banner-title-visibility":"","ast-main-header-display":"","ast-hfb-above-header-display":"","ast-hfb-below-header-display":"","ast-hfb-mobile-header-display":"","site-post-title":"","ast-breadcrumbs-content":"","ast-featured-img":"","footer-sml-layout":"","theme-transparent-header-meta":"default","adv-header-id-meta":"","stick-header-meta":"","header-above-stick-meta":"","header-main-stick-meta":"","header-below-stick-meta":"","astra-migrate-meta-layouts":"set","ast-page-background-enabled":"default","ast-page-background-meta":{"desktop":{"background-color":"var(--ast-global-color-4)","background-image":"","background-repeat":"repeat","background-position":"center center","background-size":"auto","background-attachment":"scroll","background-type":"","background-media":"","overlay-type":"","overlay-color":"","overlay-opacity":"","overlay-gradient":""},"tablet":{"background-color":"","background-image":"","background-repeat":"repeat","background-position":"center center","background-size":"auto","background-attachment":"scroll","background-type":"","background-media":"","overlay-type":"","overlay-color":"","overlay-opacity":"","overlay-gradient":""},"mobile":{"background-color":"","background-image":"","background-repeat":"repeat","background-position":"center center","background-size":"auto","background-attachment":"scroll","background-type":"","background-media":"","overlay-type":"","overlay-color":"","overlay-opacity":"","overlay-gradient":""}},"ast-content-background-meta":{"desktop":{"background-color":"var(--ast-global-color-5)","background-image":"","background-repeat":"repeat","background-position":"center center","background-size":"auto","background-attachment":"scroll","background-type":"","background-media":"","overlay-type":"","overlay-color":"","overlay-opacity":"","overlay-gradient":""},"tablet":{"background-color":"var(--ast-global-color-5)","background-image":"","background-repeat":"repeat","background-position":"center center","background-size":"auto","background-attachment":"scroll","background-type":"","background-media":"","overlay-type":"","overlay-color":"","overlay-opacity":"","overlay-gradient":""},"mobile":{"background-color":"var(--ast-global-color-5)","background-image":"","background-repeat":"repeat","background-position":"center center","background-size":"auto","background-attachment":"scroll","background-type":"","background-media":"","overlay-type":"","overlay-color":"","overlay-opacity":"","overlay-gradient":""}},"footnotes":""},"class_list":["post-64","page","type-page","status-publish","hentry"],"post_mailing_queue_ids":[],"_links":{"self":[{"href":"https:\/\/agora.xtec.cat\/escalmacelles\/wp-json\/wp\/v2\/pages\/64","targetHints":{"allow":["GET"]}}],"collection":[{"href":"https:\/\/agora.xtec.cat\/escalmacelles\/wp-json\/wp\/v2\/pages"}],"about":[{"href":"https:\/\/agora.xtec.cat\/escalmacelles\/wp-json\/wp\/v2\/types\/page"}],"author":[{"embeddable":true,"href":"https:\/\/agora.xtec.cat\/escalmacelles\/wp-json\/wp\/v2\/users\/1"}],"replies":[{"embeddable":true,"href":"https:\/\/agora.xtec.cat\/escalmacelles\/wp-json\/wp\/v2\/comments?post=64"}],"version-history":[{"count":6,"href":"https:\/\/agora.xtec.cat\/escalmacelles\/wp-json\/wp\/v2\/pages\/64\/revisions"}],"predecessor-version":[{"id":23240,"href":"https:\/\/agora.xtec.cat\/escalmacelles\/wp-json\/wp\/v2\/pages\/64\/revisions\/23240"}],"wp:attachment":[{"href":"https:\/\/agora.xtec.cat\/escalmacelles\/wp-json\/wp\/v2\/media?parent=64"}],"curies":[{"name":"wp","href":"https:\/\/api.w.org\/{rel}","templated":true}]}}

<p><a href="https://agora.xtec.cat/escalmacelles/wp-content/uploads/usu1902/2025/09/CIRCULAR-DINICI-DE-CURS-25-26.pdf"><em>BAIXAR EL DOCUMENT EN FORMAT PDF</em></a></p>
<h5>CIRCULAR D’INICI DEL CURS 2025 – 26</h5>
<h5>Benvolgudes famílies,</h5>
<h5>El claustre de professorat i l’equip directiu us donem la benvinguda a un nou curs escolar, que comencem amb il·lusió i empenta.<br />
Us informem de temes del vostre interès així com d’algunes normes a tenir en compte per al bon funcionament.</h5>
<p>&nbsp;</p>
<h5>HORARI ALUMNAT</h5>
<h5>L’horari lectiu per a tothom és de 9 a 12:30 i de 15 a 16:30h.<br />
Continuarem amb les sessions de Suport Escolar Personalitzat en horari de migdia (de 12:30 a 13:15h):<br />
• El dimarts es farà el SEP d’ampliació de matemàtiques (de 2n a 6è) i de robòtica (5è i 6è).<br />
• El dijous es farà el SEP d’ampliació d’anglès adreçat a l’alumnat de cicle superior.<br />
Els/les tutors/es notificaran l’alumnat que hi hagi d’assistir.</h5>
<h5>CALENDARI</h5>
<h5>Inici de curs: 8 de setembre.</h5>
<h5>Vacances de Nadal: del 20 de desembre de 2025 al 7 de gener del 2026, ambdós inclosos.</h5>
<h5>Setmana Santa: del 28 de març al 6 d’abril del 2026, ambdós inclosos.</h5>
<h5>Dies festius de lliure disposició: 10 d’octubre, 3 de novembre, 27 de febrer i 4 de maig.</h5>
<h5>Festes locals: 24 de setembre i 2 de març.</h5>
<h5>Final de curs: 19 de juny.</h5>
<h5>Els dies de jornada intensiva amb horari de 9 a 13h són el 19 de desembre i del 8 al 19 de juny, ambdós inclosos.</h5>
<h5>CANALS DE COMUNICACIÓ</h5>
<h5>• La via principal de comunicació entre família i escola és l’aplicació per a mòbil COMUNICAPP. A través d’aquesta aplicació es gestionen les faltes d’assistència, les autoritzacions, els pagaments, els informes d’avaluació i comunicats diversos.<br />
Aquesta aplicació permet tenir a la vostra disposició documents de consulta importants pel bon funcionament del curs ( calendari, agenda d’activitats, menú de menjador,&#8230;)<br />
És molt important que comuniqueu a l’escola els possibles canvis del número de telèfon mòbil per poder tenir l’aplicació actualitzada.</h5>
<h5>• Un altre canal de comunicació són els grups de WhatsApp d’Aula gestionats, prèvia autorització, per un/a mare/pare delegat/a d’aula.</h5>
<h5>• A primària, a fi de poder portar un control de l’assistència, es recorda que, si algun/a alumne/a no pot assistir a classe, és obligació de les famílies comunicar-ho prèviament al respectiu tutor/a per mitjà d’una nota escrita a l’agenda. Si l’absència és imprevista, mitjançant trucada telefònica 973740842 o a l’adreça de correu electrònic<br />
Generalitat de Catalunya<br />
Departament d’Educació<br />
Escola Antònia Simó Arnó<br />
Almacelles<br />
absenciesescola@gmail.com, preferentment, abans de les 9:10 i/o de les<br />
15:10 del mateix dia. Eviteu enviar aquest tipus de comunicacions al correu oficial del centre.</h5>
<h5>Des de l’escola es registraran diàriament les faltes injustificades i els retards i se us enviarà una notificació a través de l’aplicació ComunicApp.<br />
En cas de faltes reiterades i sense justificar, s’activarà el protocol establert pel centre.<br />
• Horari de visites:</h5>
<h5>A concretar amb secretaria:</h5>
<h5>Direcció (Ferran Bria i Reñé)<br />
Cap d’estudis (Marta Diarte i Cabezudo)<br />
Secretària (Alba Pros i Morell)<br />
Tutors/es: tots els tutors/es els comunicaran les possibles franges horàries de tutoria.<br />
• A la pàgina web de l’escola hi trobareu molta informació sobre l’escola i les activitats que duem a terme. Us recomanem especialment l’enllaç Família i escola. No us oblideu que també ens podeu seguir a través de l’instagram de l’escola @escolantoniasimo.</h5>
<p>&nbsp;</p>
<h5>• L’AFA és una part important dins del funcionament de l’escola i us animem a formar-ne part. Al blog ampaescolaantoniasimoiarno.blogspot.com trobareu tota la informació. Per a posar-vos-hi en contacte teniu el correu electrònic: ampaalmacelles@gmail.com o el telèfon 625 974 736.</h5>
<h5>MENJADOR</h5>
<h5>INFANTIL i PRIMÀRIA: L’empresa responsable del menjador és Comertel. Qualsevol tipus de comunicació d’altes, baixes, modificació de contractació, assistències puntuals i /o absències caldrà comunicar-ho abans de les 9h del mateix dia enviant un WhatsApp al telèfon de la coordinadora: 690 67 27 52.<br />
Igualment cal avisar al tutor/a mitjançant l’agenda (a primària) dels dies que es queden o de les possibles modificacions que feu.<br />
Recordeu avisar a l’empresa si no es queden o us ho cobraran.<br />
Si alguna família no usuària de menjador té alguna necessitat puntual i urgent pot contactar directament amb la coordinadora de menjador o amb l’escola. La primera vegada que es fa ús del servei cal formalitzar la inscripció a través de la pàgina web <a href="https://elgustodecrecer.comertel.es/">https://elgustodecrecer.comertel.es/</a></h5>
<h5>Per qualsevol dubte o aclariment sobre qüestions de facturació del servei o canvis de compromís i dades, podeu contactar amb el Departament de Gestió de Cobraments al telèfon 973 18 71 56 de dilluns a divendres o a través del correu electrònic catalunyafacturacio@aramark.es</h5>
<h5></h5>
<h5>El preu del servei de menjador escolar pel present curs és el següent:<br />
• Preu/ dia IVA inclòs alumne/a: 7,25 euros/dia<br />
• Preu/dia IVA inclòs alumne/a esporàdic: 7,98 euros/dia.<br />
Generalitat de Catalunya<br />
Departament d’Educació<br />
Escola Antònia Simó Arnó<br />
Almacelles</h5>
<h5>FUNCIONAMENT<br />
• Som escola sostenible. Continuem insistint en els esmorzars saludables i sostenibles (evitem brioixeria industrial i el paper d’alumini com a embolcall) i mantindrem els divendres com a dia de la fruita (tothom hauria de portar fruita per esmorzar).</h5>
<h5>• Si per alguna raó justificada, algun alumne/a ha de sortir del recinte escolar durant les hores lectives, serà totalment necessari que porti una notificació en començar les classes i que, a més, el pare , la mare o alguna persona autoritzada major d’edat, vinguin a buscar-lo al centre. Sense la presència d’aquesta persona no estem autoritzats a deixar sortir cap alumne/a del centre.</h5>
<h5>• A Educació Infantil no hi ha conserge i per tant l’alumnat que arribi més tard de les 9:10h i de les 15.10h no podrà accedir al centre fins a l’hora de l’esbarjo. En cas de l’alumnat que hagi avisat amb antelació d’un possible retard per qüestions mèdiques, la tutora estarà pendent i podrà obrir la porta. En cas d’un retard puntual per qüestions degudament justificades, podeu trucar al telèfon 973740842 i us facilitarem l’accés al centre.</h5>
<h5>• Si algun alumne/a ha de prendre medicació durant el període lectiu haurà de portar la corresponent prescripció mèdica amb la dosificació, una autorització de la família i deixar el medicament al tutor/a per a que el guardi.</h5>
<h5>• A Educació Primària recordem que, per raons de mobilitat, NO es pot accedir amb vehicle més amunt de la rotonda d’entrada. Per raons de seguretat l’alumnat tampoc pot fer-ho a peu (encara que vagi acompanyat d’algun adult), han d’entrar per dins del pati. Només en cas de dificultat de moviment de l’alumne/a, els familiars poden acompanyar-los amb cotxe fins la porta principal.</h5>
<h5>• Si hi ha alumnat de 4t, 5è o 6è interessat en pujar amb patinet o bicicleta a l’escola la família haurà de signar el full d’autorització que pot demanar a l’escola i entregar-lo al tutor/a.</h5>
<h5>• Us recordem que heu d’estar atents i prendre les mesures higièniques corresponents amb els vostres fills/es per evitar la propagació de la pediculosi (polls).</h5>

<p>BAIXAR EL DOCUMENT EN FORMAT PDF CIRCULAR D’INICI DEL CURS 2025 – 26 Benvolgudes famílies, El claustre de professorat i l’equip directiu us donem la benvinguda a un nou curs escolar, que comencem amb il·lusió i empenta. Us informem de temes del vostre interès així com d’algunes normes a tenir en compte per al bon [&hellip;]</p>
