{"id":30,"date":"2014-09-18T12:30:23","date_gmt":"2014-09-18T11:30:23","guid":{"rendered":"http:\/\/agora.xtec.cat\/escalmacelles\/?page_id=30"},"modified":"2026-02-26T21:03:24","modified_gmt":"2026-02-26T20:03:24","slug":"instal%c2%b7lacions","status":"publish","type":"page","link":"https:\/\/agora.xtec.cat\/escalmacelles\/lescola\/instal%c2%b7lacions\/","title":{"rendered":"Instal\u00b7lacions"},"content":{"rendered":"<p>El centre, est\u00e0 dividit en dues parts ben diferenciades. D&#8217;una banda hi ha l&#8217;edifici destinat a l&#8217;Educaci\u00f3 Infantil, que engloba els tres cursos dels 3 als 5 anys. Es troba a la pla\u00e7a de l&#8217;Ensenyan\u00e7a i, a m\u00e9s de les corresponents aules, t\u00e9 un espai destinat a menjador i aula alternativa. Tamb\u00e9 consta de la seva pr\u00f2pia biblioteca i un bon pati per a la realitzaci\u00f3 dels esbarjos i d&#8217;altres activitats l\u00fadiques i educatives a l&#8217;aire lliure.<\/p>\n\r\n\t<div class=\"slideshow_container slideshow_container_style-light\" style=\"height: 200px; \" data-slideshow-id=\"142\" data-style-name=\"style-light\" data-style-version=\"2.3.1\" >\r\n\r\n\t\t\t\t\t<div class=\"slideshow_loading_icon\"><\/div>\r\n\t\t\r\n\t\t<div class=\"slideshow_content\" style=\"display: none;\">\r\n\r\n\t\t\t<div class=\"slideshow_view\">\r\n\t\t\t\t<div class=\"slideshow_slide slideshow_slide_image\">\r\n\t\t\t\t\t\t\t\t\t\t\t<img src=\"https:\/\/agora.xtec.cat\/escalmacelles\/wp-content\/uploads\/usu1902\/2014\/09\/exemple1b.png\" alt=\"Imatge 1\" width=\"350\" height=\"250\" \/>\r\n\t\t\t\t\t\t\t\t\t\t<div class=\"slideshow_description_box slideshow_transparent\">\r\n\t\t\t\t\t\t<div class=\"slideshow_title\">Imatge 1<\/div>\t\t\t\t\t\t\t\t\t\t\t<\/div>\r\n\t\t\t\t<\/div>\r\n\r\n\t\t\t\t\t\t\r\n\t\t\t\t<div class=\"slideshow_slide slideshow_slide_image\">\r\n\t\t\t\t\t\t\t\t\t\t\t<img src=\"https:\/\/agora.xtec.cat\/escalmacelles\/wp-content\/uploads\/usu1902\/2014\/09\/exemple3.png\" alt=\"Imatge 2\" width=\"800\" height=\"600\" \/>\r\n\t\t\t\t\t\t\t\t\t\t<div class=\"slideshow_description_box slideshow_transparent\">\r\n\t\t\t\t\t\t<div class=\"slideshow_title\">Imatge 2<\/div>\t\t\t\t\t\t\t\t\t\t\t<\/div>\r\n\t\t\t\t<\/div>\r\n\r\n\t\t\t\t\t\t<div style=\"clear: both;\"><\/div><\/div><div class=\"slideshow_view\">\r\n\t\t\t\t<div class=\"slideshow_slide slideshow_slide_image\">\r\n\t\t\t\t\t\t\t\t\t\t\t<img src=\"https:\/\/agora.xtec.cat\/escalmacelles\/wp-content\/uploads\/usu1902\/2014\/09\/exemple3b.png\" alt=\"Imatge 3\" width=\"800\" height=\"600\" \/>\r\n\t\t\t\t\t\t\t\t\t\t<div class=\"slideshow_description_box slideshow_transparent\">\r\n\t\t\t\t\t\t<div class=\"slideshow_title\">Imatge 3<\/div>\t\t\t\t\t\t\t\t\t\t\t<\/div>\r\n\t\t\t\t<\/div>\r\n\r\n\t\t\t\t\t\t<div style=\"clear: both;\"><\/div><\/div>\r\n\t\t<\/div>\r\n\r\n\t\t<div class=\"slideshow_controlPanel slideshow_transparent\" style=\"display: none;\"><ul><li class=\"slideshow_togglePlay\" data-play-text=\"Visualitza\" data-pause-text=\"Pausa\"><\/li><\/ul><\/div>\r\n\r\n\t\t<div class=\"slideshow_button slideshow_previous slideshow_transparent\" role=\"button\" data-previous-text=\"Anterior\" style=\"display: none;\"><\/div>\r\n\t\t<div class=\"slideshow_button slideshow_next slideshow_transparent\" role=\"button\" data-next-text=\"Seg\u00fcent\" style=\"display: none;\"><\/div>\r\n\r\n\t\t<div class=\"slideshow_pagination\" style=\"display: none;\" data-go-to-text=\"V\u00e9s a la diapositiva\"><div class=\"slideshow_pagination_center\"><\/div><\/div>\r\n\r\n\t\t<!-- WordPress Slideshow Version 2.3.1 -->\r\n\r\n\t\t\t<\/div>\r\n\r\n\n<p>En l&#8217;edifici situat al Tossal de la Creu hi ha les instal\u00b7lacions destinades a l&#8217;Educaci\u00f3 Prim\u00e0ria. En aquest espai hi trobem els diferents espais que conformen l&#8217;aulari dels diferents nivells que s&#8217;imparteixen i que estan repartits en dues plantes.<\/p>\n<p>A la planta baixa hi trobem el gimn\u00e0s, la sala de mestres i sala d&#8217;ordinadors per als mestres, direcci\u00f3 i administraci\u00f3, aula de m\u00fasica i menjador escolar, biblioteca i aula d&#8217;inform\u00e0tica 1, l&#8217;aula d&#8217;educaci\u00f3 especial, despatx per a tutories i servei EAP, la r\u00e0dio de l&#8217;escola i els despatxos de les especialitats d&#8217;angl\u00e8s i d&#8217;educaci\u00f3 f\u00edsica. Tamb\u00e9 s&#8217;hi troben dues aules ordin\u00e0ries.<\/p>\n<p>A la planta primera hi ha tot el conjunt d&#8217;aules i l&#8217;aula d&#8217;inform\u00e0tica 2 i\/o Rob\u00f2tica.<\/p>\n<p>Tamb\u00e9 hi ha un pati for\u00e7a gran i ampli que est\u00e0 distribu\u00eft en quatre subzones. La part principal de les pistes esportives: camp de futbol-sala i b\u00e0squet, camp de voleibol i b\u00e0squet. La zona de la fa\u00e7ana del centre amb diferents jocs en el terra tipus xarranca i fonts. La zona nord, a la contr-fa\u00e7ana, on es troba l&#8217;hort escolar. Finalment, en la zona oest, hi trobem una zona arbrada amb diferents varietats.<\/p>\n","protected":false},"excerpt":{"rendered":"<p>El centre, est\u00e0 dividit en dues parts ben diferenciades. D&#8217;una banda hi ha l&#8217;edifici destinat a l&#8217;Educaci\u00f3 Infantil, que engloba els tres cursos dels 3 als 5 anys. Es troba a la pla\u00e7a de l&#8217;Ensenyan\u00e7a i, a m\u00e9s de les corresponents aules, t\u00e9 un espai destinat a menjador i aula alternativa. Tamb\u00e9 consta de la [&hellip;]<\/p>\n","protected":false},"author":1,"featured_media":0,"parent":22,"menu_order":40,"comment_status":"closed","ping_status":"closed","template":"","meta":{"_bbp_topic_count":0,"_bbp_reply_count":0,"_bbp_total_topic_count":0,"_bbp_total_reply_count":0,"_bbp_voice_count":0,"_bbp_anonymous_reply_count":0,"_bbp_topic_count_hidden":0,"_bbp_reply_count_hidden":0,"_bbp_forum_subforum_count":0,"site-sidebar-layout":"no-sidebar","site-content-layout":"","ast-site-content-layout":"full-width-container","site-content-style":"default","site-sidebar-style":"default","ast-global-header-display":"","ast-banner-title-visibility":"","ast-main-header-display":"","ast-hfb-above-header-display":"","ast-hfb-below-header-display":"","ast-hfb-mobile-header-display":"","site-post-title":"","ast-breadcrumbs-content":"","ast-featured-img":"","footer-sml-layout":"","theme-transparent-header-meta":"default","adv-header-id-meta":"","stick-header-meta":"","header-above-stick-meta":"","header-main-stick-meta":"","header-below-stick-meta":"","astra-migrate-meta-layouts":"set","ast-page-background-enabled":"default","ast-page-background-meta":{"desktop":{"background-color":"var(--ast-global-color-4)","background-image":"","background-repeat":"repeat","background-position":"center center","background-size":"auto","background-attachment":"scroll","background-type":"","background-media":"","overlay-type":"","overlay-color":"","overlay-opacity":"","overlay-gradient":""},"tablet":{"background-color":"","background-image":"","background-repeat":"repeat","background-position":"center center","background-size":"auto","background-attachment":"scroll","background-type":"","background-media":"","overlay-type":"","overlay-color":"","overlay-opacity":"","overlay-gradient":""},"mobile":{"background-color":"","background-image":"","background-repeat":"repeat","background-position":"center center","background-size":"auto","background-attachment":"scroll","background-type":"","background-media":"","overlay-type":"","overlay-color":"","overlay-opacity":"","overlay-gradient":""}},"ast-content-background-meta":{"desktop":{"background-color":"var(--ast-global-color-5)","background-image":"","background-repeat":"repeat","background-position":"center center","background-size":"auto","background-attachment":"scroll","background-type":"","background-media":"","overlay-type":"","overlay-color":"","overlay-opacity":"","overlay-gradient":""},"tablet":{"background-color":"var(--ast-global-color-5)","background-image":"","background-repeat":"repeat","background-position":"center center","background-size":"auto","background-attachment":"scroll","background-type":"","background-media":"","overlay-type":"","overlay-color":"","overlay-opacity":"","overlay-gradient":""},"mobile":{"background-color":"var(--ast-global-color-5)","background-image":"","background-repeat":"repeat","background-position":"center center","background-size":"auto","background-attachment":"scroll","background-type":"","background-media":"","overlay-type":"","overlay-color":"","overlay-opacity":"","overlay-gradient":""}},"footnotes":""},"class_list":["post-30","page","type-page","status-publish","hentry"],"post_mailing_queue_ids":[],"_links":{"self":[{"href":"https:\/\/agora.xtec.cat\/escalmacelles\/wp-json\/wp\/v2\/pages\/30","targetHints":{"allow":["GET"]}}],"collection":[{"href":"https:\/\/agora.xtec.cat\/escalmacelles\/wp-json\/wp\/v2\/pages"}],"about":[{"href":"https:\/\/agora.xtec.cat\/escalmacelles\/wp-json\/wp\/v2\/types\/page"}],"author":[{"embeddable":true,"href":"https:\/\/agora.xtec.cat\/escalmacelles\/wp-json\/wp\/v2\/users\/1"}],"replies":[{"embeddable":true,"href":"https:\/\/agora.xtec.cat\/escalmacelles\/wp-json\/wp\/v2\/comments?post=30"}],"version-history":[{"count":3,"href":"https:\/\/agora.xtec.cat\/escalmacelles\/wp-json\/wp\/v2\/pages\/30\/revisions"}],"predecessor-version":[{"id":522,"href":"https:\/\/agora.xtec.cat\/escalmacelles\/wp-json\/wp\/v2\/pages\/30\/revisions\/522"}],"up":[{"embeddable":true,"href":"https:\/\/agora.xtec.cat\/escalmacelles\/wp-json\/wp\/v2\/pages\/22"}],"wp:attachment":[{"href":"https:\/\/agora.xtec.cat\/escalmacelles\/wp-json\/wp\/v2\/media?parent=30"}],"curies":[{"name":"wp","href":"https:\/\/api.w.org\/{rel}","templated":true}]}}

<p>El centre, està dividit en dues parts ben diferenciades. D&#8217;una banda hi ha l&#8217;edifici destinat a l&#8217;Educació Infantil, que engloba els tres cursos dels 3 als 5 anys. Es troba a la plaça de l&#8217;Ensenyança i, a més de les corresponents aules, té un espai destinat a menjador i aula alternativa. També consta de la seva pròpia biblioteca i un bon pati per a la realització dels esbarjos i d&#8217;altres activitats lúdiques i educatives a l&#8217;aire lliure.</p>

	<div class="slideshow_container slideshow_container_style-light" style="height: 200px; " data-slideshow-id="142" data-style-name="style-light" data-style-version="2.3.1" >

					<div class="slideshow_loading_icon"></div>
		
		<div class="slideshow_content" style="display: none;">

			<div class="slideshow_view">
				<div class="slideshow_slide slideshow_slide_image">
											<img src="https://agora.xtec.cat/escalmacelles/wp-content/uploads/usu1902/2014/09/exemple1b.png" alt="Imatge 1" width="350" height="250" />
										<div class="slideshow_description_box slideshow_transparent">
						<div class="slideshow_title">Imatge 1</div>											</div>
				</div>

						
				<div class="slideshow_slide slideshow_slide_image">
											<img src="https://agora.xtec.cat/escalmacelles/wp-content/uploads/usu1902/2014/09/exemple3.png" alt="Imatge 2" width="800" height="600" />
										<div class="slideshow_description_box slideshow_transparent">
						<div class="slideshow_title">Imatge 2</div>											</div>
				</div>

						<div style="clear: both;"></div></div><div class="slideshow_view">
				<div class="slideshow_slide slideshow_slide_image">
											<img src="https://agora.xtec.cat/escalmacelles/wp-content/uploads/usu1902/2014/09/exemple3b.png" alt="Imatge 3" width="800" height="600" />
										<div class="slideshow_description_box slideshow_transparent">
						<div class="slideshow_title">Imatge 3</div>											</div>
				</div>

						<div style="clear: both;"></div></div>
		</div>

		<div class="slideshow_controlPanel slideshow_transparent" style="display: none;"><ul><li class="slideshow_togglePlay" data-play-text="Visualitza" data-pause-text="Pausa"></li></ul></div>

		<div class="slideshow_button slideshow_previous slideshow_transparent" role="button" data-previous-text="Anterior" style="display: none;"></div>
		<div class="slideshow_button slideshow_next slideshow_transparent" role="button" data-next-text="Següent" style="display: none;"></div>

		<div class="slideshow_pagination" style="display: none;" data-go-to-text="Vés a la diapositiva"><div class="slideshow_pagination_center"></div></div>

		<!-- WordPress Slideshow Version 2.3.1 -->

			</div>


<p>En l&#8217;edifici situat al Tossal de la Creu hi ha les instal·lacions destinades a l&#8217;Educació Primària. En aquest espai hi trobem els diferents espais que conformen l&#8217;aulari dels diferents nivells que s&#8217;imparteixen i que estan repartits en dues plantes.</p>
<p>A la planta baixa hi trobem el gimnàs, la sala de mestres i sala d&#8217;ordinadors per als mestres, direcció i administració, aula de música i menjador escolar, biblioteca i aula d&#8217;informàtica 1, l&#8217;aula d&#8217;educació especial, despatx per a tutories i servei EAP, la ràdio de l&#8217;escola i els despatxos de les especialitats d&#8217;anglès i d&#8217;educació física. També s&#8217;hi troben dues aules ordinàries.</p>
<p>A la planta primera hi ha tot el conjunt d&#8217;aules i l&#8217;aula d&#8217;informàtica 2 i/o Robòtica.</p>
<p>També hi ha un pati força gran i ampli que està distribuït en quatre subzones. La part principal de les pistes esportives: camp de futbol-sala i bàsquet, camp de voleibol i bàsquet. La zona de la façana del centre amb diferents jocs en el terra tipus xarranca i fonts. La zona nord, a la contr-façana, on es troba l&#8217;hort escolar. Finalment, en la zona oest, hi trobem una zona arbrada amb diferents varietats.</p>

<p>El centre, està dividit en dues parts ben diferenciades. D&#8217;una banda hi ha l&#8217;edifici destinat a l&#8217;Educació Infantil, que engloba els tres cursos dels 3 als 5 anys. Es troba a la plaça de l&#8217;Ensenyança i, a més de les corresponents aules, té un espai destinat a menjador i aula alternativa. També consta de la [&hellip;]</p>
