{"id":28,"date":"2014-09-18T12:29:35","date_gmt":"2014-09-18T11:29:35","guid":{"rendered":"http:\/\/agora.xtec.cat\/escalmacelles\/?page_id=28"},"modified":"2026-01-28T17:52:58","modified_gmt":"2026-01-28T16:52:58","slug":"consell-escolar","status":"publish","type":"page","link":"https:\/\/agora.xtec.cat\/escalmacelles\/lescola\/consell-escolar\/","title":{"rendered":"Consell escolar"},"content":{"rendered":"<p><strong>Consell escolar<\/strong> del centre est\u00e0 format per representants del claustre de professors, representants de la direcci\u00f3 del centre, representants dels pares dels i les alumnes i, tamb\u00e9, representants de l&#8217;ajuntament del poble.<\/p>\n<p><strong>COMPOSICI\u00d3 DEL CONSELL ESCOLAR<\/strong><\/p>\n<p>(constitu\u00eft el 25\/11\/2025)<\/p>\n<table style=\"width: 65.4769%; height: 482px;\">\n<tbody>\n<tr style=\"height: 33px;\">\n<td style=\"height: 33px;\">Direcci\u00f3:<\/td>\n<td style=\"height: 33px;\">Ferran Bria Re\u00f1\u00e9<\/td>\n<\/tr>\n<tr style=\"height: 33px;\">\n<td style=\"height: 33px;\">Cap d\u2019Estudis:<\/td>\n<td style=\"height: 33px;\">Marta Diarte Cabezudo<\/td>\n<\/tr>\n<tr style=\"height: 33px;\">\n<td style=\"height: 33px;\">Secret\u00e0ria:<\/td>\n<td style=\"height: 33px;\">Alba Pros Morell<\/td>\n<\/tr>\n<tr style=\"height: 33px;\">\n<td style=\"height: 33px;\">Rep. Ajuntament:<\/td>\n<td style=\"height: 33px;\">Ant\u00f2nio Arn\u00f3 Rico<\/td>\n<\/tr>\n<tr style=\"height: 175px;\">\n<td style=\"vertical-align: top; height: 175px;\">Sector Mestres:<\/td>\n<td style=\"height: 175px;\">Juan Ort\u00edn Holgado<\/p>\n<p>F\u00e8lix Leci\u00f1ena Loizu<\/p>\n<p>Marta Gil<\/p>\n<p>Judith Rodr\u00edguez<\/p>\n<p>Merc\u00e8 Dom\u00e8nech<\/td>\n<\/tr>\n<tr style=\"height: 33px;\">\n<td style=\"height: 33px;\">Personal Ad. i Serv:<\/td>\n<td style=\"height: 33px;\">Pilar Vendrell<\/td>\n<\/tr>\n<tr style=\"height: 33px;\">\n<td style=\"height: 33px;\">Personal At. Educ.:<\/td>\n<td style=\"height: 33px;\">Nat\u00e0lia Garcia<\/td>\n<\/tr>\n<tr style=\"height: 163px;\">\n<td style=\"vertical-align: top; height: 109px;\">Sector Pares i Mares:<\/td>\n<td style=\"height: 109px;\">\u00c8lia Calder\u00f3n<\/p>\n<p>Nerea Carnic\u00e9<\/p>\n<p>Eva Arn\u00f3<\/p>\n<p>Judith Rius<\/p>\n<p>Josep Manent<\/p>\n<p>Laura Ojeda Segri\u00e0 (designada per l\u2019AMPA)<\/td>\n<\/tr>\n<\/tbody>\n<\/table>\n<p><strong>ACORDS DEL CONSELL ESCOLAR <\/strong><\/p>\n<p>D\u2019acord amb la Llei 19\/2014, del 29 de desembre, de transpar\u00e8ncia, acc\u00e9s a la informaci\u00f3 p\u00fablica i bon govern, els centres educatius han de publicar al seu web, entre d\u2019altra documentaci\u00f3, els acords presos en les reunions del consell escolar.<\/p>\n<p><span style=\"text-decoration: underline;\"><a href=\"https:\/\/drive.google.com\/file\/d\/1XuTetaYTm8R_QBm59UUycMG4zlQfds7b\/view?usp=sharing\">Acords de l&#8217;octubre del 2019<\/a><\/span><\/p>\n<p><span style=\"text-decoration: underline;\"><a href=\"https:\/\/drive.google.com\/file\/d\/15O2K53XHXgKpZm8FGPpVyti2J9_2BrvY\/view?usp=sharing\">Acords del gener del 2020<\/a><\/span><\/p>\n<p><span style=\"text-decoration: underline;\"><a href=\"https:\/\/agora.xtec.cat\/escalmacelles\/wp-content\/uploads\/usu1902\/2020\/06\/acords-consell-escolar-maig-2020.pdf\">Acords del maig del 2020<\/a><\/span><\/p>\n<p><a href=\"https:\/\/agora.xtec.cat\/escalmacelles\/wp-content\/uploads\/usu1902\/2020\/07\/acords-consell-escolar-juliol-2020.pdf\"><span style=\"text-decoration: underline;\">Acords del juliol del 2020<\/span><\/a><\/p>\n<p><span style=\"text-decoration: underline;\"><a href=\"https:\/\/agora.xtec.cat\/escalmacelles\/wp-content\/uploads\/usu1902\/2020\/10\/acords-consell-escolar-setembre-2020.pdf\">acords-consell-escolar-setembre 2020<\/a><\/span><\/p>\n<p><span style=\"text-decoration: underline;\"><a href=\"https:\/\/agora.xtec.cat\/escalmacelles\/wp-content\/uploads\/usu1902\/2020\/11\/acords-consell-escolar-novembre-2020.pdf\">acords-consell-escolar-novembre 2020<\/a><\/span><\/p>\n<p><span style=\"text-decoration: underline;\"><a href=\"https:\/\/agora.xtec.cat\/escalmacelles\/wp-content\/uploads\/usu1902\/2021\/02\/acords-consell-escolar-gener-2021.pdf\">acords-consell-escolar-gener 2021<\/a><\/span><\/p>\n<p><a href=\"https:\/\/agora.xtec.cat\/escalmacelles\/wp-content\/uploads\/usu1902\/2021\/05\/acords-consell-escolar-maig-2021.pdf\"><span style=\"text-decoration: underline;\">acords-consell-escolar-maig 2021<\/span><\/a><\/p>\n<p><a href=\"https:\/\/agora.xtec.cat\/escalmacelles\/wp-content\/uploads\/usu1902\/2021\/07\/acords-consell-escolar-juny-2021.pdf\"><span style=\"text-decoration: underline;\">acords-consell-escolar-juny 2021<\/span><\/a><\/p>\n<p><a href=\"https:\/\/agora.xtec.cat\/escalmacelles\/wp-content\/uploads\/usu1902\/2021\/09\/Acords-del-consell-escolar-del-setembre-de-2021.pdf\">Acords del consell escolar del setembre de 2021<\/a><\/p>\n<p><a href=\"https:\/\/agora.xtec.cat\/escalmacelles\/wp-content\/uploads\/usu1902\/2021\/10\/Acords-consell-escolar-octubre-2021.pdf\">Acords consell escolar octubre 2021<\/a><\/p>\n<p><a href=\"https:\/\/agora.xtec.cat\/escalmacelles\/wp-content\/uploads\/usu1902\/2021\/11\/Acords-consell-escolar-novembre-2021.pdf\">Acords-consell-escolar-novembre-2021<\/a><\/p>\n<p><a href=\"https:\/\/agora.xtec.cat\/escalmacelles\/wp-content\/uploads\/usu1902\/2022\/01\/Acords-consell-escolar-desembre-2021.pdf\">Acords-consell-escolar-desembre-2021<\/a><\/p>\n<p><a href=\"https:\/\/agora.xtec.cat\/escalmacelles\/wp-content\/uploads\/usu1902\/2022\/01\/Acords-consell-escolar-gener2022.pdf\">Acords-consell-escolar-gener2022<\/a><\/p>\n<p><a href=\"https:\/\/agora.xtec.cat\/escalmacelles\/wp-content\/uploads\/usu1902\/2022\/03\/Acords-consell-escolar-marc2022.pdf\">Acords-consell-escolar-mar\u00e72022<\/a><\/p>\n<p><a href=\"https:\/\/agora.xtec.cat\/escalmacelles\/wp-content\/uploads\/usu1902\/2022\/05\/Acords-consell-escolar-maig-2022.pdf\">Acords-consell-escolar-maig-2022<\/a><\/p>\n<p><a href=\"https:\/\/agora.xtec.cat\/escalmacelles\/wp-content\/uploads\/usu1902\/2022\/06\/Acords-consell-escolar-juny-2022.pdf\">Acords-consell-escolar-juny-2022<\/a><\/p>\n<p><a href=\"https:\/\/agora.xtec.cat\/escalmacelles\/wp-content\/uploads\/usu1902\/2022\/10\/Acords-consell-escolar-octubre-2022.pdf\">Acords-consell-escolar-octubre-2022<\/a><\/p>\n<p><a href=\"https:\/\/agora.xtec.cat\/escalmacelles\/wp-content\/uploads\/usu1902\/2023\/01\/Acords-consell-escolar-gener-2023.pdf\">Acords-consell-escolar-gener-2023<\/a><\/p>\n<p><a href=\"https:\/\/agora.xtec.cat\/escalmacelles\/wp-content\/uploads\/usu1902\/2023\/05\/Acords-consell-escolar-maig-2023.pdf\">Acords-consell-escolar-maig-2023<\/a><\/p>\n<p><a href=\"https:\/\/agora.xtec.cat\/escalmacelles\/wp-content\/uploads\/usu1902\/2023\/06\/Acords-consell-escolar-juny-2023.pdf\">Acords-consell-escolar-juny-2023<\/a><\/p>\n<p><a href=\"https:\/\/agora.xtec.cat\/escalmacelles\/wp-content\/uploads\/usu1902\/2023\/11\/Acords-consell-escolar-novembre2023.pdf\">Acords-consell-escolar-novembre2023<\/a><\/p>\n<p><a href=\"https:\/\/agora.xtec.cat\/escalmacelles\/wp-content\/uploads\/usu1902\/2024\/02\/Acords-consell-escolar-gener2024.pdf\">Acords-consell-escolar-gener2024<\/a><\/p>\n<p><a href=\"https:\/\/agora.xtec.cat\/escalmacelles\/wp-content\/uploads\/usu1902\/2024\/05\/Acords-consell-escolar-maig2024.pdf\">Acords-consell-escolar-maig2024<\/a><\/p>\n<p><a href=\"https:\/\/agora.xtec.cat\/escalmacelles\/wp-content\/uploads\/usu1902\/2024\/06\/Acords-consell-escolar-juny2024.pdf\">Acords-consell-escolar-juny2024<\/a><\/p>\n<p><a href=\"https:\/\/agora.xtec.cat\/escalmacelles\/wp-content\/uploads\/usu1902\/2025\/02\/Acords-consell-escolar-octubre2025.pdf\">Acords-consell-escolar-octubre2025<\/a><\/p>\n<p><a href=\"https:\/\/agora.xtec.cat\/escalmacelles\/wp-content\/uploads\/usu1902\/2025\/02\/Acords-consell-escolar-gener2025.pdf\">Acords-consell-escolar-gener2025<\/a><\/p>\n<p><a href=\"https:\/\/agora.xtec.cat\/escalmacelles\/wp-content\/uploads\/usu1902\/2025\/06\/Acords-consell-escolar-juny2025.pdf\">Acords-consell-escolar-juny2025<\/a><\/p>\n<p><a href=\"https:\/\/agora.xtec.cat\/escalmacelles\/wp-content\/uploads\/usu1902\/2025\/11\/Acords-consell-escolar-octubre2025.pdf\">Acords-consell-escolar-octubre2025<\/a><\/p>\n<p><a href=\"https:\/\/agora.xtec.cat\/escalmacelles\/wp-content\/uploads\/usu1902\/2025\/11\/Acords-consell-escolar-octubre2025-2.pdf\">Acords-consell-escolar-octubre2025-2<\/a><\/p>\n<p><a href=\"https:\/\/agora.xtec.cat\/escalmacelles\/wp-content\/uploads\/usu1902\/2025\/11\/Acords-consell-escolar-novembre2025.pdf\">Acords-consell-escolar-novembre2025<\/a><\/p>\n<p><a href=\"https:\/\/agora.xtec.cat\/escalmacelles\/wp-content\/uploads\/usu1902\/2026\/01\/Acords-consell-escolar-gener2026.pdf\">Acords-consell-escolar-gener2026<\/a><\/p>\n","protected":false},"excerpt":{"rendered":"<p>Consell escolar del centre est\u00e0 format per representants del claustre de professors, representants de la direcci\u00f3 del centre, representants dels pares dels i les alumnes i, tamb\u00e9, representants de l&#8217;ajuntament del poble. COMPOSICI\u00d3 DEL CONSELL ESCOLAR (constitu\u00eft el 25\/11\/2025) Direcci\u00f3: Ferran Bria Re\u00f1\u00e9 Cap d\u2019Estudis: Marta Diarte Cabezudo Secret\u00e0ria: Alba Pros Morell Rep. Ajuntament: Ant\u00f2nio [&hellip;]<\/p>\n","protected":false},"author":1,"featured_media":0,"parent":22,"menu_order":30,"comment_status":"closed","ping_status":"closed","template":"","meta":{"_bbp_topic_count":0,"_bbp_reply_count":0,"_bbp_total_topic_count":0,"_bbp_total_reply_count":0,"_bbp_voice_count":0,"_bbp_anonymous_reply_count":0,"_bbp_topic_count_hidden":0,"_bbp_reply_count_hidden":0,"_bbp_forum_subforum_count":0,"site-sidebar-layout":"default","site-content-layout":"","ast-site-content-layout":"default","site-content-style":"default","site-sidebar-style":"default","ast-global-header-display":"","ast-banner-title-visibility":"","ast-main-header-display":"","ast-hfb-above-header-display":"","ast-hfb-below-header-display":"","ast-hfb-mobile-header-display":"","site-post-title":"","ast-breadcrumbs-content":"","ast-featured-img":"","footer-sml-layout":"","theme-transparent-header-meta":"default","adv-header-id-meta":"","stick-header-meta":"","header-above-stick-meta":"","header-main-stick-meta":"","header-below-stick-meta":"","astra-migrate-meta-layouts":"set","ast-page-background-enabled":"default","ast-page-background-meta":{"desktop":{"background-color":"var(--ast-global-color-4)","background-image":"","background-repeat":"repeat","background-position":"center center","background-size":"auto","background-attachment":"scroll","background-type":"","background-media":"","overlay-type":"","overlay-color":"","overlay-opacity":"","overlay-gradient":""},"tablet":{"background-color":"","background-image":"","background-repeat":"repeat","background-position":"center center","background-size":"auto","background-attachment":"scroll","background-type":"","background-media":"","overlay-type":"","overlay-color":"","overlay-opacity":"","overlay-gradient":""},"mobile":{"background-color":"","background-image":"","background-repeat":"repeat","background-position":"center center","background-size":"auto","background-attachment":"scroll","background-type":"","background-media":"","overlay-type":"","overlay-color":"","overlay-opacity":"","overlay-gradient":""}},"ast-content-background-meta":{"desktop":{"background-color":"var(--ast-global-color-5)","background-image":"","background-repeat":"repeat","background-position":"center center","background-size":"auto","background-attachment":"scroll","background-type":"","background-media":"","overlay-type":"","overlay-color":"","overlay-opacity":"","overlay-gradient":""},"tablet":{"background-color":"var(--ast-global-color-5)","background-image":"","background-repeat":"repeat","background-position":"center center","background-size":"auto","background-attachment":"scroll","background-type":"","background-media":"","overlay-type":"","overlay-color":"","overlay-opacity":"","overlay-gradient":""},"mobile":{"background-color":"var(--ast-global-color-5)","background-image":"","background-repeat":"repeat","background-position":"center center","background-size":"auto","background-attachment":"scroll","background-type":"","background-media":"","overlay-type":"","overlay-color":"","overlay-opacity":"","overlay-gradient":""}},"footnotes":""},"class_list":["post-28","page","type-page","status-publish","hentry"],"post_mailing_queue_ids":[],"_links":{"self":[{"href":"https:\/\/agora.xtec.cat\/escalmacelles\/wp-json\/wp\/v2\/pages\/28","targetHints":{"allow":["GET"]}}],"collection":[{"href":"https:\/\/agora.xtec.cat\/escalmacelles\/wp-json\/wp\/v2\/pages"}],"about":[{"href":"https:\/\/agora.xtec.cat\/escalmacelles\/wp-json\/wp\/v2\/types\/page"}],"author":[{"embeddable":true,"href":"https:\/\/agora.xtec.cat\/escalmacelles\/wp-json\/wp\/v2\/users\/1"}],"replies":[{"embeddable":true,"href":"https:\/\/agora.xtec.cat\/escalmacelles\/wp-json\/wp\/v2\/comments?post=28"}],"version-history":[{"count":9,"href":"https:\/\/agora.xtec.cat\/escalmacelles\/wp-json\/wp\/v2\/pages\/28\/revisions"}],"predecessor-version":[{"id":23341,"href":"https:\/\/agora.xtec.cat\/escalmacelles\/wp-json\/wp\/v2\/pages\/28\/revisions\/23341"}],"up":[{"embeddable":true,"href":"https:\/\/agora.xtec.cat\/escalmacelles\/wp-json\/wp\/v2\/pages\/22"}],"wp:attachment":[{"href":"https:\/\/agora.xtec.cat\/escalmacelles\/wp-json\/wp\/v2\/media?parent=28"}],"curies":[{"name":"wp","href":"https:\/\/api.w.org\/{rel}","templated":true}]}}

<p><strong>Consell escolar</strong> del centre està format per representants del claustre de professors, representants de la direcció del centre, representants dels pares dels i les alumnes i, també, representants de l&#8217;ajuntament del poble.</p>
<p><strong>COMPOSICIÓ DEL CONSELL ESCOLAR</strong></p>
<p>(constituït el 25/11/2025)</p>
<table style="width: 65.4769%; height: 482px;">
<tbody>
<tr style="height: 33px;">
<td style="height: 33px;">Direcció:</td>
<td style="height: 33px;">Ferran Bria Reñé</td>
</tr>
<tr style="height: 33px;">
<td style="height: 33px;">Cap d’Estudis:</td>
<td style="height: 33px;">Marta Diarte Cabezudo</td>
</tr>
<tr style="height: 33px;">
<td style="height: 33px;">Secretària:</td>
<td style="height: 33px;">Alba Pros Morell</td>
</tr>
<tr style="height: 33px;">
<td style="height: 33px;">Rep. Ajuntament:</td>
<td style="height: 33px;">Antònio Arnó Rico</td>
</tr>
<tr style="height: 175px;">
<td style="vertical-align: top; height: 175px;">Sector Mestres:</td>
<td style="height: 175px;">Juan Ortín Holgado</p>
<p>Fèlix Leciñena Loizu</p>
<p>Marta Gil</p>
<p>Judith Rodríguez</p>
<p>Mercè Domènech</td>
</tr>
<tr style="height: 33px;">
<td style="height: 33px;">Personal Ad. i Serv:</td>
<td style="height: 33px;">Pilar Vendrell</td>
</tr>
<tr style="height: 33px;">
<td style="height: 33px;">Personal At. Educ.:</td>
<td style="height: 33px;">Natàlia Garcia</td>
</tr>
<tr style="height: 163px;">
<td style="vertical-align: top; height: 109px;">Sector Pares i Mares:</td>
<td style="height: 109px;">Èlia Calderón</p>
<p>Nerea Carnicé</p>
<p>Eva Arnó</p>
<p>Judith Rius</p>
<p>Josep Manent</p>
<p>Laura Ojeda Segrià (designada per l’AMPA)</td>
</tr>
</tbody>
</table>
<p><strong>ACORDS DEL CONSELL ESCOLAR </strong></p>
<p>D’acord amb la Llei 19/2014, del 29 de desembre, de transparència, accés a la informació pública i bon govern, els centres educatius han de publicar al seu web, entre d’altra documentació, els acords presos en les reunions del consell escolar.</p>
<p><span style="text-decoration: underline;"><a href="https://drive.google.com/file/d/1XuTetaYTm8R_QBm59UUycMG4zlQfds7b/view?usp=sharing">Acords de l&#8217;octubre del 2019</a></span></p>
<p><span style="text-decoration: underline;"><a href="https://drive.google.com/file/d/15O2K53XHXgKpZm8FGPpVyti2J9_2BrvY/view?usp=sharing">Acords del gener del 2020</a></span></p>
<p><span style="text-decoration: underline;"><a href="https://agora.xtec.cat/escalmacelles/wp-content/uploads/usu1902/2020/06/acords-consell-escolar-maig-2020.pdf">Acords del maig del 2020</a></span></p>
<p><a href="https://agora.xtec.cat/escalmacelles/wp-content/uploads/usu1902/2020/07/acords-consell-escolar-juliol-2020.pdf"><span style="text-decoration: underline;">Acords del juliol del 2020</span></a></p>
<p><span style="text-decoration: underline;"><a href="https://agora.xtec.cat/escalmacelles/wp-content/uploads/usu1902/2020/10/acords-consell-escolar-setembre-2020.pdf">acords-consell-escolar-setembre 2020</a></span></p>
<p><span style="text-decoration: underline;"><a href="https://agora.xtec.cat/escalmacelles/wp-content/uploads/usu1902/2020/11/acords-consell-escolar-novembre-2020.pdf">acords-consell-escolar-novembre 2020</a></span></p>
<p><span style="text-decoration: underline;"><a href="https://agora.xtec.cat/escalmacelles/wp-content/uploads/usu1902/2021/02/acords-consell-escolar-gener-2021.pdf">acords-consell-escolar-gener 2021</a></span></p>
<p><a href="https://agora.xtec.cat/escalmacelles/wp-content/uploads/usu1902/2021/05/acords-consell-escolar-maig-2021.pdf"><span style="text-decoration: underline;">acords-consell-escolar-maig 2021</span></a></p>
<p><a href="https://agora.xtec.cat/escalmacelles/wp-content/uploads/usu1902/2021/07/acords-consell-escolar-juny-2021.pdf"><span style="text-decoration: underline;">acords-consell-escolar-juny 2021</span></a></p>
<p><a href="https://agora.xtec.cat/escalmacelles/wp-content/uploads/usu1902/2021/09/Acords-del-consell-escolar-del-setembre-de-2021.pdf">Acords del consell escolar del setembre de 2021</a></p>
<p><a href="https://agora.xtec.cat/escalmacelles/wp-content/uploads/usu1902/2021/10/Acords-consell-escolar-octubre-2021.pdf">Acords consell escolar octubre 2021</a></p>
<p><a href="https://agora.xtec.cat/escalmacelles/wp-content/uploads/usu1902/2021/11/Acords-consell-escolar-novembre-2021.pdf">Acords-consell-escolar-novembre-2021</a></p>
<p><a href="https://agora.xtec.cat/escalmacelles/wp-content/uploads/usu1902/2022/01/Acords-consell-escolar-desembre-2021.pdf">Acords-consell-escolar-desembre-2021</a></p>
<p><a href="https://agora.xtec.cat/escalmacelles/wp-content/uploads/usu1902/2022/01/Acords-consell-escolar-gener2022.pdf">Acords-consell-escolar-gener2022</a></p>
<p><a href="https://agora.xtec.cat/escalmacelles/wp-content/uploads/usu1902/2022/03/Acords-consell-escolar-marc2022.pdf">Acords-consell-escolar-març2022</a></p>
<p><a href="https://agora.xtec.cat/escalmacelles/wp-content/uploads/usu1902/2022/05/Acords-consell-escolar-maig-2022.pdf">Acords-consell-escolar-maig-2022</a></p>
<p><a href="https://agora.xtec.cat/escalmacelles/wp-content/uploads/usu1902/2022/06/Acords-consell-escolar-juny-2022.pdf">Acords-consell-escolar-juny-2022</a></p>
<p><a href="https://agora.xtec.cat/escalmacelles/wp-content/uploads/usu1902/2022/10/Acords-consell-escolar-octubre-2022.pdf">Acords-consell-escolar-octubre-2022</a></p>
<p><a href="https://agora.xtec.cat/escalmacelles/wp-content/uploads/usu1902/2023/01/Acords-consell-escolar-gener-2023.pdf">Acords-consell-escolar-gener-2023</a></p>
<p><a href="https://agora.xtec.cat/escalmacelles/wp-content/uploads/usu1902/2023/05/Acords-consell-escolar-maig-2023.pdf">Acords-consell-escolar-maig-2023</a></p>
<p><a href="https://agora.xtec.cat/escalmacelles/wp-content/uploads/usu1902/2023/06/Acords-consell-escolar-juny-2023.pdf">Acords-consell-escolar-juny-2023</a></p>
<p><a href="https://agora.xtec.cat/escalmacelles/wp-content/uploads/usu1902/2023/11/Acords-consell-escolar-novembre2023.pdf">Acords-consell-escolar-novembre2023</a></p>
<p><a href="https://agora.xtec.cat/escalmacelles/wp-content/uploads/usu1902/2024/02/Acords-consell-escolar-gener2024.pdf">Acords-consell-escolar-gener2024</a></p>
<p><a href="https://agora.xtec.cat/escalmacelles/wp-content/uploads/usu1902/2024/05/Acords-consell-escolar-maig2024.pdf">Acords-consell-escolar-maig2024</a></p>
<p><a href="https://agora.xtec.cat/escalmacelles/wp-content/uploads/usu1902/2024/06/Acords-consell-escolar-juny2024.pdf">Acords-consell-escolar-juny2024</a></p>
<p><a href="https://agora.xtec.cat/escalmacelles/wp-content/uploads/usu1902/2025/02/Acords-consell-escolar-octubre2025.pdf">Acords-consell-escolar-octubre2025</a></p>
<p><a href="https://agora.xtec.cat/escalmacelles/wp-content/uploads/usu1902/2025/02/Acords-consell-escolar-gener2025.pdf">Acords-consell-escolar-gener2025</a></p>
<p><a href="https://agora.xtec.cat/escalmacelles/wp-content/uploads/usu1902/2025/06/Acords-consell-escolar-juny2025.pdf">Acords-consell-escolar-juny2025</a></p>
<p><a href="https://agora.xtec.cat/escalmacelles/wp-content/uploads/usu1902/2025/11/Acords-consell-escolar-octubre2025.pdf">Acords-consell-escolar-octubre2025</a></p>
<p><a href="https://agora.xtec.cat/escalmacelles/wp-content/uploads/usu1902/2025/11/Acords-consell-escolar-octubre2025-2.pdf">Acords-consell-escolar-octubre2025-2</a></p>
<p><a href="https://agora.xtec.cat/escalmacelles/wp-content/uploads/usu1902/2025/11/Acords-consell-escolar-novembre2025.pdf">Acords-consell-escolar-novembre2025</a></p>
<p><a href="https://agora.xtec.cat/escalmacelles/wp-content/uploads/usu1902/2026/01/Acords-consell-escolar-gener2026.pdf">Acords-consell-escolar-gener2026</a></p>

<p>Consell escolar del centre està format per representants del claustre de professors, representants de la direcció del centre, representants dels pares dels i les alumnes i, també, representants de l&#8217;ajuntament del poble. COMPOSICIÓ DEL CONSELL ESCOLAR (constituït el 25/11/2025) Direcció: Ferran Bria Reñé Cap d’Estudis: Marta Diarte Cabezudo Secretària: Alba Pros Morell Rep. Ajuntament: Antònio [&hellip;]</p>
