{"id":21229,"date":"2021-10-25T19:04:01","date_gmt":"2021-10-25T17:04:01","guid":{"rendered":"https:\/\/agora.xtec.cat\/escalmacelles\/?page_id=21229"},"modified":"2023-10-24T13:22:55","modified_gmt":"2023-10-24T11:22:55","slug":"edc-cd-documentacio-basica","status":"publish","type":"page","link":"https:\/\/agora.xtec.cat\/escalmacelles\/estrategia-digital-de-centre\/edc-cultura-digital\/edc-cd-documentacio-basica\/","title":{"rendered":"EDC &#8211; CD &#8211; DOCUMENTACI\u00d3 B\u00c0SICA"},"content":{"rendered":"<p>La cultura digital apareix en pr\u00e0cticament tots els documents b\u00e0sics del centre. A continuaci\u00f3 es remarquen els aspectes m\u00e9s importants de cada un d&#8217;ells.<\/p>\n<table style=\"width: 100%; border-collapse: collapse; border-style: hidden; height: 812px;\">\n<tbody>\n<tr style=\"height: 82px;\">\n<td style=\"width: 100%; border-style: hidden; background-color: #449fe3; text-align: center; vertical-align: middle; height: 82px;\">\n<h2>PEC<\/h2>\n<\/td>\n<\/tr>\n<tr style=\"height: 304px;\">\n<td style=\"width: 100%; height: 304px;\">\n<p class=\"CDt4Ke zfr3Q\" dir=\"ltr\">B\u00e0sicament, apareix en tres aspectes:<\/p>\n<ul class=\"n8H08c UVNKR\">\n<li class=\"TYR86d wXCUfe zfr3Q\" dir=\"ltr\">\n<p class=\"CDt4Ke zfr3Q\" dir=\"ltr\">Un dels <strong>plantejaments educatius<\/strong> del centre \u00e9s: &#8220;\u00das responsable de la tecnologia: per poder treballar i avaluar per compet\u00e8ncies, \u00e9s imprescindible que l\u2019alumne utilitzi una \u00e0mplia diversitat de recursos i de tecnologies, especialment per cercar i contrastar informaci\u00f3. Tamb\u00e9 cal que tingui criteris per classificar-la, ordenar-la, sintetitzar-la i processar-la. Nom\u00e9s aix\u00ed podr\u00e0 arribar a conclusions i presentar resultats. Les TIC, sens dubte, permeten que aquest proc\u00e9s sigui r\u00e0pid, per\u00f2 cal fer-ne un \u00fas responsable. El centre est\u00e0 totalment digitalitzat i el professorat vetlla pel seu \u00fas correcte, per\u00f2 tenint molt clar que les TIC s\u00f3n nom\u00e9s una eina per aconseguir l\u2019aprenentatge dels alumnes.&#8221;<\/p>\n<\/li>\n<li class=\"TYR86d wXCUfe zfr3Q\" dir=\"ltr\">\n<p class=\"CDt4Ke zfr3Q\" dir=\"ltr\">L&#8217;objectiu 4 del PEC \u00e9s: &#8220;OP1. Desenvolupar les compet\u00e8ncies de l\u2019alumnat i les habilitats socials a trav\u00e9s de metodologies actives d\u2019aula i de l\u2019\u00fas habitual de les TIC\/TAC.&#8221;<\/p>\n<\/li>\n<li class=\"TYR86d wXCUfe zfr3Q\" dir=\"ltr\">\n<p class=\"CDt4Ke zfr3Q\" dir=\"ltr\">Definici\u00f3 de perfils professionals. &#8220;A partir dels plantejaments educatius i dels objectius anomenats anteriorment, els seg\u00fcents perfils professionals s\u00f3n necessaris per a l\u2019acompliment d\u2019aquest projecte: Pluriling\u00fcisme, Diversitat, Treball per projectes, <strong>TIC\/TAC (Cultura Digital)<\/strong>, Coordinaci\u00f3 tutorial.<\/p>\n<\/li>\n<\/ul>\n<\/td>\n<\/tr>\n<tr style=\"height: 83px;\">\n<td style=\"width: 100%; background-color: #449fe3; text-align: center; vertical-align: middle; height: 83px;\">\n<h2>NOFC<\/h2>\n<\/td>\n<\/tr>\n<tr style=\"height: 213px;\">\n<td style=\"width: 100%; height: 213px;\">\n<p class=\"CDt4Ke zfr3Q\" dir=\"ltr\">B\u00e0sicament apareix en quatre apartats:<\/p>\n<ul class=\"n8H08c UVNKR\">\n<li class=\"TYR86d wXCUfe zfr3Q\" dir=\"ltr\">\n<p class=\"CDt4Ke zfr3Q\" dir=\"ltr\">Detalla les funcions del coordinador digital del centre i de la comissi\u00f3 digital del centre. En el seg\u00fcent enlla\u00e7 es poden consultar.<\/p>\n<\/li>\n<li class=\"TYR86d wXCUfe zfr3Q\" dir=\"ltr\">\n<p class=\"CDt4Ke zfr3Q\" dir=\"ltr\">Es detalla el projecte digital com a projecte d&#8217;innovaci\u00f3 de centre.<\/p>\n<\/li>\n<li class=\"TYR86d wXCUfe zfr3Q\" dir=\"ltr\">\n<p class=\"CDt4Ke zfr3Q\" dir=\"ltr\">Es designa la cultura digital com a \u00e0mbit prioritari de formaci\u00f3 del professorat.<\/p>\n<\/li>\n<li class=\"TYR86d wXCUfe zfr3Q\" dir=\"ltr\">\n<p class=\"CDt4Ke zfr3Q\" dir=\"ltr\">S&#8217;introdueix en la normativa de conviv\u00e8ncia, especialment pel que fa als m\u00f2bils.<\/p>\n<\/li>\n<li class=\"TYR86d wXCUfe zfr3Q\" dir=\"ltr\">\n<p class=\"CDt4Ke zfr3Q\" dir=\"ltr\"><span style=\"font-size: 1.6875em; font-weight: bold;\">Secci\u00f3 10. Normes per a la utilitzaci\u00f3 de joguines i aparells electr\u00f2nics.<\/span><\/p>\n<p><em>En primer lloc, cal remarcar, que considerem \u00e0mbit escolar totes aquelles activitats realitzades dins del recinte escolar i des de l\u2019entrada fins la sortida, aix\u00ed com aquelles que es duen a terme fora del recinte escolar com a sortides previstes i aprovades en la Programaci\u00f3 Anual de Centre.<\/em><\/p>\n<p><em>L\u2019escola \u00e9s un espai educatiu, de relaci\u00f3 amb els companys, per aix\u00f2 considerem que hi ha una s\u00e8rie de jocs adients per aconseguir aquests objectius en el temps i l\u2019espai previstos. Estarien dins d\u2019aquest categoria totes aquelles joguines amb les que poden jugar diversos nens alhora.<\/em><\/p>\n<p><em>De qualsevol manera, en tant que objectes que poden portar volunt\u00e0riament, per\u00f2 al marge del material recomanat d\u2019utilitzaci\u00f3 docent,\u00a0<strong>els mestres no ens fem responsables de la seva p\u00e8rdua o sostracci\u00f3<\/strong>. Aix\u00ed doncs,\u00a0<strong>no ens veurem obligats a intervenir, ni a perdre temps en la resoluci\u00f3 d\u2019aquests litigis<\/strong>.<\/em><\/p>\n<p><em>D\u2019altra banda, considerem que hi ha jocs que no afavoreixen gens les relacions entre ells i per contra els a\u00efllen i desaprofiten un espai i un temps pensats per al desenvolupament de les seves habilitats i compet\u00e8ncies socials. Poden ser adients fora de l\u2019\u00e0mbit escolar, per\u00f2 no dins. Aquests s\u00f3n, en general, tots els aparells electr\u00f2nics tipus consola, \u201ctamagotxis\u201d, aparells de reproducci\u00f3 musical.<\/em><\/p>\n<p><em>Pel que fa als tel\u00e8fons m\u00f2bils, pensem que s\u00f3n absolutament innecessaris, ja que tant en el centre com en les sortides es disposa de tel\u00e8fons que ells poden utilitzar en cas de necessitat. D\u2019altra banda la seva utilitzaci\u00f3 incorrecta pot causar molts problemes en el normal funcionament de la instituci\u00f3 escolar.<\/em><\/p>\n<p><em>L\u2019\u00fas de les c\u00e0meres fotogr\u00e0fiques com a iniciativa lliure i personal dels alumnes \u00e9s considerat completament innecessari i un perill per a la preservaci\u00f3 del dret d\u2019imatge de totes les persones que treballem en el centre.<\/em><\/p>\n<p><em>Referent a les sortides en autob\u00fas, creiem que l\u2019objectiu fonamental que les justifica s\u00f3n les activitats programades en els llocs determinats i molt sovint l\u2019atenci\u00f3 als llocs\u00a0 per on el recorregut de la sortida transcorre. Per tal de garantir l\u2019atenci\u00f3 i d\u2019evitar l\u2019a\u00efllament i la relaci\u00f3 interpersonal, no es podran portar tota la mena d\u2019aparells anteriorment descrits.<\/em><\/p>\n<p><strong><em>Per la qual cosa tota aquesta mena de jocs amb consola, d\u2019aparells musicals, d\u2019aparells de telefonia m\u00f2bil, rellotges \u201cSmartwatch\u201d, de c\u00e0meres fotogr\u00e0fiques no es podran portar al centre ni a les sortides programades o b\u00e9 col\u00f2nies,\u00a0<\/em><\/strong><em>i si es porten, podran ser guardats\u00a0 per qualsevol mestre del centre i retornats quan la fam\u00edlia el vingui a buscar. \u00a0<\/em><\/p>\n<p><em>En cas que un alumne\/a tingui la necessitat de comunicar-se amb la fam\u00edlia o a l\u2019inrev\u00e9s se\u2019ls facilitar\u00e0 l\u2019\u00fas del tel\u00e8fon fix del centre.<\/em><\/p>\n<p><em>En cas que un alumne\/a tingui la necessitat, degudament justificada, de portar a l\u2019escola algun dels dispositius abans esmentats, l\u2019haur\u00e0 de dipositar a la motxilla i no treure\u2019l sense consentiment del\/la tutor\/a. En cas contrari es seguir\u00e0 el procediment\u00a0 descrit en el par\u00e0graf anterior.<\/em><\/p>\n<p><em>L\u2019\u00fas c\u00e0meres fotogr\u00e0fiques, dins del recinte escolar, podr\u00e0 ser perm\u00e8s i fins i tot recomanable, en tant que sigui una activitat proposada per un mestre, motivada i controlada pel mateix per treballar algun objectiu docent. En aquest cas, els mestres vetllarem perqu\u00e8 no es malmetin i farem recomanacions perqu\u00e8 no es perdin. En cas de desaparici\u00f3 d\u2019algun d\u2019aquests aparells far\u00edem les actuacions oportunes per intentar la seva recuperaci\u00f3, aix\u00f2 s\u00ed, sense garantir necess\u00e0riament la mateixa.<\/em><\/p>\n<p><em>L\u2019\u00fas d\u2019aquests aparells podr\u00e0 ser perm\u00e8s durant les sortides pels mestres acompanyants. En aquest cas,\u00a0<strong>els mestres no ens fem responsables de la seva p\u00e8rdua o sostracci\u00f3<\/strong>. Aix\u00ed doncs,\u00a0<strong>no ens veurem obligats a intervenir, ni a perdre temps en la resoluci\u00f3 d\u2019aquests litigis<\/strong>.<\/em><\/li>\n<\/ul>\n<\/td>\n<\/tr>\n<tr style=\"height: 83px;\">\n<td style=\"width: 100%; background-color: #449fe3; text-align: center; vertical-align: middle; height: 83px;\">\n<h2>PROJECTE DE DIRECCI\u00d3<\/h2>\n<\/td>\n<\/tr>\n<tr style=\"height: 47px;\">\n<td style=\"width: 100%; height: 47px;\">El projecte de direcci\u00f3 cita l&#8217;objectiu del PEC respecte a la cultura digital i assumeix els objectius, accions i planificaci\u00f3 que ja est\u00e0 detallada en aquesta Estrat\u00e8gia Digital de Centre (EDC).<\/td>\n<\/tr>\n<\/tbody>\n<\/table>\n<p><a href=\"https:\/\/agora.xtec.cat\/escalmacelles\/estrategia-digital-de-centre\/edc-cultura-digital\/\"><img loading=\"lazy\" decoding=\"async\" class=\"alignnone size-full wp-image-21190\" src=\"https:\/\/agora.xtec.cat\/escalmacelles\/wp-content\/uploads\/usu1902\/2021\/10\/Enrera.jpg\" alt=\"\" width=\"167\" height=\"74\" \/><\/a><\/p>\n","protected":false},"excerpt":{"rendered":"<p>La cultura digital apareix en pr\u00e0cticament tots els documents b\u00e0sics del centre. A continuaci\u00f3 es remarquen els aspectes m\u00e9s importants de cada un d&#8217;ells. PEC B\u00e0sicament, apareix en tres aspectes: Un dels plantejaments educatius del centre \u00e9s: &#8220;\u00das responsable de la tecnologia: per poder treballar i avaluar per compet\u00e8ncies, \u00e9s imprescindible que l\u2019alumne utilitzi una [&hellip;]<\/p>\n","protected":false},"author":1,"featured_media":0,"parent":21213,"menu_order":1,"comment_status":"closed","ping_status":"closed","template":"page-templates\/side-menu.php","meta":{"_bbp_topic_count":0,"_bbp_reply_count":0,"_bbp_total_topic_count":0,"_bbp_total_reply_count":0,"_bbp_voice_count":0,"_bbp_anonymous_reply_count":0,"_bbp_topic_count_hidden":0,"_bbp_reply_count_hidden":0,"_bbp_forum_subforum_count":0,"site-sidebar-layout":"default","site-content-layout":"","ast-site-content-layout":"","site-content-style":"default","site-sidebar-style":"default","ast-global-header-display":"","ast-banner-title-visibility":"","ast-main-header-display":"","ast-hfb-above-header-display":"","ast-hfb-below-header-display":"","ast-hfb-mobile-header-display":"","site-post-title":"","ast-breadcrumbs-content":"","ast-featured-img":"","footer-sml-layout":"","theme-transparent-header-meta":"","adv-header-id-meta":"","stick-header-meta":"","header-above-stick-meta":"","header-main-stick-meta":"","header-below-stick-meta":"","astra-migrate-meta-layouts":"default","ast-page-background-enabled":"default","ast-page-background-meta":{"desktop":{"background-color":"var(--ast-global-color-4)","background-image":"","background-repeat":"repeat","background-position":"center center","background-size":"auto","background-attachment":"scroll","background-type":"","background-media":"","overlay-type":"","overlay-color":"","overlay-opacity":"","overlay-gradient":""},"tablet":{"background-color":"","background-image":"","background-repeat":"repeat","background-position":"center center","background-size":"auto","background-attachment":"scroll","background-type":"","background-media":"","overlay-type":"","overlay-color":"","overlay-opacity":"","overlay-gradient":""},"mobile":{"background-color":"","background-image":"","background-repeat":"repeat","background-position":"center center","background-size":"auto","background-attachment":"scroll","background-type":"","background-media":"","overlay-type":"","overlay-color":"","overlay-opacity":"","overlay-gradient":""}},"ast-content-background-meta":{"desktop":{"background-color":"var(--ast-global-color-5)","background-image":"","background-repeat":"repeat","background-position":"center center","background-size":"auto","background-attachment":"scroll","background-type":"","background-media":"","overlay-type":"","overlay-color":"","overlay-opacity":"","overlay-gradient":""},"tablet":{"background-color":"var(--ast-global-color-5)","background-image":"","background-repeat":"repeat","background-position":"center center","background-size":"auto","background-attachment":"scroll","background-type":"","background-media":"","overlay-type":"","overlay-color":"","overlay-opacity":"","overlay-gradient":""},"mobile":{"background-color":"var(--ast-global-color-5)","background-image":"","background-repeat":"repeat","background-position":"center center","background-size":"auto","background-attachment":"scroll","background-type":"","background-media":"","overlay-type":"","overlay-color":"","overlay-opacity":"","overlay-gradient":""}},"footnotes":""},"class_list":["post-21229","page","type-page","status-publish","hentry"],"post_mailing_queue_ids":[],"_links":{"self":[{"href":"https:\/\/agora.xtec.cat\/escalmacelles\/wp-json\/wp\/v2\/pages\/21229","targetHints":{"allow":["GET"]}}],"collection":[{"href":"https:\/\/agora.xtec.cat\/escalmacelles\/wp-json\/wp\/v2\/pages"}],"about":[{"href":"https:\/\/agora.xtec.cat\/escalmacelles\/wp-json\/wp\/v2\/types\/page"}],"author":[{"embeddable":true,"href":"https:\/\/agora.xtec.cat\/escalmacelles\/wp-json\/wp\/v2\/users\/1"}],"replies":[{"embeddable":true,"href":"https:\/\/agora.xtec.cat\/escalmacelles\/wp-json\/wp\/v2\/comments?post=21229"}],"version-history":[{"count":5,"href":"https:\/\/agora.xtec.cat\/escalmacelles\/wp-json\/wp\/v2\/pages\/21229\/revisions"}],"predecessor-version":[{"id":22496,"href":"https:\/\/agora.xtec.cat\/escalmacelles\/wp-json\/wp\/v2\/pages\/21229\/revisions\/22496"}],"up":[{"embeddable":true,"href":"https:\/\/agora.xtec.cat\/escalmacelles\/wp-json\/wp\/v2\/pages\/21213"}],"wp:attachment":[{"href":"https:\/\/agora.xtec.cat\/escalmacelles\/wp-json\/wp\/v2\/media?parent=21229"}],"curies":[{"name":"wp","href":"https:\/\/api.w.org\/{rel}","templated":true}]}}