{"id":21155,"date":"2021-10-05T19:46:16","date_gmt":"2021-10-05T17:46:16","guid":{"rendered":"https:\/\/agora.xtec.cat\/escalmacelles\/?page_id=21155"},"modified":"2022-04-07T11:24:49","modified_gmt":"2022-04-07T09:24:49","slug":"edc-diagnosi","status":"publish","type":"page","link":"https:\/\/agora.xtec.cat\/escalmacelles\/estrategia-digital-de-centre\/edc-part-estrategica\/edc-diagnosi\/","title":{"rendered":"EDC &#8211; Diagnosi"},"content":{"rendered":"<p class=\"CDt4Ke zfr3Q\" dir=\"ltr\">La comissi\u00f3 digital del centre ha fet la diagnosi partint de:<\/p>\n<ul class=\"n8H08c UVNKR\">\n<li class=\"TYR86d wXCUfe zfr3Q\" dir=\"ltr\">\n<p class=\"CDt4Ke zfr3Q\" dir=\"ltr\">Una enquesta al professorat, una a l&#8217;alumnat i una altra a les fam\u00edlies: la participaci\u00f3 del professorat ha estat del 87% (Eina Selfie), la de l&#8217;alumnat del 98% (alumnat de 4t a 6\u00e8) i la de les fam\u00edlies del __% (Q\u00fcestionari de Google). Per determinar les preguntes, s&#8217;han analitzat els <span class=\" aw5Odc\"><a class=\"XqQF9c\" href=\"http:\/\/www.google.com\/url?q=http%3A%2F%2Fxtec.gencat.cat%2Fweb%2F.content%2Fcentres%2Fprojeducatiu%2Fplatac%2Fdocuments%2FDocument_Aplicacio_pla_TAC_08_2016.pdf&amp;sa=D&amp;sntz=1&amp;usg=AFQjCNEh0iEZboArkxkrJkd69aRtzJ3ZzQ\" target=\"_blank\" rel=\"noopener\">\u00edtems del pla TAC<\/a><\/span>\u00a0i les \u00e0rees digitals que marca el PEDC (alumnat, professorat i centre).<\/p>\n<\/li>\n<li class=\"TYR86d wXCUfe zfr3Q\" dir=\"ltr\">\n<p class=\"CDt4Ke zfr3Q\" dir=\"ltr\">Entrevistes amb la direcci\u00f3 del centre i amb el coordinador digital.<\/p>\n<\/li>\n<li class=\"TYR86d wXCUfe zfr3Q\" dir=\"ltr\">\n<p class=\"CDt4Ke zfr3Q\" dir=\"ltr\">Valoraci\u00f3 dels resultats de l&#8217;enquesta en un claustre.<\/p>\n<\/li>\n<\/ul>\n<p class=\"CDt4Ke zfr3Q\" dir=\"ltr\">A partir de l&#8217;an\u00e0lisi d&#8217;aquestes eines, es detecten els seg\u00fcents punts forts i punts febles segons diferents aspectes.<\/p>\n<p dir=\"ltr\" style=\"text-align: center;\"><a href=\"https:\/\/agora.xtec.cat\/escalmacelles\/estrategia-digital-de-centre\/edc-part-estrategica\/edc-diagnosi\/edc-diagnosi-de-lalumnat\/\"><img loading=\"lazy\" decoding=\"async\" class=\"alignnone wp-image-21156\" src=\"https:\/\/agora.xtec.cat\/escalmacelles\/wp-content\/uploads\/usu1902\/2021\/10\/D_Alumnat.jpg\" alt=\"\" width=\"269\" height=\"49\" srcset=\"https:\/\/agora.xtec.cat\/escalmacelles\/wp-content\/uploads\/usu1902\/2021\/10\/D_Alumnat.jpg 406w, https:\/\/agora.xtec.cat\/escalmacelles\/wp-content\/uploads\/usu1902\/2021\/10\/D_Alumnat-300x55.jpg 300w\" sizes=\"auto, (max-width: 269px) 100vw, 269px\" \/><\/a> <a href=\"https:\/\/agora.xtec.cat\/escalmacelles\/estrategia-digital-de-centre\/edc-part-estrategica\/edc-diagnosi\/edc-diagnosi-del-professorat\/\"><img loading=\"lazy\" decoding=\"async\" class=\"alignnone wp-image-21158\" src=\"https:\/\/agora.xtec.cat\/escalmacelles\/wp-content\/uploads\/usu1902\/2021\/10\/D_Professorat.jpg\" alt=\"\" width=\"263\" height=\"48\" srcset=\"https:\/\/agora.xtec.cat\/escalmacelles\/wp-content\/uploads\/usu1902\/2021\/10\/D_Professorat.jpg 406w, https:\/\/agora.xtec.cat\/escalmacelles\/wp-content\/uploads\/usu1902\/2021\/10\/D_Professorat-300x55.jpg 300w\" sizes=\"auto, (max-width: 263px) 100vw, 263px\" \/><\/a> <a href=\"https:\/\/agora.xtec.cat\/escalmacelles\/estrategia-digital-de-centre\/edc-part-estrategica\/edc-diagnosi\/edc-diagnosi-del-centre\/\"><img loading=\"lazy\" decoding=\"async\" class=\"alignnone wp-image-21157\" src=\"https:\/\/agora.xtec.cat\/escalmacelles\/wp-content\/uploads\/usu1902\/2021\/10\/D_centre.jpg\" alt=\"\" width=\"264\" height=\"48\" srcset=\"https:\/\/agora.xtec.cat\/escalmacelles\/wp-content\/uploads\/usu1902\/2021\/10\/D_centre.jpg 406w, https:\/\/agora.xtec.cat\/escalmacelles\/wp-content\/uploads\/usu1902\/2021\/10\/D_centre-300x55.jpg 300w\" sizes=\"auto, (max-width: 264px) 100vw, 264px\" \/><\/a><\/p>\n<p dir=\"ltr\"><a href=\"https:\/\/agora.xtec.cat\/escalmacelles\/estrategia-digital-de-centre\/edc-part-estrategica\/\"><img loading=\"lazy\" decoding=\"async\" class=\"alignnone size-full wp-image-21190\" src=\"https:\/\/agora.xtec.cat\/escalmacelles\/wp-content\/uploads\/usu1902\/2021\/10\/Enrera.jpg\" alt=\"\" width=\"167\" height=\"74\" \/><\/a><\/p>\n<p dir=\"ltr\">\n","protected":false},"excerpt":{"rendered":"<p>La comissi\u00f3 digital del centre ha fet la diagnosi partint de: Una enquesta al professorat, una a l&#8217;alumnat i una altra a les fam\u00edlies: la participaci\u00f3 del professorat ha estat del 87% (Eina Selfie), la de l&#8217;alumnat del 98% (alumnat de 4t a 6\u00e8) i la de les fam\u00edlies del __% (Q\u00fcestionari de Google). Per [&hellip;]<\/p>\n","protected":false},"author":1,"featured_media":0,"parent":21149,"menu_order":1,"comment_status":"closed","ping_status":"closed","template":"page-templates\/side-menu.php","meta":{"_bbp_topic_count":0,"_bbp_reply_count":0,"_bbp_total_topic_count":0,"_bbp_total_reply_count":0,"_bbp_voice_count":0,"_bbp_anonymous_reply_count":0,"_bbp_topic_count_hidden":0,"_bbp_reply_count_hidden":0,"_bbp_forum_subforum_count":0,"site-sidebar-layout":"default","site-content-layout":"","ast-site-content-layout":"","site-content-style":"default","site-sidebar-style":"default","ast-global-header-display":"","ast-banner-title-visibility":"","ast-main-header-display":"","ast-hfb-above-header-display":"","ast-hfb-below-header-display":"","ast-hfb-mobile-header-display":"","site-post-title":"","ast-breadcrumbs-content":"","ast-featured-img":"","footer-sml-layout":"","theme-transparent-header-meta":"","adv-header-id-meta":"","stick-header-meta":"","header-above-stick-meta":"","header-main-stick-meta":"","header-below-stick-meta":"","astra-migrate-meta-layouts":"default","ast-page-background-enabled":"default","ast-page-background-meta":{"desktop":{"background-color":"var(--ast-global-color-4)","background-image":"","background-repeat":"repeat","background-position":"center center","background-size":"auto","background-attachment":"scroll","background-type":"","background-media":"","overlay-type":"","overlay-color":"","overlay-opacity":"","overlay-gradient":""},"tablet":{"background-color":"","background-image":"","background-repeat":"repeat","background-position":"center center","background-size":"auto","background-attachment":"scroll","background-type":"","background-media":"","overlay-type":"","overlay-color":"","overlay-opacity":"","overlay-gradient":""},"mobile":{"background-color":"","background-image":"","background-repeat":"repeat","background-position":"center center","background-size":"auto","background-attachment":"scroll","background-type":"","background-media":"","overlay-type":"","overlay-color":"","overlay-opacity":"","overlay-gradient":""}},"ast-content-background-meta":{"desktop":{"background-color":"var(--ast-global-color-5)","background-image":"","background-repeat":"repeat","background-position":"center center","background-size":"auto","background-attachment":"scroll","background-type":"","background-media":"","overlay-type":"","overlay-color":"","overlay-opacity":"","overlay-gradient":""},"tablet":{"background-color":"var(--ast-global-color-5)","background-image":"","background-repeat":"repeat","background-position":"center center","background-size":"auto","background-attachment":"scroll","background-type":"","background-media":"","overlay-type":"","overlay-color":"","overlay-opacity":"","overlay-gradient":""},"mobile":{"background-color":"var(--ast-global-color-5)","background-image":"","background-repeat":"repeat","background-position":"center center","background-size":"auto","background-attachment":"scroll","background-type":"","background-media":"","overlay-type":"","overlay-color":"","overlay-opacity":"","overlay-gradient":""}},"footnotes":""},"class_list":["post-21155","page","type-page","status-publish","hentry"],"post_mailing_queue_ids":[],"_links":{"self":[{"href":"https:\/\/agora.xtec.cat\/escalmacelles\/wp-json\/wp\/v2\/pages\/21155","targetHints":{"allow":["GET"]}}],"collection":[{"href":"https:\/\/agora.xtec.cat\/escalmacelles\/wp-json\/wp\/v2\/pages"}],"about":[{"href":"https:\/\/agora.xtec.cat\/escalmacelles\/wp-json\/wp\/v2\/types\/page"}],"author":[{"embeddable":true,"href":"https:\/\/agora.xtec.cat\/escalmacelles\/wp-json\/wp\/v2\/users\/1"}],"replies":[{"embeddable":true,"href":"https:\/\/agora.xtec.cat\/escalmacelles\/wp-json\/wp\/v2\/comments?post=21155"}],"version-history":[{"count":3,"href":"https:\/\/agora.xtec.cat\/escalmacelles\/wp-json\/wp\/v2\/pages\/21155\/revisions"}],"predecessor-version":[{"id":21610,"href":"https:\/\/agora.xtec.cat\/escalmacelles\/wp-json\/wp\/v2\/pages\/21155\/revisions\/21610"}],"up":[{"embeddable":true,"href":"https:\/\/agora.xtec.cat\/escalmacelles\/wp-json\/wp\/v2\/pages\/21149"}],"wp:attachment":[{"href":"https:\/\/agora.xtec.cat\/escalmacelles\/wp-json\/wp\/v2\/media?parent=21155"}],"curies":[{"name":"wp","href":"https:\/\/api.w.org\/{rel}","templated":true}]}}