{"id":19294,"date":"2019-10-15T15:54:31","date_gmt":"2019-10-15T13:54:31","guid":{"rendered":"http:\/\/agora.xtec.cat\/escalmacelles\/?page_id=19294"},"modified":"2019-10-15T15:54:31","modified_gmt":"2019-10-15T13:54:31","slug":"scratch","status":"publish","type":"page","link":"https:\/\/agora.xtec.cat\/escalmacelles\/scratch\/","title":{"rendered":"SCRATCH"},"content":{"rendered":"<p>A l&#8217;escola estem preparant-nos per a una transformaci\u00f3, dins l&#8217;\u00e0mbit digital, integral. Per aquest motiu el centre ha estat un dels primers de Catalunya en dur a terme un Pla d&#8217;Innovaci\u00f3 que permeti realitzar aquest gran canvi. Aquest nou paradigma implica l&#8217;\u00fas de les tecnologies de la informaci\u00f3 i de la comunicaci\u00f3 per tal de crear projectes atractius per a realitzar el desplegament del Curr\u00edculum educatiu.<\/p>\n<p>\u00c9s per aquest motiu que, mitjan\u00e7ant el programa Scratch, estem ensenyant els i les alumnes a desenvolupar el seu pensament computacional i a ampliar la seva compet\u00e8ncia digital mitjan\u00e7ant l&#8217;Scratch. Un &#8220;llenguatge de programaci\u00f3&#8221; que permet l&#8217;alumnat de crear els seus propis continguts, hist\u00f2ries i, fins i tot, videojocs. Entenent que el video joc esdev\u00e9 for\u00e7a atractiu pels nens i les nenes (i engloba, alhora, els altres aspectes) intentem que realitzin i es realitzin mitjan\u00e7ant l&#8217;experi\u00e8ncia de crear-ne de propis.<\/p>\n","protected":false},"excerpt":{"rendered":"<p>A l&#8217;escola estem preparant-nos per a una transformaci\u00f3, dins l&#8217;\u00e0mbit digital, integral. Per aquest motiu el centre ha estat un dels primers de Catalunya en dur a terme un Pla d&#8217;Innovaci\u00f3 que permeti realitzar aquest gran canvi. Aquest nou paradigma implica l&#8217;\u00fas de les tecnologies de la informaci\u00f3 i de la comunicaci\u00f3 per tal de [&hellip;]<\/p>\n","protected":false},"author":1,"featured_media":0,"parent":0,"menu_order":0,"comment_status":"closed","ping_status":"closed","template":"","meta":{"_bbp_topic_count":0,"_bbp_reply_count":0,"_bbp_total_topic_count":0,"_bbp_total_reply_count":0,"_bbp_voice_count":0,"_bbp_anonymous_reply_count":0,"_bbp_topic_count_hidden":0,"_bbp_reply_count_hidden":0,"_bbp_forum_subforum_count":0,"site-sidebar-layout":"default","site-content-layout":"","ast-site-content-layout":"","site-content-style":"default","site-sidebar-style":"default","ast-global-header-display":"","ast-banner-title-visibility":"","ast-main-header-display":"","ast-hfb-above-header-display":"","ast-hfb-below-header-display":"","ast-hfb-mobile-header-display":"","site-post-title":"","ast-breadcrumbs-content":"","ast-featured-img":"","footer-sml-layout":"","theme-transparent-header-meta":"","adv-header-id-meta":"","stick-header-meta":"","header-above-stick-meta":"","header-main-stick-meta":"","header-below-stick-meta":"","astra-migrate-meta-layouts":"default","ast-page-background-enabled":"default","ast-page-background-meta":{"desktop":{"background-color":"var(--ast-global-color-4)","background-image":"","background-repeat":"repeat","background-position":"center center","background-size":"auto","background-attachment":"scroll","background-type":"","background-media":"","overlay-type":"","overlay-color":"","overlay-opacity":"","overlay-gradient":""},"tablet":{"background-color":"","background-image":"","background-repeat":"repeat","background-position":"center center","background-size":"auto","background-attachment":"scroll","background-type":"","background-media":"","overlay-type":"","overlay-color":"","overlay-opacity":"","overlay-gradient":""},"mobile":{"background-color":"","background-image":"","background-repeat":"repeat","background-position":"center center","background-size":"auto","background-attachment":"scroll","background-type":"","background-media":"","overlay-type":"","overlay-color":"","overlay-opacity":"","overlay-gradient":""}},"ast-content-background-meta":{"desktop":{"background-color":"var(--ast-global-color-5)","background-image":"","background-repeat":"repeat","background-position":"center center","background-size":"auto","background-attachment":"scroll","background-type":"","background-media":"","overlay-type":"","overlay-color":"","overlay-opacity":"","overlay-gradient":""},"tablet":{"background-color":"var(--ast-global-color-5)","background-image":"","background-repeat":"repeat","background-position":"center center","background-size":"auto","background-attachment":"scroll","background-type":"","background-media":"","overlay-type":"","overlay-color":"","overlay-opacity":"","overlay-gradient":""},"mobile":{"background-color":"var(--ast-global-color-5)","background-image":"","background-repeat":"repeat","background-position":"center center","background-size":"auto","background-attachment":"scroll","background-type":"","background-media":"","overlay-type":"","overlay-color":"","overlay-opacity":"","overlay-gradient":""}},"footnotes":""},"class_list":["post-19294","page","type-page","status-publish","hentry"],"post_mailing_queue_ids":[],"_links":{"self":[{"href":"https:\/\/agora.xtec.cat\/escalmacelles\/wp-json\/wp\/v2\/pages\/19294","targetHints":{"allow":["GET"]}}],"collection":[{"href":"https:\/\/agora.xtec.cat\/escalmacelles\/wp-json\/wp\/v2\/pages"}],"about":[{"href":"https:\/\/agora.xtec.cat\/escalmacelles\/wp-json\/wp\/v2\/types\/page"}],"author":[{"embeddable":true,"href":"https:\/\/agora.xtec.cat\/escalmacelles\/wp-json\/wp\/v2\/users\/1"}],"replies":[{"embeddable":true,"href":"https:\/\/agora.xtec.cat\/escalmacelles\/wp-json\/wp\/v2\/comments?post=19294"}],"version-history":[{"count":1,"href":"https:\/\/agora.xtec.cat\/escalmacelles\/wp-json\/wp\/v2\/pages\/19294\/revisions"}],"predecessor-version":[{"id":19295,"href":"https:\/\/agora.xtec.cat\/escalmacelles\/wp-json\/wp\/v2\/pages\/19294\/revisions\/19295"}],"wp:attachment":[{"href":"https:\/\/agora.xtec.cat\/escalmacelles\/wp-json\/wp\/v2\/media?parent=19294"}],"curies":[{"name":"wp","href":"https:\/\/api.w.org\/{rel}","templated":true}]}}