{"id":19264,"date":"2019-10-10T12:19:06","date_gmt":"2019-10-10T10:19:06","guid":{"rendered":"http:\/\/agora.xtec.cat\/escalmacelles\/?page_id=19264"},"modified":"2019-10-10T12:19:06","modified_gmt":"2019-10-10T10:19:06","slug":"teatre","status":"publish","type":"page","link":"https:\/\/agora.xtec.cat\/escalmacelles\/teatre\/","title":{"rendered":"Teatre"},"content":{"rendered":"<p>El teatre \u00e9s una aposta de treball transversal, \u00e9s a dir, que desenvolupa diferents habilitats i permet desenvolupar compet\u00e8ncies en l\u2019\u00e0mbit\u00a0del llenguatge, l\u2019expressi\u00f3 corporal, la sensibilitat art\u00edstica i les relacions interpersonals i intrapersonals.<\/p>\n<p>Espec\u00edficament, el teatre:<\/p>\n<ul>\n<li>Ajuda a aprendre<\/li>\n<li>D\u00f3na seguretat i confian\u00e7a en un mateix<\/li>\n<li>Fomenta el treball d\u2019equip, on no hi ha compet\u00e8ncia i on tothom treballa per a un objectiu com\u00fa<\/li>\n<li>Fomenta la creativitat i la mem\u00f2ria<\/li>\n<li>Fa treballar les emocions i els sentiments a trav\u00e9s dels personatges<\/li>\n<li>Ajuda a eliminar les vergonyes<\/li>\n<\/ul>\n<h1>Teatre dins el curr\u00edculum<\/h1>\n<p>Tot el treball relacionat amb el teatre (creaci\u00f3 de personatges, improvisacions, creaci\u00f3 i realitzaci\u00f3 d\u2019obres de teatre \u2026) sempre ha estat relacionat amb les classes d\u2019Expressi\u00f3 corporal i \u00e9s una part molt important del contingut d\u2019aquesta mat\u00e8ria.<\/p>\n<p>A la nostra escola \u00e9s una mat\u00e8ria que desenvolupem com una activitat extraescolar i tamb\u00e9 dins el Cicle Mitja, on adquireix una entitat pr\u00f2pia i es diferencia de M\u00fasica i Educaci\u00f3 F\u00edsica.<\/p>\n<p>Aquesta activitat permet, a aquells que ho vulguin, despertar o continuar desenvolupant la seva passi\u00f3 per aquest art.<\/p>\n<p>Treballem tot el que t\u00e9 a veure amb qu\u00e8 vol dir \u201cfer teatre\u201d, \u00e9s a dir, treballem els sentiments i les emocions i la seva expressi\u00f3 a nivell corporal, la m\u00edmica, la creaci\u00f3 de personatges, la veu i la seva impostaci\u00f3, la improvisaci\u00f3, jocs esc\u00e8nics, preparem i posem en escena obres creades per ells o b\u00e9 escrites per \u00a0altres autors\u2026\u00a0 Treballem individualment, en petit grup i en gran grup, depenent de l\u2019objectiu de l\u2019activitat concreta, per tal de prendre consci\u00e8ncia de grup i del treball en grup.<\/p>\n<p>El treball dins l\u2019aula \u00e9s molt important per\u00f2 no hem d\u2019oblidar que un dels aspectes importants del teatre \u00e9s que est\u00e0 pensat per a ser vist, i que quan es realitza en un teatre, amb vestuari, llums i so pren una altra dimensi\u00f3. Per aquest motiu, l&#8217;alumnat de tercer i quart realitza, anualment, una obra oberta a les fam\u00edlies i que treballen amb molt entrega i for\u00e7a rigor.<\/p>\n","protected":false},"excerpt":{"rendered":"<p>El teatre \u00e9s una aposta de treball transversal, \u00e9s a dir, que desenvolupa diferents habilitats i permet desenvolupar compet\u00e8ncies en l\u2019\u00e0mbit\u00a0del llenguatge, l\u2019expressi\u00f3 corporal, la sensibilitat art\u00edstica i les relacions interpersonals i intrapersonals. Espec\u00edficament, el teatre: Ajuda a aprendre D\u00f3na seguretat i confian\u00e7a en un mateix Fomenta el treball d\u2019equip, on no hi ha compet\u00e8ncia [&hellip;]<\/p>\n","protected":false},"author":1,"featured_media":0,"parent":0,"menu_order":0,"comment_status":"closed","ping_status":"closed","template":"","meta":{"_bbp_topic_count":0,"_bbp_reply_count":0,"_bbp_total_topic_count":0,"_bbp_total_reply_count":0,"_bbp_voice_count":0,"_bbp_anonymous_reply_count":0,"_bbp_topic_count_hidden":0,"_bbp_reply_count_hidden":0,"_bbp_forum_subforum_count":0,"site-sidebar-layout":"default","site-content-layout":"","ast-site-content-layout":"","site-content-style":"default","site-sidebar-style":"default","ast-global-header-display":"","ast-banner-title-visibility":"","ast-main-header-display":"","ast-hfb-above-header-display":"","ast-hfb-below-header-display":"","ast-hfb-mobile-header-display":"","site-post-title":"","ast-breadcrumbs-content":"","ast-featured-img":"","footer-sml-layout":"","theme-transparent-header-meta":"","adv-header-id-meta":"","stick-header-meta":"","header-above-stick-meta":"","header-main-stick-meta":"","header-below-stick-meta":"","astra-migrate-meta-layouts":"default","ast-page-background-enabled":"default","ast-page-background-meta":{"desktop":{"background-color":"var(--ast-global-color-4)","background-image":"","background-repeat":"repeat","background-position":"center center","background-size":"auto","background-attachment":"scroll","background-type":"","background-media":"","overlay-type":"","overlay-color":"","overlay-opacity":"","overlay-gradient":""},"tablet":{"background-color":"","background-image":"","background-repeat":"repeat","background-position":"center center","background-size":"auto","background-attachment":"scroll","background-type":"","background-media":"","overlay-type":"","overlay-color":"","overlay-opacity":"","overlay-gradient":""},"mobile":{"background-color":"","background-image":"","background-repeat":"repeat","background-position":"center center","background-size":"auto","background-attachment":"scroll","background-type":"","background-media":"","overlay-type":"","overlay-color":"","overlay-opacity":"","overlay-gradient":""}},"ast-content-background-meta":{"desktop":{"background-color":"var(--ast-global-color-5)","background-image":"","background-repeat":"repeat","background-position":"center center","background-size":"auto","background-attachment":"scroll","background-type":"","background-media":"","overlay-type":"","overlay-color":"","overlay-opacity":"","overlay-gradient":""},"tablet":{"background-color":"var(--ast-global-color-5)","background-image":"","background-repeat":"repeat","background-position":"center center","background-size":"auto","background-attachment":"scroll","background-type":"","background-media":"","overlay-type":"","overlay-color":"","overlay-opacity":"","overlay-gradient":""},"mobile":{"background-color":"var(--ast-global-color-5)","background-image":"","background-repeat":"repeat","background-position":"center center","background-size":"auto","background-attachment":"scroll","background-type":"","background-media":"","overlay-type":"","overlay-color":"","overlay-opacity":"","overlay-gradient":""}},"footnotes":""},"class_list":["post-19264","page","type-page","status-publish","hentry"],"post_mailing_queue_ids":[],"_links":{"self":[{"href":"https:\/\/agora.xtec.cat\/escalmacelles\/wp-json\/wp\/v2\/pages\/19264","targetHints":{"allow":["GET"]}}],"collection":[{"href":"https:\/\/agora.xtec.cat\/escalmacelles\/wp-json\/wp\/v2\/pages"}],"about":[{"href":"https:\/\/agora.xtec.cat\/escalmacelles\/wp-json\/wp\/v2\/types\/page"}],"author":[{"embeddable":true,"href":"https:\/\/agora.xtec.cat\/escalmacelles\/wp-json\/wp\/v2\/users\/1"}],"replies":[{"embeddable":true,"href":"https:\/\/agora.xtec.cat\/escalmacelles\/wp-json\/wp\/v2\/comments?post=19264"}],"version-history":[{"count":1,"href":"https:\/\/agora.xtec.cat\/escalmacelles\/wp-json\/wp\/v2\/pages\/19264\/revisions"}],"predecessor-version":[{"id":19265,"href":"https:\/\/agora.xtec.cat\/escalmacelles\/wp-json\/wp\/v2\/pages\/19264\/revisions\/19265"}],"wp:attachment":[{"href":"https:\/\/agora.xtec.cat\/escalmacelles\/wp-json\/wp\/v2\/media?parent=19264"}],"curies":[{"name":"wp","href":"https:\/\/api.w.org\/{rel}","templated":true}]}}