{"id":19260,"date":"2019-10-10T12:08:14","date_gmt":"2019-10-10T10:08:14","guid":{"rendered":"http:\/\/agora.xtec.cat\/escalmacelles\/?page_id=19260"},"modified":"2019-10-10T12:08:29","modified_gmt":"2019-10-10T10:08:29","slug":"som-escola-sostenible","status":"publish","type":"page","link":"https:\/\/agora.xtec.cat\/escalmacelles\/som-escola-sostenible\/","title":{"rendered":"Som escola sostenible"},"content":{"rendered":"<p>Des de fa anys formentem, per part de l&#8217;escola, un projecte planetari que t\u00e9 per consigna \u00abpensar globalment i actuar localment\u00bb amb el qual es pret\u00e9n millorar l\u2019entorn m\u00e9s immediat fent servir estrat\u00e8gies per assolir un model de desenvolupament sostenible. Dins l&#8217;escola volem ser una eina des de les quals treballar l\u2019educaci\u00f3 ambiental. Desenvolupem el projecte conforme a les nostres necessitats m\u00e9s properes per millorar la pr\u00f2pia escola i l\u2019entorn que ens envolta.<\/p>\n<p>Durant aquest temps hem dut a terme varies accions que han anat canviant els nostres h\u00e0bits i la nostra manera d\u2019entendre el dia el dia a l\u2019escola, com per exemple: fomentar l\u2019\u00fas de la carmanyola i els embolcalls sostenibles per portar l\u2019esmorzar, reduir els residus generats i eliminar l\u2019\u00fas del paper d\u2019alumini a l\u2019escola. Tamb\u00e9, des del curs 2019-2020 hem reduit el consum de paper en la comunicaci\u00f3 amb les fam\u00edlies tot substitu\u00efnt-lo pels correus electr\u00f2nics.<\/p>\n","protected":false},"excerpt":{"rendered":"<p>Des de fa anys formentem, per part de l&#8217;escola, un projecte planetari que t\u00e9 per consigna \u00abpensar globalment i actuar localment\u00bb amb el qual es pret\u00e9n millorar l\u2019entorn m\u00e9s immediat fent servir estrat\u00e8gies per assolir un model de desenvolupament sostenible. Dins l&#8217;escola volem ser una eina des de les quals treballar l\u2019educaci\u00f3 ambiental. Desenvolupem el [&hellip;]<\/p>\n","protected":false},"author":1,"featured_media":0,"parent":0,"menu_order":0,"comment_status":"closed","ping_status":"closed","template":"","meta":{"_bbp_topic_count":0,"_bbp_reply_count":0,"_bbp_total_topic_count":0,"_bbp_total_reply_count":0,"_bbp_voice_count":0,"_bbp_anonymous_reply_count":0,"_bbp_topic_count_hidden":0,"_bbp_reply_count_hidden":0,"_bbp_forum_subforum_count":0,"site-sidebar-layout":"default","site-content-layout":"","ast-site-content-layout":"","site-content-style":"default","site-sidebar-style":"default","ast-global-header-display":"","ast-banner-title-visibility":"","ast-main-header-display":"","ast-hfb-above-header-display":"","ast-hfb-below-header-display":"","ast-hfb-mobile-header-display":"","site-post-title":"","ast-breadcrumbs-content":"","ast-featured-img":"","footer-sml-layout":"","theme-transparent-header-meta":"","adv-header-id-meta":"","stick-header-meta":"","header-above-stick-meta":"","header-main-stick-meta":"","header-below-stick-meta":"","astra-migrate-meta-layouts":"default","ast-page-background-enabled":"default","ast-page-background-meta":{"desktop":{"background-color":"var(--ast-global-color-4)","background-image":"","background-repeat":"repeat","background-position":"center center","background-size":"auto","background-attachment":"scroll","background-type":"","background-media":"","overlay-type":"","overlay-color":"","overlay-opacity":"","overlay-gradient":""},"tablet":{"background-color":"","background-image":"","background-repeat":"repeat","background-position":"center center","background-size":"auto","background-attachment":"scroll","background-type":"","background-media":"","overlay-type":"","overlay-color":"","overlay-opacity":"","overlay-gradient":""},"mobile":{"background-color":"","background-image":"","background-repeat":"repeat","background-position":"center center","background-size":"auto","background-attachment":"scroll","background-type":"","background-media":"","overlay-type":"","overlay-color":"","overlay-opacity":"","overlay-gradient":""}},"ast-content-background-meta":{"desktop":{"background-color":"var(--ast-global-color-5)","background-image":"","background-repeat":"repeat","background-position":"center center","background-size":"auto","background-attachment":"scroll","background-type":"","background-media":"","overlay-type":"","overlay-color":"","overlay-opacity":"","overlay-gradient":""},"tablet":{"background-color":"var(--ast-global-color-5)","background-image":"","background-repeat":"repeat","background-position":"center center","background-size":"auto","background-attachment":"scroll","background-type":"","background-media":"","overlay-type":"","overlay-color":"","overlay-opacity":"","overlay-gradient":""},"mobile":{"background-color":"var(--ast-global-color-5)","background-image":"","background-repeat":"repeat","background-position":"center center","background-size":"auto","background-attachment":"scroll","background-type":"","background-media":"","overlay-type":"","overlay-color":"","overlay-opacity":"","overlay-gradient":""}},"footnotes":""},"class_list":["post-19260","page","type-page","status-publish","hentry"],"post_mailing_queue_ids":[],"_links":{"self":[{"href":"https:\/\/agora.xtec.cat\/escalmacelles\/wp-json\/wp\/v2\/pages\/19260","targetHints":{"allow":["GET"]}}],"collection":[{"href":"https:\/\/agora.xtec.cat\/escalmacelles\/wp-json\/wp\/v2\/pages"}],"about":[{"href":"https:\/\/agora.xtec.cat\/escalmacelles\/wp-json\/wp\/v2\/types\/page"}],"author":[{"embeddable":true,"href":"https:\/\/agora.xtec.cat\/escalmacelles\/wp-json\/wp\/v2\/users\/1"}],"replies":[{"embeddable":true,"href":"https:\/\/agora.xtec.cat\/escalmacelles\/wp-json\/wp\/v2\/comments?post=19260"}],"version-history":[{"count":1,"href":"https:\/\/agora.xtec.cat\/escalmacelles\/wp-json\/wp\/v2\/pages\/19260\/revisions"}],"predecessor-version":[{"id":19261,"href":"https:\/\/agora.xtec.cat\/escalmacelles\/wp-json\/wp\/v2\/pages\/19260\/revisions\/19261"}],"wp:attachment":[{"href":"https:\/\/agora.xtec.cat\/escalmacelles\/wp-json\/wp\/v2\/media?parent=19260"}],"curies":[{"name":"wp","href":"https:\/\/api.w.org\/{rel}","templated":true}]}}