{"id":1285,"date":"2022-05-10T17:07:21","date_gmt":"2022-05-10T15:07:21","guid":{"rendered":"https:\/\/agora.xtec.cat\/escaldana\/?page_id=1285"},"modified":"2024-03-25T09:47:00","modified_gmt":"2024-03-25T08:47:00","slug":"temps-descola","status":"publish","type":"page","link":"https:\/\/agora.xtec.cat\/escaldana\/sites\/temps-unics-i-especials\/temps-descola\/","title":{"rendered":"Temps d&#8217;escola"},"content":{"rendered":"<p style=\"text-align: justify;\"><span style=\"color: #808080;\">Les festes entren a l&#8217;escola i ens omplen de colors, s\u00f3n plenes de llum, vida i m\u00e0gia .., unes les vivim lligades a la natura i el temps i altres lligades a la nostra cultura i tradici\u00f3. Aix\u00ed ens ajuden a situar-nos en el pas del temps i en els esdeveniments que passen a la nostra ciutat.<\/span><\/p>\n<p style=\"text-align: justify;\"><span style=\"color: #808080;\">Reviure les festes ens d\u00f3na elements perqu\u00e8 els alumnes coneguin els costums, les tradicions i les festes de la societat on vivim i del nostre poble: aix\u00f2 significa comprendre&#8217;l, respectar-lo i estimar-lo.<\/span><\/p>\n<p><iframe loading=\"lazy\" src=\"\/\/www.youtube.com\/embed\/DSJL-x40090\" width=\"560\" height=\"314\" allowfullscreen=\"allowfullscreen\"><\/iframe><\/p>\n","protected":false},"excerpt":{"rendered":"<p>Les festes entren a l&#8217;escola i ens omplen de colors, s\u00f3n plenes de llum, vida i m\u00e0gia .., unes les vivim lligades a la natura i el temps i altres lligades a la nostra cultura i tradici\u00f3. Aix\u00ed ens ajuden a situar-nos en el pas&hellip;  <a href=\"https:\/\/agora.xtec.cat\/escaldana\/sites\/temps-unics-i-especials\/temps-descola\/\" title=\"Read Temps d&#8217;escola\">Llegeix m\u00e9s\u00bb<\/a><\/p>\n","protected":false},"author":1,"featured_media":0,"parent":1143,"menu_order":42,"comment_status":"closed","ping_status":"closed","template":"page-templates\/side-menu.php","meta":{"_bbp_topic_count":0,"_bbp_reply_count":0,"_bbp_total_topic_count":0,"_bbp_total_reply_count":0,"_bbp_voice_count":0,"_bbp_anonymous_reply_count":0,"_bbp_topic_count_hidden":0,"_bbp_reply_count_hidden":0,"_bbp_forum_subforum_count":0,"footnotes":""},"class_list":["post-1285","page","type-page","status-publish","hentry"],"post_mailing_queue_ids":[],"_links":{"self":[{"href":"https:\/\/agora.xtec.cat\/escaldana\/wp-json\/wp\/v2\/pages\/1285","targetHints":{"allow":["GET"]}}],"collection":[{"href":"https:\/\/agora.xtec.cat\/escaldana\/wp-json\/wp\/v2\/pages"}],"about":[{"href":"https:\/\/agora.xtec.cat\/escaldana\/wp-json\/wp\/v2\/types\/page"}],"author":[{"embeddable":true,"href":"https:\/\/agora.xtec.cat\/escaldana\/wp-json\/wp\/v2\/users\/1"}],"replies":[{"embeddable":true,"href":"https:\/\/agora.xtec.cat\/escaldana\/wp-json\/wp\/v2\/comments?post=1285"}],"version-history":[{"count":4,"href":"https:\/\/agora.xtec.cat\/escaldana\/wp-json\/wp\/v2\/pages\/1285\/revisions"}],"predecessor-version":[{"id":1981,"href":"https:\/\/agora.xtec.cat\/escaldana\/wp-json\/wp\/v2\/pages\/1285\/revisions\/1981"}],"up":[{"embeddable":true,"href":"https:\/\/agora.xtec.cat\/escaldana\/wp-json\/wp\/v2\/pages\/1143"}],"wp:attachment":[{"href":"https:\/\/agora.xtec.cat\/escaldana\/wp-json\/wp\/v2\/media?parent=1285"}],"curies":[{"name":"wp","href":"https:\/\/api.w.org\/{rel}","templated":true}]}}

<p style="text-align: justify;"><span style="color: #808080;">Les festes entren a l&#8217;escola i ens omplen de colors, són plenes de llum, vida i màgia .., unes les vivim lligades a la natura i el temps i altres lligades a la nostra cultura i tradició. Així ens ajuden a situar-nos en el pas del temps i en els esdeveniments que passen a la nostra ciutat.</span></p>
<p style="text-align: justify;"><span style="color: #808080;">Reviure les festes ens dóna elements perquè els alumnes coneguin els costums, les tradicions i les festes de la societat on vivim i del nostre poble: això significa comprendre&#8217;l, respectar-lo i estimar-lo.</span></p>
<p><iframe loading="lazy" src="//www.youtube.com/embed/DSJL-x40090" width="560" height="314" allowfullscreen="allowfullscreen"></iframe></p>

<p>Les festes entren a l&#8217;escola i ens omplen de colors, són plenes de llum, vida i màgia .., unes les vivim lligades a la natura i el temps i altres lligades a la nostra cultura i tradició. Així ens ajuden a situar-nos en el pas&hellip;  <a href="https://agora.xtec.cat/escaldana/sites/temps-unics-i-especials/temps-descola/" title="Read Temps d&#8217;escola">Llegeix més»</a></p>
