{"id":1280,"date":"2022-05-10T17:02:04","date_gmt":"2022-05-10T15:02:04","guid":{"rendered":"https:\/\/agora.xtec.cat\/escaldana\/?page_id=1280"},"modified":"2024-03-25T09:44:22","modified_gmt":"2024-03-25T08:44:22","slug":"temps-de-vincles-de-grup","status":"publish","type":"page","link":"https:\/\/agora.xtec.cat\/escaldana\/sites\/temps-unics-i-especials\/temps-de-vincles-de-grup\/","title":{"rendered":"Temps de vincles de grup"},"content":{"rendered":"<p style=\"text-align: justify;\"><span style=\"color: #808080;\">Les estones de conversa a l\u2019escola s\u00f3n moments on l\u2019objectiu \u00e9s donar la veu als infants, per tal que es puguin expressar, aix\u00ed com tamb\u00e9 fomentar l\u2019escolta activa. \u00c9s tamb\u00e9 un bon moment per fer cohesi\u00f3 de grup i fomentar el sentiment de pertinen\u00e7a en els infants. \u00c9s el moment de retrobament del grup. Conversar al voltant de la taula , esmorzant i recuperant forces per seguir avan\u00e7ant en el recorregut del dia, \u00e9s un moment entranyable, on podem compartir i gaudir amb els companys.<\/span><\/p>\n<p><iframe loading=\"lazy\" src=\"\/\/www.youtube.com\/embed\/zsyvA9lyEjI\" width=\"560\" height=\"314\" allowfullscreen=\"allowfullscreen\"><\/iframe><\/p>\n","protected":false},"excerpt":{"rendered":"<p>Les estones de conversa a l\u2019escola s\u00f3n moments on l\u2019objectiu \u00e9s donar la veu als infants, per tal que es puguin expressar, aix\u00ed com tamb\u00e9 fomentar l\u2019escolta activa. \u00c9s tamb\u00e9 un bon moment per fer cohesi\u00f3 de grup i fomentar el sentiment de pertinen\u00e7a en&hellip;  <a href=\"https:\/\/agora.xtec.cat\/escaldana\/sites\/temps-unics-i-especials\/temps-de-vincles-de-grup\/\" title=\"Read Temps de vincles de grup\">Llegeix m\u00e9s\u00bb<\/a><\/p>\n","protected":false},"author":1,"featured_media":0,"parent":1143,"menu_order":39,"comment_status":"closed","ping_status":"closed","template":"page-templates\/side-menu.php","meta":{"_bbp_topic_count":0,"_bbp_reply_count":0,"_bbp_total_topic_count":0,"_bbp_total_reply_count":0,"_bbp_voice_count":0,"_bbp_anonymous_reply_count":0,"_bbp_topic_count_hidden":0,"_bbp_reply_count_hidden":0,"_bbp_forum_subforum_count":0,"footnotes":""},"class_list":["post-1280","page","type-page","status-publish","hentry"],"post_mailing_queue_ids":[],"_links":{"self":[{"href":"https:\/\/agora.xtec.cat\/escaldana\/wp-json\/wp\/v2\/pages\/1280","targetHints":{"allow":["GET"]}}],"collection":[{"href":"https:\/\/agora.xtec.cat\/escaldana\/wp-json\/wp\/v2\/pages"}],"about":[{"href":"https:\/\/agora.xtec.cat\/escaldana\/wp-json\/wp\/v2\/types\/page"}],"author":[{"embeddable":true,"href":"https:\/\/agora.xtec.cat\/escaldana\/wp-json\/wp\/v2\/users\/1"}],"replies":[{"embeddable":true,"href":"https:\/\/agora.xtec.cat\/escaldana\/wp-json\/wp\/v2\/comments?post=1280"}],"version-history":[{"count":4,"href":"https:\/\/agora.xtec.cat\/escaldana\/wp-json\/wp\/v2\/pages\/1280\/revisions"}],"predecessor-version":[{"id":1979,"href":"https:\/\/agora.xtec.cat\/escaldana\/wp-json\/wp\/v2\/pages\/1280\/revisions\/1979"}],"up":[{"embeddable":true,"href":"https:\/\/agora.xtec.cat\/escaldana\/wp-json\/wp\/v2\/pages\/1143"}],"wp:attachment":[{"href":"https:\/\/agora.xtec.cat\/escaldana\/wp-json\/wp\/v2\/media?parent=1280"}],"curies":[{"name":"wp","href":"https:\/\/api.w.org\/{rel}","templated":true}]}}

<p style="text-align: justify;"><span style="color: #808080;">Les estones de conversa a l’escola són moments on l’objectiu és donar la veu als infants, per tal que es puguin expressar, així com també fomentar l’escolta activa. És també un bon moment per fer cohesió de grup i fomentar el sentiment de pertinença en els infants. És el moment de retrobament del grup. Conversar al voltant de la taula , esmorzant i recuperant forces per seguir avançant en el recorregut del dia, és un moment entranyable, on podem compartir i gaudir amb els companys.</span></p>
<p><iframe loading="lazy" src="//www.youtube.com/embed/zsyvA9lyEjI" width="560" height="314" allowfullscreen="allowfullscreen"></iframe></p>

<p>Les estones de conversa a l’escola són moments on l’objectiu és donar la veu als infants, per tal que es puguin expressar, així com també fomentar l’escolta activa. És també un bon moment per fer cohesió de grup i fomentar el sentiment de pertinença en&hellip;  <a href="https://agora.xtec.cat/escaldana/sites/temps-unics-i-especials/temps-de-vincles-de-grup/" title="Read Temps de vincles de grup">Llegeix més»</a></p>
