{"id":917,"date":"2019-06-07T14:07:30","date_gmt":"2019-06-07T12:07:30","guid":{"rendered":"https:\/\/agora.xtec.cat\/escaixart\/?page_id=917"},"modified":"2025-09-10T13:34:32","modified_gmt":"2025-09-10T11:34:32","slug":"activitats-extraescolars-2","status":"publish","type":"page","link":"https:\/\/agora.xtec.cat\/escaixart\/afa\/activitats-extraescolars-2\/","title":{"rendered":"Activitats extraescolars"},"content":{"rendered":"<p>L\u2019AFA proposa activitats extraescolars per tots els alumnes de l\u2019escola. Les activitats que s\u2019ofereixen s\u00f3n les exposades a continuaci\u00f3, per\u00f2 poden variar en funci\u00f3 de la demanda que hi hagi cada any. Depenent dels anys, tamb\u00e9 s&#8217;ofereixen activitats esportives.<\/p>\n<p>&#8211; <u>Mecanografia<\/u><u>:<\/u> activitat gestionada p\u00e8r l&#8217;AFA. Dirigida a alumnes de cicle superior de prim\u00e0ria. Es realitza en horari de tarda. L\u2019empresa encarregada de gestionar el servei i monitoratge \u00e9s l&#8217;Emag.<\/p>\n<p>&#8211; <u>Angl\u00e8s:<\/u> activitat gestionada per l&#8217;AFA. La realitza l&#8217;acad\u00e8mia TIME Sarri\u00e0.<\/p>\n<p>&#8211;<span style=\"text-decoration: underline;\">Teatre:<\/span> activitat gestionada per l&#8217;AFA. La realitza l&#8217;empresa Teca i Xerinola.<\/p>\n<p>&#8211; <u>M\u00fasica:<\/u>\u00a0 Es realitza en horari de migdia. L\u2019empresa encarregada de la gesti\u00f3 \u00e9s l\u2019Escola municipal del Giron\u00e8s.<\/p>\n<p>&#8211; <span style=\"text-decoration: underline;\">Psicomotricitat i iniciaci\u00f3 a l&#8217;esport<\/span>: L&#8217;empresa que realitza l&#8217;activitat \u00e9s CB Sarri\u00e0.<\/p>\n<p>&nbsp;<\/p>\n<p>&nbsp;<\/p>\n<p>&nbsp;<\/p>\n<p>&nbsp;<\/p>\n","protected":false},"excerpt":{"rendered":"<p>L\u2019AFA proposa activitats extraescolars per tots els alumnes de l\u2019escola. Les activitats que s\u2019ofereixen s\u00f3n les exposades a continuaci\u00f3, per\u00f2 poden variar en funci\u00f3 de la demanda que hi hagi cada any. Depenent dels anys, tamb\u00e9 s&#8217;ofereixen activitats esportives. &#8211; Mecanografia: activitat gestionada p\u00e8r l&#8217;AFA. Dirigida a alumnes de cicle superior de prim\u00e0ria. Es realitza [&hellip;]<\/p>\n","protected":false},"author":3,"featured_media":0,"parent":1743,"menu_order":5,"comment_status":"closed","ping_status":"closed","template":"page-templates\/side-menu.php","meta":{"_bbp_topic_count":0,"_bbp_reply_count":0,"_bbp_total_topic_count":0,"_bbp_total_reply_count":0,"_bbp_voice_count":0,"_bbp_anonymous_reply_count":0,"_bbp_topic_count_hidden":0,"_bbp_reply_count_hidden":0,"_bbp_forum_subforum_count":0,"site-sidebar-layout":"default","site-content-layout":"","ast-site-content-layout":"","site-content-style":"default","site-sidebar-style":"default","ast-global-header-display":"","ast-banner-title-visibility":"","ast-main-header-display":"","ast-hfb-above-header-display":"","ast-hfb-below-header-display":"","ast-hfb-mobile-header-display":"","site-post-title":"","ast-breadcrumbs-content":"","ast-featured-img":"","footer-sml-layout":"","theme-transparent-header-meta":"","adv-header-id-meta":"","stick-header-meta":"","header-above-stick-meta":"","header-main-stick-meta":"","header-below-stick-meta":"","astra-migrate-meta-layouts":"default","ast-page-background-enabled":"default","ast-page-background-meta":{"desktop":{"background-color":"var(--ast-global-color-4)","background-image":"","background-repeat":"repeat","background-position":"center center","background-size":"auto","background-attachment":"scroll","background-type":"","background-media":"","overlay-type":"","overlay-color":"","overlay-opacity":"","overlay-gradient":""},"tablet":{"background-color":"","background-image":"","background-repeat":"repeat","background-position":"center center","background-size":"auto","background-attachment":"scroll","background-type":"","background-media":"","overlay-type":"","overlay-color":"","overlay-opacity":"","overlay-gradient":""},"mobile":{"background-color":"","background-image":"","background-repeat":"repeat","background-position":"center center","background-size":"auto","background-attachment":"scroll","background-type":"","background-media":"","overlay-type":"","overlay-color":"","overlay-opacity":"","overlay-gradient":""}},"ast-content-background-meta":{"desktop":{"background-color":"var(--ast-global-color-5)","background-image":"","background-repeat":"repeat","background-position":"center center","background-size":"auto","background-attachment":"scroll","background-type":"","background-media":"","overlay-type":"","overlay-color":"","overlay-opacity":"","overlay-gradient":""},"tablet":{"background-color":"var(--ast-global-color-5)","background-image":"","background-repeat":"repeat","background-position":"center center","background-size":"auto","background-attachment":"scroll","background-type":"","background-media":"","overlay-type":"","overlay-color":"","overlay-opacity":"","overlay-gradient":""},"mobile":{"background-color":"var(--ast-global-color-5)","background-image":"","background-repeat":"repeat","background-position":"center center","background-size":"auto","background-attachment":"scroll","background-type":"","background-media":"","overlay-type":"","overlay-color":"","overlay-opacity":"","overlay-gradient":""}},"footnotes":""},"class_list":["post-917","page","type-page","status-publish","hentry"],"post_mailing_queue_ids":[],"_links":{"self":[{"href":"https:\/\/agora.xtec.cat\/escaixart\/wp-json\/wp\/v2\/pages\/917","targetHints":{"allow":["GET"]}}],"collection":[{"href":"https:\/\/agora.xtec.cat\/escaixart\/wp-json\/wp\/v2\/pages"}],"about":[{"href":"https:\/\/agora.xtec.cat\/escaixart\/wp-json\/wp\/v2\/types\/page"}],"author":[{"embeddable":true,"href":"https:\/\/agora.xtec.cat\/escaixart\/wp-json\/wp\/v2\/users\/3"}],"replies":[{"embeddable":true,"href":"https:\/\/agora.xtec.cat\/escaixart\/wp-json\/wp\/v2\/comments?post=917"}],"version-history":[{"count":6,"href":"https:\/\/agora.xtec.cat\/escaixart\/wp-json\/wp\/v2\/pages\/917\/revisions"}],"predecessor-version":[{"id":6135,"href":"https:\/\/agora.xtec.cat\/escaixart\/wp-json\/wp\/v2\/pages\/917\/revisions\/6135"}],"up":[{"embeddable":true,"href":"https:\/\/agora.xtec.cat\/escaixart\/wp-json\/wp\/v2\/pages\/1743"}],"wp:attachment":[{"href":"https:\/\/agora.xtec.cat\/escaixart\/wp-json\/wp\/v2\/media?parent=917"}],"curies":[{"name":"wp","href":"https:\/\/api.w.org\/{rel}","templated":true}]}}