{"id":703,"date":"2019-05-30T17:07:55","date_gmt":"2019-05-30T15:07:55","guid":{"rendered":"https:\/\/agora.xtec.cat\/escaixart\/?page_id=703"},"modified":"2025-09-18T13:00:03","modified_gmt":"2025-09-18T11:00:03","slug":"equip-docent","status":"publish","type":"page","link":"https:\/\/agora.xtec.cat\/escaixart\/escola\/equip-docent\/","title":{"rendered":"Equip docent"},"content":{"rendered":"<p><strong>\u00d3rgans de govern unipersonals:<\/strong><\/p>\n<table style=\"width: 46.8165%; height: 200px;\">\n<tbody>\n<tr style=\"height: 55px;\">\n<td style=\"width: 45.2003%; height: 55px;\"><strong><em>C\u00e0rrec<\/em><\/strong><\/td>\n<td style=\"width: 104.375%; height: 55px;\"><strong><em>Nom i Cognom<\/em><\/strong><\/td>\n<\/tr>\n<tr style=\"height: 55px;\">\n<td style=\"width: 45.2003%; height: 45px;\"><strong>Directora<\/strong><\/td>\n<td style=\"width: 104.375%; height: 45px;\">Helena M\u00e0rquez Obrador<\/td>\n<\/tr>\n<tr style=\"height: 41px;\">\n<td style=\"width: 45.2003%; height: 47px;\"><strong>Cap d\u2019Estudis<\/strong><\/td>\n<td style=\"width: 104.375%; height: 47px;\">Elena Trijueque Maria<\/td>\n<\/tr>\n<tr style=\"height: 40px;\">\n<td style=\"width: 45.2003%; height: 53px;\"><strong>Secret\u00e0ria<\/strong><\/td>\n<td style=\"width: 104.375%; height: 53px;\">Helena Creus<\/td>\n<\/tr>\n<\/tbody>\n<\/table>\n<p><strong>\u00a0<\/strong><strong>Coordinadors\/es:<\/strong><\/p>\n<table style=\"width: 47.0006%; height: 312px;\">\n<tbody>\n<tr style=\"height: 36px;\">\n<td style=\"width: 45.138%; height: 36px;\"><strong><em>C\u00e0rrec<\/em><\/strong><\/td>\n<td style=\"width: 91.5545%; height: 36px;\"><strong><em>Nom i Cognom<\/em><\/strong><\/td>\n<\/tr>\n<tr style=\"height: 56px;\">\n<td style=\"width: 45.138%; height: 56px;\"><strong>Coordinadora d\u2019Educaci\u00f3 Infantil:<\/strong><\/td>\n<td style=\"width: 91.5545%; height: 56px;\">Yolanda Hidalgo<\/td>\n<\/tr>\n<tr style=\"height: 55px;\">\n<td style=\"width: 45.138%; height: 55px;\"><strong>Coordinadora de prim\u00e0ria:<\/strong><\/td>\n<td style=\"width: 91.5545%; height: 55px;\">Silvia Mart\u00ednez<\/td>\n<\/tr>\n<tr style=\"height: 30px;\">\n<td style=\"width: 45.138%; height: 52px;\"><strong>Coordinadora LIC:<\/strong><\/td>\n<td style=\"width: 91.5545%; height: 52px;\">Dolors Vidal<\/td>\n<\/tr>\n<tr style=\"height: 55px;\">\n<td style=\"width: 45.138%; height: 55px;\"><strong>Coordinadora inform\u00e0tica:<\/strong><\/td>\n<td style=\"width: 91.5545%; height: 55px;\">Carme Pujol<\/td>\n<\/tr>\n<tr style=\"height: 58px;\">\n<td style=\"width: 45.138%; height: 58px;\"><strong>Coordinadora Riscos Laborals:<\/strong><\/td>\n<td style=\"width: 91.5545%; height: 58px;\">Oti Corona<\/td>\n<\/tr>\n<\/tbody>\n<\/table>\n<p><strong>\u00a0<\/strong><strong>Claustre de professors\/es:<\/strong><\/p>\n<table style=\"width: 46.8592%; height: 497px;\">\n<tbody>\n<tr style=\"height: 31px;\">\n<td style=\"width: 25.6733%; height: 31px;\"><strong><em>C\u00e0rrec<\/em><\/strong><\/td>\n<td style=\"width: 32.528%; height: 31px;\"><strong><em>Nom i Cognom<\/em><\/strong><\/td>\n<\/tr>\n<tr style=\"height: 31px;\">\n<td style=\"width: 25.6733%; height: 31px;\"><strong>Tutora I3-I4-I5<\/strong><\/td>\n<td style=\"width: 32.528%; height: 31px;\">Elena Trijueque<\/td>\n<\/tr>\n<tr style=\"height: 30px;\">\n<td style=\"width: 25.6733%; height: 30px;\"><strong>Tutora I3-I4-I5<\/strong><\/td>\n<td style=\"width: 32.528%; height: 30px;\">Yolanda Hidalgo<\/td>\n<\/tr>\n<tr style=\"height: 31px;\">\n<td style=\"width: 25.6733%; height: 31px;\"><strong>Tutora CI<\/strong><\/td>\n<td style=\"width: 32.528%; height: 31px;\">Silvia Mart\u00ednez<\/td>\n<\/tr>\n<tr style=\"height: 31px;\">\n<td style=\"width: 25.6733%; height: 31px;\"><strong>Tutora CI<\/strong><\/td>\n<td style=\"width: 32.528%; height: 31px;\">Maria Urra<\/td>\n<\/tr>\n<tr style=\"height: 31px;\">\n<td style=\"width: 25.6733%; height: 31px;\"><strong>Tutora 3r<\/strong><\/td>\n<td style=\"width: 32.528%; height: 31px;\">M\u00f2nica Planella<\/td>\n<\/tr>\n<tr style=\"height: 31px;\">\n<td style=\"width: 25.6733%; height: 31px;\"><strong>Tutor 4t<\/strong><\/td>\n<td style=\"width: 32.528%; height: 31px;\">David Bonet<\/td>\n<\/tr>\n<tr style=\"height: 31px;\">\n<td style=\"width: 25.6733%; height: 31px;\"><strong>Tutora 5\u00e8<\/strong><\/td>\n<td style=\"width: 32.528%; height: 31px;\">Dolors Vidal<\/td>\n<\/tr>\n<tr style=\"height: 31px;\">\n<td style=\"width: 25.6733%; height: 31px;\"><strong>Tutora 6\u00e8<\/strong><\/td>\n<td style=\"width: 32.528%; height: 31px;\">Oti Corona<\/td>\n<\/tr>\n<tr style=\"height: 31px;\">\n<td style=\"width: 25.6733%; height: 31px;\"><strong>Educaci\u00f3 Especial<\/strong><\/td>\n<td style=\"width: 32.528%; height: 31px;\">Dolors Vidal<\/td>\n<\/tr>\n<tr style=\"height: 31px;\">\n<td style=\"width: 25.6733%; height: 31px;\"><strong>Especialista Angl\u00e8s <\/strong><\/td>\n<td style=\"width: 32.528%; height: 31px;\">Carme Vallmaj\u00f3 &#8211; Oti Corona<\/td>\n<\/tr>\n<tr style=\"height: 31px;\">\n<td style=\"width: 25.6733%; height: 31px;\"><strong>Especialista M\u00fasica<\/strong><\/td>\n<td style=\"width: 32.528%; height: 31px;\">Carme Pujol<\/td>\n<\/tr>\n<tr style=\"height: 31px;\">\n<td style=\"width: 25.6733%; height: 31px;\"><strong>Especialista Ed. F\u00edsica<\/strong><\/td>\n<td style=\"width: 32.528%; height: 31px;\">M\u00f2nica Planella<\/td>\n<\/tr>\n<tr style=\"height: 31px;\">\n<td style=\"width: 25.6733%; height: 31px;\"><strong>Especialista Religi\u00f3<\/strong><\/td>\n<td style=\"width: 32.528%; height: 31px;\">Salvador Coll<\/td>\n<\/tr>\n<tr style=\"height: 31px;\">\n<td style=\"width: 25.6733%; height: 31px;\"><strong>Biblioteca<\/strong><\/td>\n<td style=\"width: 32.528%; height: 31px;\">Helena M\u00e0rquez<\/td>\n<\/tr>\n<tr style=\"height: 33px;\">\n<td style=\"width: 25.6733%; height: 33px;\"><strong>Altres docents<\/strong><\/td>\n<td style=\"width: 32.528%; height: 33px;\">Laia Cuspinera<\/td>\n<\/tr>\n<\/tbody>\n<\/table>\n<p><strong>\u00a0<\/strong><strong>Serveis externs:<\/strong><\/p>\n<table style=\"height: 156px; width: 45.8816%;\" width=\"309\">\n<tbody>\n<tr style=\"height: 15px;\">\n<td style=\"height: 15px; width: 45.2416%;\"><strong><em>C\u00e0rrec<\/em><\/strong><\/td>\n<td style=\"height: 15px; width: 124.564%;\"><strong><em>Nom i Cognom<\/em><\/strong><\/td>\n<\/tr>\n<tr style=\"height: 26px;\">\n<td style=\"height: 26px; width: 45.2416%;\"><strong>EAP<\/strong><\/td>\n<td style=\"height: 26px; width: 124.564%;\">N\u00faria Renart<\/td>\n<\/tr>\n<tr style=\"height: 37px;\">\n<td style=\"height: 37px; width: 45.2416%;\"><strong>Assessora Creda<\/strong><\/td>\n<td style=\"height: 37px; width: 124.564%;\">Anna Ruiz<\/td>\n<\/tr>\n<tr style=\"height: 36px;\">\n<td style=\"height: 36px; width: 45.2416%;\"><strong>Serveis socials<\/strong><\/td>\n<td style=\"height: 36px; width: 124.564%;\">Silvia Juan<\/td>\n<\/tr>\n<tr>\n<td style=\"width: 45.2416%;\"><strong>Fisioterapeuta<\/strong><\/td>\n<td style=\"width: 124.564%;\">J\u00falia Vil\u00e0<\/td>\n<\/tr>\n<tr>\n<td style=\"width: 45.2416%;\"><strong>\u00a0Vetlladora<\/strong><\/td>\n<td style=\"width: 124.564%;\">Judith Caballero<\/td>\n<\/tr>\n<tr style=\"height: 42px;\">\n<td style=\"height: 42px; width: 45.2416%;\"><strong>T\u00e8cnic inform\u00e0tic<\/strong><\/td>\n<td style=\"height: 42px; width: 124.564%;\">Carles Sams\u00f3<\/td>\n<\/tr>\n<\/tbody>\n<\/table>\n","protected":false},"excerpt":{"rendered":"<p>\u00d3rgans de govern unipersonals: C\u00e0rrec Nom i Cognom Directora Helena M\u00e0rquez Obrador Cap d\u2019Estudis Elena Trijueque Maria Secret\u00e0ria Helena Creus \u00a0Coordinadors\/es: C\u00e0rrec Nom i Cognom Coordinadora d\u2019Educaci\u00f3 Infantil: Yolanda Hidalgo Coordinadora de prim\u00e0ria: Silvia Mart\u00ednez Coordinadora LIC: Dolors Vidal Coordinadora inform\u00e0tica: Carme Pujol Coordinadora Riscos Laborals: Oti Corona \u00a0Claustre de professors\/es: C\u00e0rrec Nom i Cognom [&hellip;]<\/p>\n","protected":false},"author":3,"featured_media":0,"parent":1126,"menu_order":3,"comment_status":"closed","ping_status":"closed","template":"page-templates\/side-menu.php","meta":{"_bbp_topic_count":0,"_bbp_reply_count":0,"_bbp_total_topic_count":0,"_bbp_total_reply_count":0,"_bbp_voice_count":0,"_bbp_anonymous_reply_count":0,"_bbp_topic_count_hidden":0,"_bbp_reply_count_hidden":0,"_bbp_forum_subforum_count":0,"site-sidebar-layout":"default","site-content-layout":"","ast-site-content-layout":"","site-content-style":"default","site-sidebar-style":"default","ast-global-header-display":"","ast-banner-title-visibility":"","ast-main-header-display":"","ast-hfb-above-header-display":"","ast-hfb-below-header-display":"","ast-hfb-mobile-header-display":"","site-post-title":"","ast-breadcrumbs-content":"","ast-featured-img":"","footer-sml-layout":"","theme-transparent-header-meta":"","adv-header-id-meta":"","stick-header-meta":"","header-above-stick-meta":"","header-main-stick-meta":"","header-below-stick-meta":"","astra-migrate-meta-layouts":"default","ast-page-background-enabled":"default","ast-page-background-meta":{"desktop":{"background-color":"var(--ast-global-color-4)","background-image":"","background-repeat":"repeat","background-position":"center center","background-size":"auto","background-attachment":"scroll","background-type":"","background-media":"","overlay-type":"","overlay-color":"","overlay-opacity":"","overlay-gradient":""},"tablet":{"background-color":"","background-image":"","background-repeat":"repeat","background-position":"center center","background-size":"auto","background-attachment":"scroll","background-type":"","background-media":"","overlay-type":"","overlay-color":"","overlay-opacity":"","overlay-gradient":""},"mobile":{"background-color":"","background-image":"","background-repeat":"repeat","background-position":"center center","background-size":"auto","background-attachment":"scroll","background-type":"","background-media":"","overlay-type":"","overlay-color":"","overlay-opacity":"","overlay-gradient":""}},"ast-content-background-meta":{"desktop":{"background-color":"var(--ast-global-color-5)","background-image":"","background-repeat":"repeat","background-position":"center center","background-size":"auto","background-attachment":"scroll","background-type":"","background-media":"","overlay-type":"","overlay-color":"","overlay-opacity":"","overlay-gradient":""},"tablet":{"background-color":"var(--ast-global-color-5)","background-image":"","background-repeat":"repeat","background-position":"center center","background-size":"auto","background-attachment":"scroll","background-type":"","background-media":"","overlay-type":"","overlay-color":"","overlay-opacity":"","overlay-gradient":""},"mobile":{"background-color":"var(--ast-global-color-5)","background-image":"","background-repeat":"repeat","background-position":"center center","background-size":"auto","background-attachment":"scroll","background-type":"","background-media":"","overlay-type":"","overlay-color":"","overlay-opacity":"","overlay-gradient":""}},"footnotes":""},"class_list":["post-703","page","type-page","status-publish","hentry"],"post_mailing_queue_ids":[],"_links":{"self":[{"href":"https:\/\/agora.xtec.cat\/escaixart\/wp-json\/wp\/v2\/pages\/703","targetHints":{"allow":["GET"]}}],"collection":[{"href":"https:\/\/agora.xtec.cat\/escaixart\/wp-json\/wp\/v2\/pages"}],"about":[{"href":"https:\/\/agora.xtec.cat\/escaixart\/wp-json\/wp\/v2\/types\/page"}],"author":[{"embeddable":true,"href":"https:\/\/agora.xtec.cat\/escaixart\/wp-json\/wp\/v2\/users\/3"}],"replies":[{"embeddable":true,"href":"https:\/\/agora.xtec.cat\/escaixart\/wp-json\/wp\/v2\/comments?post=703"}],"version-history":[{"count":7,"href":"https:\/\/agora.xtec.cat\/escaixart\/wp-json\/wp\/v2\/pages\/703\/revisions"}],"predecessor-version":[{"id":6139,"href":"https:\/\/agora.xtec.cat\/escaixart\/wp-json\/wp\/v2\/pages\/703\/revisions\/6139"}],"up":[{"embeddable":true,"href":"https:\/\/agora.xtec.cat\/escaixart\/wp-json\/wp\/v2\/pages\/1126"}],"wp:attachment":[{"href":"https:\/\/agora.xtec.cat\/escaixart\/wp-json\/wp\/v2\/media?parent=703"}],"curies":[{"name":"wp","href":"https:\/\/api.w.org\/{rel}","templated":true}]}}