{"id":666,"date":"2019-05-30T16:57:05","date_gmt":"2019-05-30T14:57:05","guid":{"rendered":"https:\/\/agora.xtec.cat\/escaixart\/?page_id=666"},"modified":"2026-03-26T13:27:50","modified_gmt":"2026-03-26T12:27:50","slug":"informacio-general","status":"publish","type":"page","link":"https:\/\/agora.xtec.cat\/escaixart\/afa\/informacio-general\/","title":{"rendered":"Informaci\u00f3 general"},"content":{"rendered":"<p style=\"text-align: justify;\">L\u2019AFA \u00e9s l\u2019Associaci\u00f3 de Fam\u00edlies d\u2019Alumnes de l\u2019escola l\u2019Aixart, i \u00e9s la forma que tenim els pares i mares d\u2019organitzar-nos dins el centre escolar.<\/p>\n<p style=\"text-align: justify;\">Cada curs l\u2019AFA i l\u2019Ajuntament del municipi organitzen diferents activitats extraescolars pels alumnes del centre en horaris de mat\u00ed, migdia i tarda.<\/p>\n<p>Les activitats organitzades s\u00f3n les seg\u00fcents:<\/p>\n<ul>\n<li><strong>Multisports<\/strong><strong>\u00a0<\/strong>&#8211; 25 eu\/mes<\/li>\n<li><strong>Angl<\/strong><strong>\u00e8<\/strong><strong>s<\/strong> &#8211; 30 eu\/mes<\/li>\n<li><strong>Rob\u00f2tica <\/strong>&#8211; 35 eu\/m\u00e9s<\/li>\n<li><strong>Mecanografia<\/strong> &#8211; Primer rebut 90 euros, segon rebut 85 euros i tercer rebut 80 euros.<\/li>\n<li><strong>M\u00fasica<\/strong>&#8211; M\u00e9s informaci\u00f3 a <a href=\"https:\/\/app.box.com\/s\/2a9cskmfxg5ve3pj8n2kas39u7prlnsc\">l\u2019enlla\u00e7<\/a><\/li>\n<\/ul>\n<p style=\"text-align: justify;\">Tamb\u00e9 s&#8217;organitza un servei d&#8217;acollida matinal. El preu d&#8217;aquest servei per al curs 25-26 \u00e9s de 34 euros mensuals per als alumnes fixes, i 6\u20ac al dia pels alumnes espor\u00e0dics.<\/p>\n<p><a href=\"https:\/\/agora.xtec.cat\/escaixart\/wp-content\/uploads\/usu489\/2024\/12\/infografia-DE-AFA-per-penjar-a-la-web-imagenes-0-scaled.jpg\"><img loading=\"lazy\" decoding=\"async\" class=\"wp-image-5779 alignnone\" src=\"https:\/\/agora.xtec.cat\/escaixart\/wp-content\/uploads\/usu489\/2024\/12\/infografia-DE-AFA-per-penjar-a-la-web-imagenes-0-410x1024.jpg\" alt=\"\" width=\"600\" height=\"1500\" srcset=\"https:\/\/agora.xtec.cat\/escaixart\/wp-content\/uploads\/usu489\/2024\/12\/infografia-DE-AFA-per-penjar-a-la-web-imagenes-0-410x1024.jpg 410w, https:\/\/agora.xtec.cat\/escaixart\/wp-content\/uploads\/usu489\/2024\/12\/infografia-DE-AFA-per-penjar-a-la-web-imagenes-0-120x300.jpg 120w, https:\/\/agora.xtec.cat\/escaixart\/wp-content\/uploads\/usu489\/2024\/12\/infografia-DE-AFA-per-penjar-a-la-web-imagenes-0-768x1920.jpg 768w, https:\/\/agora.xtec.cat\/escaixart\/wp-content\/uploads\/usu489\/2024\/12\/infografia-DE-AFA-per-penjar-a-la-web-imagenes-0-614x1536.jpg 614w, https:\/\/agora.xtec.cat\/escaixart\/wp-content\/uploads\/usu489\/2024\/12\/infografia-DE-AFA-per-penjar-a-la-web-imagenes-0-819x2048.jpg 819w, https:\/\/agora.xtec.cat\/escaixart\/wp-content\/uploads\/usu489\/2024\/12\/infografia-DE-AFA-per-penjar-a-la-web-imagenes-0-scaled.jpg 1024w\" sizes=\"auto, (max-width: 600px) 100vw, 600px\" \/><\/a><a href=\"https:\/\/agora.xtec.cat\/escaixart\/wp-content\/uploads\/usu489\/2024\/12\/infografia-DE-AFA-per-penjar-a-la-web-imagenes-1-scaled.jpg\"><img loading=\"lazy\" decoding=\"async\" class=\"wp-image-5781 alignnone\" src=\"https:\/\/agora.xtec.cat\/escaixart\/wp-content\/uploads\/usu489\/2024\/12\/infografia-DE-AFA-per-penjar-a-la-web-imagenes-1-410x1024.jpg\" alt=\"\" width=\"600\" height=\"1500\" \/><\/a><\/p>\n<p>&nbsp;<\/p>\n<p>&nbsp;<\/p>\n<p>&nbsp;<\/p>\n<p>&nbsp;<\/p>\n<p>&nbsp;<\/p>\n<p>&nbsp;<\/p>\n<p>&nbsp;<\/p>\n<p>&nbsp;<\/p>\n<p>&nbsp;<\/p>\n<p>&nbsp;<\/p>\n<p>&nbsp;<\/p>\n<p>&nbsp;<\/p>\n<p>&nbsp;<\/p>\n<p>&nbsp;<\/p>\n<p>&nbsp;<\/p>\n<p>&nbsp;<\/p>\n<p>&nbsp;<\/p>\n<p>&nbsp;<\/p>\n<p>&nbsp;<\/p>\n<p>&nbsp;<\/p>\n<p>&nbsp;<\/p>\n<p>&nbsp;<\/p>\n<p>&nbsp;<\/p>\n","protected":false},"excerpt":{"rendered":"<p>L\u2019AFA \u00e9s l\u2019Associaci\u00f3 de Fam\u00edlies d\u2019Alumnes de l\u2019escola l\u2019Aixart, i \u00e9s la forma que tenim els pares i mares d\u2019organitzar-nos dins el centre escolar. Cada curs l\u2019AFA i l\u2019Ajuntament del municipi organitzen diferents activitats extraescolars pels alumnes del centre en horaris de mat\u00ed, migdia i tarda. Les activitats organitzades s\u00f3n les seg\u00fcents: Multisports\u00a0&#8211; 25 eu\/mes [&hellip;]<\/p>\n","protected":false},"author":3,"featured_media":0,"parent":1743,"menu_order":1,"comment_status":"closed","ping_status":"closed","template":"","meta":{"_bbp_topic_count":0,"_bbp_reply_count":0,"_bbp_total_topic_count":0,"_bbp_total_reply_count":0,"_bbp_voice_count":0,"_bbp_anonymous_reply_count":0,"_bbp_topic_count_hidden":0,"_bbp_reply_count_hidden":0,"_bbp_forum_subforum_count":0,"site-sidebar-layout":"default","site-content-layout":"","ast-site-content-layout":"default","site-content-style":"default","site-sidebar-style":"default","ast-global-header-display":"","ast-banner-title-visibility":"","ast-main-header-display":"","ast-hfb-above-header-display":"","ast-hfb-below-header-display":"","ast-hfb-mobile-header-display":"","site-post-title":"","ast-breadcrumbs-content":"","ast-featured-img":"","footer-sml-layout":"","theme-transparent-header-meta":"default","adv-header-id-meta":"","stick-header-meta":"","header-above-stick-meta":"","header-main-stick-meta":"","header-below-stick-meta":"","astra-migrate-meta-layouts":"set","ast-page-background-enabled":"default","ast-page-background-meta":{"desktop":{"background-color":"var(--ast-global-color-4)","background-image":"","background-repeat":"repeat","background-position":"center center","background-size":"auto","background-attachment":"scroll","background-type":"","background-media":"","overlay-type":"","overlay-color":"","overlay-opacity":"","overlay-gradient":""},"tablet":{"background-color":"","background-image":"","background-repeat":"repeat","background-position":"center center","background-size":"auto","background-attachment":"scroll","background-type":"","background-media":"","overlay-type":"","overlay-color":"","overlay-opacity":"","overlay-gradient":""},"mobile":{"background-color":"","background-image":"","background-repeat":"repeat","background-position":"center center","background-size":"auto","background-attachment":"scroll","background-type":"","background-media":"","overlay-type":"","overlay-color":"","overlay-opacity":"","overlay-gradient":""}},"ast-content-background-meta":{"desktop":{"background-color":"var(--ast-global-color-5)","background-image":"","background-repeat":"repeat","background-position":"center center","background-size":"auto","background-attachment":"scroll","background-type":"","background-media":"","overlay-type":"","overlay-color":"","overlay-opacity":"","overlay-gradient":""},"tablet":{"background-color":"var(--ast-global-color-5)","background-image":"","background-repeat":"repeat","background-position":"center center","background-size":"auto","background-attachment":"scroll","background-type":"","background-media":"","overlay-type":"","overlay-color":"","overlay-opacity":"","overlay-gradient":""},"mobile":{"background-color":"var(--ast-global-color-5)","background-image":"","background-repeat":"repeat","background-position":"center center","background-size":"auto","background-attachment":"scroll","background-type":"","background-media":"","overlay-type":"","overlay-color":"","overlay-opacity":"","overlay-gradient":""}},"footnotes":""},"class_list":["post-666","page","type-page","status-publish","hentry"],"post_mailing_queue_ids":[],"_links":{"self":[{"href":"https:\/\/agora.xtec.cat\/escaixart\/wp-json\/wp\/v2\/pages\/666","targetHints":{"allow":["GET"]}}],"collection":[{"href":"https:\/\/agora.xtec.cat\/escaixart\/wp-json\/wp\/v2\/pages"}],"about":[{"href":"https:\/\/agora.xtec.cat\/escaixart\/wp-json\/wp\/v2\/types\/page"}],"author":[{"embeddable":true,"href":"https:\/\/agora.xtec.cat\/escaixart\/wp-json\/wp\/v2\/users\/3"}],"replies":[{"embeddable":true,"href":"https:\/\/agora.xtec.cat\/escaixart\/wp-json\/wp\/v2\/comments?post=666"}],"version-history":[{"count":7,"href":"https:\/\/agora.xtec.cat\/escaixart\/wp-json\/wp\/v2\/pages\/666\/revisions"}],"predecessor-version":[{"id":6444,"href":"https:\/\/agora.xtec.cat\/escaixart\/wp-json\/wp\/v2\/pages\/666\/revisions\/6444"}],"up":[{"embeddable":true,"href":"https:\/\/agora.xtec.cat\/escaixart\/wp-json\/wp\/v2\/pages\/1743"}],"wp:attachment":[{"href":"https:\/\/agora.xtec.cat\/escaixart\/wp-json\/wp\/v2\/media?parent=666"}],"curies":[{"name":"wp","href":"https:\/\/api.w.org\/{rel}","templated":true}]}}