{"id":619,"date":"2019-05-30T14:10:58","date_gmt":"2019-05-30T12:10:58","guid":{"rendered":"https:\/\/agora.xtec.cat\/escaixart\/?page_id=619"},"modified":"2019-06-17T23:05:28","modified_gmt":"2019-06-17T21:05:28","slug":"visio-missio-i-valors","status":"publish","type":"page","link":"https:\/\/agora.xtec.cat\/escaixart\/escola\/visio-missio-i-valors\/","title":{"rendered":"Visi\u00f3, missi\u00f3 i valors"},"content":{"rendered":"<p><b><i>Visi\u00f3<\/i><\/b><\/p>\n<p><span style=\"font-weight: 400;\">L\u2019escola l\u2019Aixart vol oferir un ensenyament competencial on l\u2019alumnat sigui capa\u00e7 d\u2019adaptar-se \u00a0als canvis constants de la societat. Vol fomentar la creativitat, el treball en equip, l\u2019autonomia, l\u2019autogesti\u00f3 de l\u2019aprenentatge.<\/span><\/p>\n<p><b><i>Missi\u00f3<\/i><\/b><\/p>\n<p><span style=\"font-weight: 400;\">Som una escola catalana, respectuosa amb l\u2019entorn i la comunitat educativa que vetlla pel desenvolupament integral de l\u2019alumnat i el professorat i est\u00e0 oberta a \u00a0la innovaci\u00f3 i la millora de la tasca educativa.<\/span><\/p>\n<p><b><i>Valors<\/i><\/b><\/p>\n<p><span style=\"font-weight: 400;\">Eduquem en valors de responsabilitat, igualtat, respecte i toler\u00e0ncia per potenciar unes actituds c\u00edviques i democr\u00e0tiques que fomentin un bon clima de conviv\u00e8ncia.<\/span><\/p>\n","protected":false},"excerpt":{"rendered":"<p>Visi\u00f3 L\u2019escola l\u2019Aixart vol oferir un ensenyament competencial on l\u2019alumnat sigui capa\u00e7 d\u2019adaptar-se \u00a0als canvis constants de la societat. Vol fomentar la creativitat, el treball en equip, l\u2019autonomia, l\u2019autogesti\u00f3 de l\u2019aprenentatge. Missi\u00f3 Som una escola catalana, respectuosa amb l\u2019entorn i la comunitat educativa que vetlla pel desenvolupament integral de l\u2019alumnat i el professorat i est\u00e0 [&hellip;]<\/p>\n","protected":false},"author":3,"featured_media":0,"parent":1126,"menu_order":4,"comment_status":"closed","ping_status":"closed","template":"page-templates\/side-menu.php","meta":{"_bbp_topic_count":0,"_bbp_reply_count":0,"_bbp_total_topic_count":0,"_bbp_total_reply_count":0,"_bbp_voice_count":0,"_bbp_anonymous_reply_count":0,"_bbp_topic_count_hidden":0,"_bbp_reply_count_hidden":0,"_bbp_forum_subforum_count":0,"site-sidebar-layout":"default","site-content-layout":"","ast-site-content-layout":"","site-content-style":"default","site-sidebar-style":"default","ast-global-header-display":"","ast-banner-title-visibility":"","ast-main-header-display":"","ast-hfb-above-header-display":"","ast-hfb-below-header-display":"","ast-hfb-mobile-header-display":"","site-post-title":"","ast-breadcrumbs-content":"","ast-featured-img":"","footer-sml-layout":"","theme-transparent-header-meta":"","adv-header-id-meta":"","stick-header-meta":"","header-above-stick-meta":"","header-main-stick-meta":"","header-below-stick-meta":"","astra-migrate-meta-layouts":"default","ast-page-background-enabled":"default","ast-page-background-meta":{"desktop":{"background-color":"var(--ast-global-color-4)","background-image":"","background-repeat":"repeat","background-position":"center center","background-size":"auto","background-attachment":"scroll","background-type":"","background-media":"","overlay-type":"","overlay-color":"","overlay-opacity":"","overlay-gradient":""},"tablet":{"background-color":"","background-image":"","background-repeat":"repeat","background-position":"center center","background-size":"auto","background-attachment":"scroll","background-type":"","background-media":"","overlay-type":"","overlay-color":"","overlay-opacity":"","overlay-gradient":""},"mobile":{"background-color":"","background-image":"","background-repeat":"repeat","background-position":"center center","background-size":"auto","background-attachment":"scroll","background-type":"","background-media":"","overlay-type":"","overlay-color":"","overlay-opacity":"","overlay-gradient":""}},"ast-content-background-meta":{"desktop":{"background-color":"var(--ast-global-color-5)","background-image":"","background-repeat":"repeat","background-position":"center center","background-size":"auto","background-attachment":"scroll","background-type":"","background-media":"","overlay-type":"","overlay-color":"","overlay-opacity":"","overlay-gradient":""},"tablet":{"background-color":"var(--ast-global-color-5)","background-image":"","background-repeat":"repeat","background-position":"center center","background-size":"auto","background-attachment":"scroll","background-type":"","background-media":"","overlay-type":"","overlay-color":"","overlay-opacity":"","overlay-gradient":""},"mobile":{"background-color":"var(--ast-global-color-5)","background-image":"","background-repeat":"repeat","background-position":"center center","background-size":"auto","background-attachment":"scroll","background-type":"","background-media":"","overlay-type":"","overlay-color":"","overlay-opacity":"","overlay-gradient":""}},"footnotes":""},"class_list":["post-619","page","type-page","status-publish","hentry"],"post_mailing_queue_ids":[],"_links":{"self":[{"href":"https:\/\/agora.xtec.cat\/escaixart\/wp-json\/wp\/v2\/pages\/619","targetHints":{"allow":["GET"]}}],"collection":[{"href":"https:\/\/agora.xtec.cat\/escaixart\/wp-json\/wp\/v2\/pages"}],"about":[{"href":"https:\/\/agora.xtec.cat\/escaixart\/wp-json\/wp\/v2\/types\/page"}],"author":[{"embeddable":true,"href":"https:\/\/agora.xtec.cat\/escaixart\/wp-json\/wp\/v2\/users\/3"}],"replies":[{"embeddable":true,"href":"https:\/\/agora.xtec.cat\/escaixart\/wp-json\/wp\/v2\/comments?post=619"}],"version-history":[{"count":3,"href":"https:\/\/agora.xtec.cat\/escaixart\/wp-json\/wp\/v2\/pages\/619\/revisions"}],"predecessor-version":[{"id":1062,"href":"https:\/\/agora.xtec.cat\/escaixart\/wp-json\/wp\/v2\/pages\/619\/revisions\/1062"}],"up":[{"embeddable":true,"href":"https:\/\/agora.xtec.cat\/escaixart\/wp-json\/wp\/v2\/pages\/1126"}],"wp:attachment":[{"href":"https:\/\/agora.xtec.cat\/escaixart\/wp-json\/wp\/v2\/media?parent=619"}],"curies":[{"name":"wp","href":"https:\/\/api.w.org\/{rel}","templated":true}]}}