{"id":4926,"date":"2023-05-11T12:55:01","date_gmt":"2023-05-11T10:55:01","guid":{"rendered":"https:\/\/agora.xtec.cat\/escaixart\/?page_id=4926"},"modified":"2024-10-08T10:46:51","modified_gmt":"2024-10-08T08:46:51","slug":"que-hem-de-portar","status":"publish","type":"page","link":"https:\/\/agora.xtec.cat\/escaixart\/documents\/documents-de-gestio-i-sortides\/colonies\/que-hem-de-portar\/","title":{"rendered":"Qu\u00e8 hem de portar?"},"content":{"rendered":"<p>Cada any es realitza una reuni\u00f3 informativa i es pot actualitzar el material a portar per gaudir de les col\u00f2nies.<\/p>\n<h2>Cal portar<\/h2>\n<ul>\n<li>Una muda de recanvi<\/li>\n<li>Sabates de recanvi<\/li>\n<li>Muda per cada dia<\/li>\n<li>Pijama (nino i bolquer si \u00e9s necessari)<\/li>\n<li>Estris de neteja personal: pinta, tovallola petita, raspall i pasta de dents.<\/li>\n<li>Llen\u00e7ol de sota i funda de coix\u00ed<\/li>\n<li>Sac de dormir<\/li>\n<li>Llanterna o frontal<\/li>\n<li>Gorra pel sol<\/li>\n<li>Cangur o anorac<\/li>\n<li>Una bossa per posar la roba bruta.<\/li>\n<\/ul>\n<h2>Recomanacions:<\/h2>\n<ul>\n<li>Tot el cal\u00e7at i la roba ha de ser c\u00f2mode i\u00a0 marcada tota amb el nom, fins i tot la llanterna.<\/li>\n<li><strong>Preparar la motxilla conjuntament amb els nens i nenes, per tal que s\u00e0piguen el que porten i on trobar-ho.<\/strong><\/li>\n<li>No es poden dur coses de valor econ\u00f2mic ni menjar.<\/li>\n<\/ul>\n","protected":false},"excerpt":{"rendered":"<p>Cada any es realitza una reuni\u00f3 informativa i es pot actualitzar el material a portar per gaudir de les col\u00f2nies. Cal portar Una muda de recanvi Sabates de recanvi Muda per cada dia Pijama (nino i bolquer si \u00e9s necessari) Estris de neteja personal: pinta, tovallola petita, raspall i pasta de dents. Llen\u00e7ol de sota [&hellip;]<\/p>\n","protected":false},"author":3,"featured_media":0,"parent":628,"menu_order":0,"comment_status":"closed","ping_status":"closed","template":"","meta":{"_bbp_topic_count":0,"_bbp_reply_count":0,"_bbp_total_topic_count":0,"_bbp_total_reply_count":0,"_bbp_voice_count":0,"_bbp_anonymous_reply_count":0,"_bbp_topic_count_hidden":0,"_bbp_reply_count_hidden":0,"_bbp_forum_subforum_count":0,"site-sidebar-layout":"default","site-content-layout":"","ast-site-content-layout":"","site-content-style":"default","site-sidebar-style":"default","ast-global-header-display":"","ast-banner-title-visibility":"","ast-main-header-display":"","ast-hfb-above-header-display":"","ast-hfb-below-header-display":"","ast-hfb-mobile-header-display":"","site-post-title":"","ast-breadcrumbs-content":"","ast-featured-img":"","footer-sml-layout":"","theme-transparent-header-meta":"","adv-header-id-meta":"","stick-header-meta":"","header-above-stick-meta":"","header-main-stick-meta":"","header-below-stick-meta":"","astra-migrate-meta-layouts":"default","ast-page-background-enabled":"default","ast-page-background-meta":{"desktop":{"background-color":"var(--ast-global-color-4)","background-image":"","background-repeat":"repeat","background-position":"center center","background-size":"auto","background-attachment":"scroll","background-type":"","background-media":"","overlay-type":"","overlay-color":"","overlay-opacity":"","overlay-gradient":""},"tablet":{"background-color":"","background-image":"","background-repeat":"repeat","background-position":"center center","background-size":"auto","background-attachment":"scroll","background-type":"","background-media":"","overlay-type":"","overlay-color":"","overlay-opacity":"","overlay-gradient":""},"mobile":{"background-color":"","background-image":"","background-repeat":"repeat","background-position":"center center","background-size":"auto","background-attachment":"scroll","background-type":"","background-media":"","overlay-type":"","overlay-color":"","overlay-opacity":"","overlay-gradient":""}},"ast-content-background-meta":{"desktop":{"background-color":"var(--ast-global-color-5)","background-image":"","background-repeat":"repeat","background-position":"center center","background-size":"auto","background-attachment":"scroll","background-type":"","background-media":"","overlay-type":"","overlay-color":"","overlay-opacity":"","overlay-gradient":""},"tablet":{"background-color":"var(--ast-global-color-5)","background-image":"","background-repeat":"repeat","background-position":"center center","background-size":"auto","background-attachment":"scroll","background-type":"","background-media":"","overlay-type":"","overlay-color":"","overlay-opacity":"","overlay-gradient":""},"mobile":{"background-color":"var(--ast-global-color-5)","background-image":"","background-repeat":"repeat","background-position":"center center","background-size":"auto","background-attachment":"scroll","background-type":"","background-media":"","overlay-type":"","overlay-color":"","overlay-opacity":"","overlay-gradient":""}},"footnotes":""},"class_list":["post-4926","page","type-page","status-publish","hentry"],"post_mailing_queue_ids":[],"_links":{"self":[{"href":"https:\/\/agora.xtec.cat\/escaixart\/wp-json\/wp\/v2\/pages\/4926","targetHints":{"allow":["GET"]}}],"collection":[{"href":"https:\/\/agora.xtec.cat\/escaixart\/wp-json\/wp\/v2\/pages"}],"about":[{"href":"https:\/\/agora.xtec.cat\/escaixart\/wp-json\/wp\/v2\/types\/page"}],"author":[{"embeddable":true,"href":"https:\/\/agora.xtec.cat\/escaixart\/wp-json\/wp\/v2\/users\/3"}],"replies":[{"embeddable":true,"href":"https:\/\/agora.xtec.cat\/escaixart\/wp-json\/wp\/v2\/comments?post=4926"}],"version-history":[{"count":2,"href":"https:\/\/agora.xtec.cat\/escaixart\/wp-json\/wp\/v2\/pages\/4926\/revisions"}],"predecessor-version":[{"id":5640,"href":"https:\/\/agora.xtec.cat\/escaixart\/wp-json\/wp\/v2\/pages\/4926\/revisions\/5640"}],"up":[{"embeddable":true,"href":"https:\/\/agora.xtec.cat\/escaixart\/wp-json\/wp\/v2\/pages\/628"}],"wp:attachment":[{"href":"https:\/\/agora.xtec.cat\/escaixart\/wp-json\/wp\/v2\/media?parent=4926"}],"curies":[{"name":"wp","href":"https:\/\/api.w.org\/{rel}","templated":true}]}}