{"id":794,"date":"2016-10-04T15:24:22","date_gmt":"2016-10-04T13:24:22","guid":{"rendered":"http:\/\/agora.xtec.cat\/escaiguerols\/?page_id=794"},"modified":"2021-10-06T10:02:12","modified_gmt":"2021-10-06T08:02:12","slug":"reunions-dinici-de-curs-2017-2018","status":"publish","type":"page","link":"https:\/\/agora.xtec.cat\/escaiguerols\/lescola\/salut\/reunions-dinici-de-curs-2017-2018\/","title":{"rendered":"REUNIONS D&#8217;INICI DE CURS 2021-22"},"content":{"rendered":"<div class=\"entry-content\">\n<p>Benvolgudes fam\u00edlies,<\/p>\n<p>a continuaci\u00f3 us publiquem les dates de les reunions de fam\u00edlies pel curs 21-22.<\/p>\n<p><strong>P3: 26 d\u2019octubre de 2021<\/strong>\u00a0(Ana, Rosana i Mireia M.)<\/p>\n<p><strong>P4: 5 d\u2019octubre de 2021<\/strong>\u00a0(Esther i Cristina)<\/p>\n<p><strong>P5: 7 d\u2019octubre de 2021<\/strong>\u00a0(Esther i Mireia M.)<\/p>\n<p><strong>1r. 6 d\u2019octubre de 2021<\/strong>\u00a0(Mireia B. i Robert)<\/p>\n<p><strong>2n. 14 d\u2019octrubre de 2021\u00a0<\/strong>(Elena i Ra\u00fal)<\/p>\n<p><strong>3r. 19 d\u2019octubre de 2021\u00a0<\/strong>(Ana\u00efs i Robert)<\/p>\n<p><strong>4t. 20 d\u2019octubre de 2021\u00a0<\/strong>(Marta i Patri)<\/p>\n<p><strong>5\u00e8. 21 d\u2019octubre de 2021\u00a0<\/strong>(In\u00e9s i Arnau)<\/p>\n<p><strong>6\u00e8. 27 d\u2019octubre de 2021<\/strong>\u00a0(Siscu i Olaya)<\/p>\n<p>Les reunions seran en format presencial, per tant, nom\u00e9s podr\u00e0 assistir un membre de la fam\u00edlia de cada infant. En cas de pluja s\u2019enviar\u00e0 un enlla\u00e7 per\u00a0WhatsApp\u00a0a les fam\u00edlies del grup i la reuni\u00f3 es far\u00e0 en format virtual.<\/p>\n<p>Totes les reunions tindran lloc a les 17:00h., en cas que hagu\u00e9s de ser en format virtual les far\u00edem a les 17:30h.<\/p>\n<\/div>\n","protected":false},"excerpt":{"rendered":"<p>Benvolgudes fam\u00edlies,<br \/>\na continuaci\u00f3 us publiquem les dates de les reunions de fam\u00edlies pel curs 21-22.<br \/>\nP3: 26 d\u2019octubre de 2021\u00a0(Ana, Rosana i Mireia M.)<br \/>\nP4: 5 d\u2019octubre de 2021\u00a0(Esther i Cristina)<br \/>\nP5: 7 d\u2019octubre de 2021\u00a0(Esther i Mireia M.)<br \/>\n1r. 6 d\u2019octubre de 2021\u00a0(Mireia B. i Robert)<br \/>\n2n. 14 d\u2019octrubre&hellip;  <a href=\"https:\/\/agora.xtec.cat\/escaiguerols\/lescola\/salut\/reunions-dinici-de-curs-2017-2018\/\" title=\"Read REUNIONS D&#8217;INICI DE CURS 2021-22\">Llegeix m\u00e9s\u00bb<\/a><\/p>\n","protected":false},"author":1,"featured_media":0,"parent":38,"menu_order":0,"comment_status":"closed","ping_status":"closed","template":"","meta":{"_bbp_topic_count":0,"_bbp_reply_count":0,"_bbp_total_topic_count":0,"_bbp_total_reply_count":0,"_bbp_voice_count":0,"_bbp_anonymous_reply_count":0,"_bbp_topic_count_hidden":0,"_bbp_reply_count_hidden":0,"_bbp_forum_subforum_count":0,"footnotes":""},"class_list":["post-794","page","type-page","status-publish","hentry"],"post_mailing_queue_ids":[],"_links":{"self":[{"href":"https:\/\/agora.xtec.cat\/escaiguerols\/wp-json\/wp\/v2\/pages\/794","targetHints":{"allow":["GET"]}}],"collection":[{"href":"https:\/\/agora.xtec.cat\/escaiguerols\/wp-json\/wp\/v2\/pages"}],"about":[{"href":"https:\/\/agora.xtec.cat\/escaiguerols\/wp-json\/wp\/v2\/types\/page"}],"author":[{"embeddable":true,"href":"https:\/\/agora.xtec.cat\/escaiguerols\/wp-json\/wp\/v2\/users\/1"}],"replies":[{"embeddable":true,"href":"https:\/\/agora.xtec.cat\/escaiguerols\/wp-json\/wp\/v2\/comments?post=794"}],"version-history":[{"count":3,"href":"https:\/\/agora.xtec.cat\/escaiguerols\/wp-json\/wp\/v2\/pages\/794\/revisions"}],"predecessor-version":[{"id":9986,"href":"https:\/\/agora.xtec.cat\/escaiguerols\/wp-json\/wp\/v2\/pages\/794\/revisions\/9986"}],"up":[{"embeddable":true,"href":"https:\/\/agora.xtec.cat\/escaiguerols\/wp-json\/wp\/v2\/pages\/38"}],"wp:attachment":[{"href":"https:\/\/agora.xtec.cat\/escaiguerols\/wp-json\/wp\/v2\/media?parent=794"}],"curies":[{"name":"wp","href":"https:\/\/api.w.org\/{rel}","templated":true}]}}