{"id":567,"date":"2022-02-17T21:34:05","date_gmt":"2022-02-17T20:34:05","guid":{"rendered":"https:\/\/agora.xtec.cat\/escagustibartra\/?page_id=567"},"modified":"2026-01-09T19:50:33","modified_gmt":"2026-01-09T18:50:33","slug":"afa","status":"publish","type":"page","link":"https:\/\/agora.xtec.cat\/escagustibartra\/afa\/","title":{"rendered":"AFA"},"content":{"rendered":"\n<p>Des de l\u00b4AFA, treballem perqu\u00e8 les fam\u00edlies puguin participar en el dia a dia de la nostra escola, en tota mena d\u2019activitats. Estem conven\u00e7uts que la participaci\u00f3 de tothom \u00e9s molt important per l\u00b4educaci\u00f3 dels nostres infants.<\/p>\n\n\n\n<p>Per tal d\u00b4associar-vos i participar a l\u00b4AFA, s\u00b4ha de pagar una \u00fanica quota de 20\u20ac per curs. <\/p>\n\n\n\n<p>El pagament s&#8217;efectua per caixer autom\u00e0tic seguint les seg\u00fcents instruccions:<\/p>\n\n\n\n<ul class=\"wp-block-list\">\n<li>Operar sense targeta\/llibreta<\/li>\n\n\n\n<li>Ingresar diners (20\u20ac) per fam\u00edlia<\/li>\n\n\n\n<li>N\u00ba Compte BBVA ES19 0182 8197 4302 0161 6089<\/li>\n\n\n\n<li>Beneficiari: AMPA AGUSTI BARTRA<\/li>\n\n\n\n<li>Concepte: Alumne\/es (nom i cursos de germans\/es)<\/li>\n<\/ul>\n\n\n\n<p>Heu de demanar el justificant al caixer i fer-nos-lo arribar juntament amb el full d\u00b4inscripci\u00f3 a la b\u00fastia de l&#8217;AFA o a secretaria de l&#8217;escola.<\/p>\n\n\n\n<h2 class=\"wp-block-heading\">Junta de l\u2019AFA<\/h2>\n\n\n\n<p>Presidenta: Roser Dalmases Esteve<\/p>\n\n\n\n<p>Secret\u00e0ria: Noelia Ximena Soto<\/p>\n\n\n\n<p>Tresorera: Deepa Kundlani<\/p>\n\n\n\n<p>Correu electr\u00f2nic: <a href=\"mailto:afaagustibartra@gmail.com\">afaagustibartra@gmail.com<\/a><\/p>\n","protected":false},"excerpt":{"rendered":"<p>Des de l\u00b4AFA, treballem perqu\u00e8 les fam\u00edlies puguin participar en el dia a dia de la nostra escola, en tota mena d\u2019activitats. Estem conven\u00e7uts que la participaci\u00f3 de tothom \u00e9s molt important per l\u00b4educaci\u00f3 dels nostres infants. Per tal d\u00b4associar-vos i participar a l\u00b4AFA, s\u00b4ha de pagar una \u00fanica quota de 20\u20ac per curs. El [&hellip;]<\/p>\n","protected":false},"author":1,"featured_media":0,"parent":0,"menu_order":0,"comment_status":"closed","ping_status":"closed","template":"","meta":{"site-sidebar-layout":"default","site-content-layout":"","ast-site-content-layout":"default","site-content-style":"default","site-sidebar-style":"default","ast-global-header-display":"","ast-banner-title-visibility":"","ast-main-header-display":"","ast-hfb-above-header-display":"","ast-hfb-below-header-display":"","ast-hfb-mobile-header-display":"","site-post-title":"","ast-breadcrumbs-content":"","ast-featured-img":"","footer-sml-layout":"","theme-transparent-header-meta":"","adv-header-id-meta":"","stick-header-meta":"","header-above-stick-meta":"","header-main-stick-meta":"","header-below-stick-meta":"","astra-migrate-meta-layouts":"set","ast-page-background-enabled":"default","ast-page-background-meta":{"desktop":{"background-color":"var(--ast-global-color-4)","background-image":"","background-repeat":"repeat","background-position":"center center","background-size":"auto","background-attachment":"scroll","background-type":"","background-media":"","overlay-type":"","overlay-color":"","overlay-opacity":"","overlay-gradient":""},"tablet":{"background-color":"","background-image":"","background-repeat":"repeat","background-position":"center center","background-size":"auto","background-attachment":"scroll","background-type":"","background-media":"","overlay-type":"","overlay-color":"","overlay-opacity":"","overlay-gradient":""},"mobile":{"background-color":"","background-image":"","background-repeat":"repeat","background-position":"center center","background-size":"auto","background-attachment":"scroll","background-type":"","background-media":"","overlay-type":"","overlay-color":"","overlay-opacity":"","overlay-gradient":""}},"ast-content-background-meta":{"desktop":{"background-color":"var(--ast-global-color-5)","background-image":"","background-repeat":"repeat","background-position":"center center","background-size":"auto","background-attachment":"scroll","background-type":"","background-media":"","overlay-type":"","overlay-color":"","overlay-opacity":"","overlay-gradient":""},"tablet":{"background-color":"var(--ast-global-color-5)","background-image":"","background-repeat":"repeat","background-position":"center center","background-size":"auto","background-attachment":"scroll","background-type":"","background-media":"","overlay-type":"","overlay-color":"","overlay-opacity":"","overlay-gradient":""},"mobile":{"background-color":"var(--ast-global-color-5)","background-image":"","background-repeat":"repeat","background-position":"center center","background-size":"auto","background-attachment":"scroll","background-type":"","background-media":"","overlay-type":"","overlay-color":"","overlay-opacity":"","overlay-gradient":""}},"footnotes":""},"class_list":["post-567","page","type-page","status-publish","hentry"],"post_mailing_queue_ids":[],"_links":{"self":[{"href":"https:\/\/agora.xtec.cat\/escagustibartra\/wp-json\/wp\/v2\/pages\/567","targetHints":{"allow":["GET"]}}],"collection":[{"href":"https:\/\/agora.xtec.cat\/escagustibartra\/wp-json\/wp\/v2\/pages"}],"about":[{"href":"https:\/\/agora.xtec.cat\/escagustibartra\/wp-json\/wp\/v2\/types\/page"}],"author":[{"embeddable":true,"href":"https:\/\/agora.xtec.cat\/escagustibartra\/wp-json\/wp\/v2\/users\/1"}],"replies":[{"embeddable":true,"href":"https:\/\/agora.xtec.cat\/escagustibartra\/wp-json\/wp\/v2\/comments?post=567"}],"version-history":[{"count":6,"href":"https:\/\/agora.xtec.cat\/escagustibartra\/wp-json\/wp\/v2\/pages\/567\/revisions"}],"predecessor-version":[{"id":10405,"href":"https:\/\/agora.xtec.cat\/escagustibartra\/wp-json\/wp\/v2\/pages\/567\/revisions\/10405"}],"wp:attachment":[{"href":"https:\/\/agora.xtec.cat\/escagustibartra\/wp-json\/wp\/v2\/media?parent=567"}],"curies":[{"name":"wp","href":"https:\/\/api.w.org\/{rel}","templated":true}]}}