{"id":1389,"date":"2025-05-05T01:08:17","date_gmt":"2025-05-04T23:08:17","guid":{"rendered":"https:\/\/agora.xtec.cat\/escagustibartra\/?page_id=1389"},"modified":"2025-05-07T16:04:32","modified_gmt":"2025-05-07T14:04:32","slug":"iniciatives-dinnovacio-pedagogica","status":"publish","type":"page","link":"https:\/\/agora.xtec.cat\/escagustibartra\/escola\/iniciatives-dinnovacio-pedagogica\/","title":{"rendered":"Iniciatives d&#8217;innovaci\u00f3 pedag\u00f2gica"},"content":{"rendered":"\n<div class=\"wp-block-media-text is-stacked-on-mobile\" style=\"grid-template-columns:20% auto\"><figure class=\"wp-block-media-text__media\"><img loading=\"lazy\" decoding=\"async\" width=\"320\" height=\"320\" src=\"https:\/\/agora.xtec.cat\/escagustibartra\/wp-content\/uploads\/usu2289\/2025\/05\/xarxes.webp\" alt=\"\" class=\"wp-image-1671 size-full\" srcset=\"https:\/\/agora.xtec.cat\/escagustibartra\/wp-content\/uploads\/usu2289\/2025\/05\/xarxes.webp 320w, https:\/\/agora.xtec.cat\/escagustibartra\/wp-content\/uploads\/usu2289\/2025\/05\/xarxes-300x300.webp 300w, https:\/\/agora.xtec.cat\/escagustibartra\/wp-content\/uploads\/usu2289\/2025\/05\/xarxes-150x150.webp 150w\" sizes=\"auto, (max-width: 320px) 100vw, 320px\" \/><\/figure><div class=\"wp-block-media-text__content\">\n<p>L&#8217;escola participa en les seg\u00fcents xarxes educatives reconegudes pel Departament d&#8217;Educaci\u00f3 i Formaci\u00f3 Professional.<\/p>\n\n\n\n<p>Les xarxes educatives s\u00f3n un espai d&#8217;aprenentatge col\u00b7laboratiu i cooperatiu de centres docents, es fonamenten en el debat pedag\u00f2gic i did\u00e0ctic, en la gesti\u00f3 col\u00b7lectiva del coneixement, propicien la construcci\u00f3 de l&#8217;aprenentatge compartit i afavoreixen el creixement personal i desenvolupament professional del professorat i la transformaci\u00f3 dels centres educatius.<\/p>\n<\/div><\/div>\n\n\n\n<h2 class=\"wp-block-heading\">Xarxa de centres ULAE<\/h2>\n\n\n\n<div class=\"wp-block-media-text is-stacked-on-mobile\" style=\"grid-template-columns:20% auto\"><figure class=\"wp-block-media-text__media\"><img loading=\"lazy\" decoding=\"async\" width=\"320\" height=\"320\" src=\"https:\/\/agora.xtec.cat\/escagustibartra\/wp-content\/uploads\/usu2289\/2025\/05\/xulae.webp\" alt=\"\" class=\"wp-image-1390 size-full\" srcset=\"https:\/\/agora.xtec.cat\/escagustibartra\/wp-content\/uploads\/usu2289\/2025\/05\/xulae.webp 320w, https:\/\/agora.xtec.cat\/escagustibartra\/wp-content\/uploads\/usu2289\/2025\/05\/xulae-300x300.webp 300w, https:\/\/agora.xtec.cat\/escagustibartra\/wp-content\/uploads\/usu2289\/2025\/05\/xulae-150x150.webp 150w\" sizes=\"auto, (max-width: 320px) 100vw, 320px\" \/><\/figure><div class=\"wp-block-media-text__content\">\n<p>Les xarxes formatives ULAE (Usos Ling\u00fc\u00edstics en l&#8217;\u00c0mbit Educatiu) s\u00f3n espais on compartim metodologies, estrat\u00e8gies i bones pr\u00e0ctiques per millorar la gesti\u00f3 de la diversitat ling\u00fc\u00edstica en els centres educatius i incentivar l&#8217;aprenentatge i l&#8217;\u00fas del catal\u00e0 a l&#8217;escola com un valor d&#8217;enriquiment compartit. compartim metodologies, estrat\u00e8gies i bones pr\u00e0ctiques per millorar la gesti\u00f3 de la diversitat ling\u00fc\u00edstica en els centres educatius i incentivar l\u2019aprenentatge i l\u2019\u00fas del catal\u00e0 a l\u2019escola com un valor d\u2019enriquiment compartit.<\/p>\n<\/div><\/div>\n\n\n\n<h2 class=\"wp-block-heading\">Xarxa comissi\u00f3 digital de centre<\/h2>\n\n\n\n<div class=\"wp-block-media-text is-stacked-on-mobile\" style=\"grid-template-columns:20% auto\"><figure class=\"wp-block-media-text__media\"><img loading=\"lazy\" decoding=\"async\" width=\"320\" height=\"320\" src=\"https:\/\/agora.xtec.cat\/escagustibartra\/wp-content\/uploads\/usu2289\/2025\/05\/xcdc.webp\" alt=\"\" class=\"wp-image-1391 size-full\" srcset=\"https:\/\/agora.xtec.cat\/escagustibartra\/wp-content\/uploads\/usu2289\/2025\/05\/xcdc.webp 320w, https:\/\/agora.xtec.cat\/escagustibartra\/wp-content\/uploads\/usu2289\/2025\/05\/xcdc-300x300.webp 300w, https:\/\/agora.xtec.cat\/escagustibartra\/wp-content\/uploads\/usu2289\/2025\/05\/xcdc-150x150.webp 150w\" sizes=\"auto, (max-width: 320px) 100vw, 320px\" \/><\/figure><div class=\"wp-block-media-text__content\">\n<p>Aquesta subxarxa de la Xarxa territorial de cultura digital proporciona un espai de comunicaci\u00f3 i treball en xarxa per fer difusi\u00f3 del nou marc competencial i promoure el desenvolupament de la compet\u00e8ncia digital docent.<\/p>\n<\/div><\/div>\n\n\n\n<h2 class=\"wp-block-heading\">Xarxa coordinaci\u00f3 digital de centre<\/h2>\n\n\n\n<div class=\"wp-block-media-text is-stacked-on-mobile\" style=\"grid-template-columns:20% auto\"><figure class=\"wp-block-media-text__media\"><img loading=\"lazy\" decoding=\"async\" width=\"320\" height=\"320\" src=\"https:\/\/agora.xtec.cat\/escagustibartra\/wp-content\/uploads\/usu2289\/2025\/05\/xcdc.webp\" alt=\"\" class=\"wp-image-1391 size-full\" srcset=\"https:\/\/agora.xtec.cat\/escagustibartra\/wp-content\/uploads\/usu2289\/2025\/05\/xcdc.webp 320w, https:\/\/agora.xtec.cat\/escagustibartra\/wp-content\/uploads\/usu2289\/2025\/05\/xcdc-300x300.webp 300w, https:\/\/agora.xtec.cat\/escagustibartra\/wp-content\/uploads\/usu2289\/2025\/05\/xcdc-150x150.webp 150w\" sizes=\"auto, (max-width: 320px) 100vw, 320px\" \/><\/figure><div class=\"wp-block-media-text__content\">\n<p>Aquesta subxarxa de la Xarxa territorial de cultura digital proporciona un espai de comunicaci\u00f3 i treball en xarxa per fer difusi\u00f3 del nou marc competencial i promoure el desenvolupament de la compet\u00e8ncia digital docent.<\/p>\n<\/div><\/div>\n","protected":false},"excerpt":{"rendered":"<p>L&#8217;escola participa en les seg\u00fcents xarxes educatives reconegudes pel Departament d&#8217;Educaci\u00f3 i Formaci\u00f3 Professional. Les xarxes educatives s\u00f3n un espai d&#8217;aprenentatge col\u00b7laboratiu i cooperatiu de centres docents, es fonamenten en el debat pedag\u00f2gic i did\u00e0ctic, en la gesti\u00f3 col\u00b7lectiva del coneixement, propicien la construcci\u00f3 de l&#8217;aprenentatge compartit i afavoreixen el creixement personal i desenvolupament professional [&hellip;]<\/p>\n","protected":false},"author":1,"featured_media":0,"parent":22,"menu_order":40,"comment_status":"closed","ping_status":"closed","template":"","meta":{"site-sidebar-layout":"left-sidebar","site-content-layout":"","ast-site-content-layout":"default","site-content-style":"default","site-sidebar-style":"default","ast-global-header-display":"","ast-banner-title-visibility":"","ast-main-header-display":"","ast-hfb-above-header-display":"","ast-hfb-below-header-display":"","ast-hfb-mobile-header-display":"","site-post-title":"","ast-breadcrumbs-content":"","ast-featured-img":"","footer-sml-layout":"","theme-transparent-header-meta":"","adv-header-id-meta":"","stick-header-meta":"","header-above-stick-meta":"","header-main-stick-meta":"","header-below-stick-meta":"","astra-migrate-meta-layouts":"set","ast-page-background-enabled":"default","ast-page-background-meta":{"desktop":{"background-color":"var(--ast-global-color-4)","background-image":"","background-repeat":"repeat","background-position":"center center","background-size":"auto","background-attachment":"scroll","background-type":"","background-media":"","overlay-type":"","overlay-color":"","overlay-opacity":"","overlay-gradient":""},"tablet":{"background-color":"","background-image":"","background-repeat":"repeat","background-position":"center center","background-size":"auto","background-attachment":"scroll","background-type":"","background-media":"","overlay-type":"","overlay-color":"","overlay-opacity":"","overlay-gradient":""},"mobile":{"background-color":"","background-image":"","background-repeat":"repeat","background-position":"center center","background-size":"auto","background-attachment":"scroll","background-type":"","background-media":"","overlay-type":"","overlay-color":"","overlay-opacity":"","overlay-gradient":""}},"ast-content-background-meta":{"desktop":{"background-color":"var(--ast-global-color-5)","background-image":"","background-repeat":"repeat","background-position":"center center","background-size":"auto","background-attachment":"scroll","background-type":"","background-media":"","overlay-type":"","overlay-color":"","overlay-opacity":"","overlay-gradient":""},"tablet":{"background-color":"var(--ast-global-color-5)","background-image":"","background-repeat":"repeat","background-position":"center center","background-size":"auto","background-attachment":"scroll","background-type":"","background-media":"","overlay-type":"","overlay-color":"","overlay-opacity":"","overlay-gradient":""},"mobile":{"background-color":"var(--ast-global-color-5)","background-image":"","background-repeat":"repeat","background-position":"center center","background-size":"auto","background-attachment":"scroll","background-type":"","background-media":"","overlay-type":"","overlay-color":"","overlay-opacity":"","overlay-gradient":""}},"footnotes":""},"class_list":["post-1389","page","type-page","status-publish","hentry"],"post_mailing_queue_ids":[],"_links":{"self":[{"href":"https:\/\/agora.xtec.cat\/escagustibartra\/wp-json\/wp\/v2\/pages\/1389","targetHints":{"allow":["GET"]}}],"collection":[{"href":"https:\/\/agora.xtec.cat\/escagustibartra\/wp-json\/wp\/v2\/pages"}],"about":[{"href":"https:\/\/agora.xtec.cat\/escagustibartra\/wp-json\/wp\/v2\/types\/page"}],"author":[{"embeddable":true,"href":"https:\/\/agora.xtec.cat\/escagustibartra\/wp-json\/wp\/v2\/users\/1"}],"replies":[{"embeddable":true,"href":"https:\/\/agora.xtec.cat\/escagustibartra\/wp-json\/wp\/v2\/comments?post=1389"}],"version-history":[{"count":7,"href":"https:\/\/agora.xtec.cat\/escagustibartra\/wp-json\/wp\/v2\/pages\/1389\/revisions"}],"predecessor-version":[{"id":1675,"href":"https:\/\/agora.xtec.cat\/escagustibartra\/wp-json\/wp\/v2\/pages\/1389\/revisions\/1675"}],"up":[{"embeddable":true,"href":"https:\/\/agora.xtec.cat\/escagustibartra\/wp-json\/wp\/v2\/pages\/22"}],"wp:attachment":[{"href":"https:\/\/agora.xtec.cat\/escagustibartra\/wp-json\/wp\/v2\/media?parent=1389"}],"curies":[{"name":"wp","href":"https:\/\/api.w.org\/{rel}","templated":true}]}}