{"id":1289,"date":"2025-05-05T03:33:10","date_gmt":"2025-05-05T01:33:10","guid":{"rendered":"https:\/\/agora.xtec.cat\/escagustibartra\/?page_id=1289"},"modified":"2025-05-06T01:21:05","modified_gmt":"2025-05-05T23:21:05","slug":"documents","status":"publish","type":"page","link":"https:\/\/agora.xtec.cat\/escagustibartra\/escola\/documents\/","title":{"rendered":"Documents"},"content":{"rendered":"\n<p>Sol\u00b7licitud de preinscripci\u00f3 a ensenyaments de segon cicle d\u2019educaci\u00f3 infantil, educaci\u00f3 prim\u00e0ria i educaci\u00f3 secund\u00e0ria obligat\u00f2ria en centres educatius sufragats amb fons p\u00fablics<\/p>\n\n\n\n<p><a href=\"https:\/\/documents.espai.educacio.gencat.cat\/FormularisModels\/CentresGestioAdministrativa\/A42.pdf\">Sol\u00b7licitud de preinscripci\u00f3 a ensenyaments de segon cicle d\u2019educaci\u00f3 infantil, educaci\u00f3 prim\u00e0ria i educaci\u00f3 secund\u00e0ria obligat\u00f2ria<\/a><\/p>\n\n\n\n<p>Sol\u00b7licitud d\u2019admissi\u00f3 als ensenyaments obligatoris en centres educatius sufragats amb fons p\u00fablics<\/p>\n\n\n\n<p><a href=\"https:\/\/documents.espai.educacio.gencat.cat\/FormularisModels\/CentresGestioAdministrativa\/A51.pdf\">Sol\u00b7licitud d\u2019admissi\u00f3 als ensenyaments obligatoris en centres educatius sufragats amb fons p\u00fablics<\/a><\/p>\n\n\n\n<p>Sol\u00b7licitud i autoritzaci\u00f3 d\u2019administraci\u00f3 de glucag\u00f3 per a l\u2019infant o jove amb diabetis<\/p>\n\n\n\n<p><a href=\"https:\/\/documents.espai.educacio.gencat.cat\/FormularisModels\/SeguretatSalut\/A315.pdf\">Sol\u00b7licitud i autoritzaci\u00f3 d\u2019administraci\u00f3 de glucag\u00f3 als alumnes amb diabetis<\/a><\/p>\n\n\n\n<p>Sol\u00b7licitud de control de glucosa de l\u2019infant o jove amb diabetis i autoritzaci\u00f3 de l\u2019administraci\u00f3 d\u2019insulina<\/p>\n\n\n\n<p><a href=\"https:\/\/documents.espai.educacio.gencat.cat\/FormularisModels\/SeguretatSalut\/A314.pdf\">Sol\u00b7licitud de control de glucosa de l&#8217;infant, adolescent o jove amb diabetis i autoritzaci\u00f3 de l&#8217;administraci\u00f3 d&#8217;insulina<\/a><\/p>\n\n\n\n<p>Sol\u00b7licitud i autoritzaci\u00f3 d\u2019administraci\u00f3 de medicaments als alumnes amb al\u00b7l\u00e8rgies aliment\u00e0ries i\/o al l\u00e0tex<\/p>\n\n\n\n<p><a href=\"https:\/\/documents.espai.educacio.gencat.cat\/FormularisModels\/SeguretatSalut\/A311.pdf\">Sol\u00b7licitud i autoritzaci\u00f3 d\u2019administraci\u00f3 de medicaments als alumnes amb al\u00b7l\u00e8rgies aliment\u00e0ries i\/o al l\u00e0tex<\/a><\/p>\n\n\n\n<p>Autoritzaci\u00f3 per a l\u2019administraci\u00f3 de medicaments o paracetamol<\/p>\n\n\n\n<p><a href=\"https:\/\/documents.espai.educacio.gencat.cat\/FormularisModels\/CentresGestioAdministrativa\/Y332_188.pdf\">https:\/\/documents.espai.educacio.gencat.cat\/FormularisModels\/CentresGestioAdministrativa\/Y332_188.pdf<\/a><\/p>\n\n\n\n<p>Autoritzaci\u00f3 per a la recollida de l\u2019alumnat<\/p>\n\n\n\n<p><a href=\"https:\/\/agora.xtec.cat\/escagustibartra\/wp-content\/uploads\/usu2289\/2024\/02\/Autoritzacio-recollida-alumnat-23-24.pdf\">https:\/\/agora.xtec.cat\/escagustibartra\/wp-content\/uploads\/usu2289\/2024\/02\/Autoritzacio-recollida-alumnat-23-24.pdf<\/a><\/p>\n\n\n\n<p>Autoritzaci\u00f3 de sortides i activitats<\/p>\n\n\n\n<p><a href=\"https:\/\/agora.xtec.cat\/escagustibartra\/wp-content\/uploads\/usu2289\/2024\/02\/Autoritzacio-sortides-i-activitats-2023-24.pdf\">https:\/\/agora.xtec.cat\/escagustibartra\/wp-content\/uploads\/usu2289\/2024\/02\/Autoritzacio-sortides-i-activitats-2023-24.pdf<\/a><\/p>\n\n\n\n<p>Autoritzaci\u00f3 d\u2019\u00fas d\u2019imatges d\u2019alumnes menors de 14 anys<\/p>\n\n\n\n<p><a href=\"https:\/\/documents.espai.educacio.gencat.cat\/FormularisModels\/ProteccioDades\/A882.pdf\">Autoritzaci\u00f3 d&#8217;\u00fas d&#8217;imatges d\u2019alumnes menors d&#8217;edat<\/a><\/p>\n\n\n\n<p>Control i autoritzaci\u00f3 administraci\u00f3 de medicaci\u00f3<\/p>\n\n\n\n<p><a href=\"https:\/\/agora.xtec.cat\/escagustibartra\/wp-content\/uploads\/usu2289\/2024\/02\/CONTROL-I-AUTORITZACIO-MEDICACIO.pdf\">https:\/\/agora.xtec.cat\/escagustibartra\/wp-content\/uploads\/usu2289\/2024\/02\/CONTROL-I-AUTORITZACIO-MEDICACIO.pdf<\/a><\/p>\n\n\n\n<p>Autoritzaci\u00f3 per a alumnes menors de 14 anys: \u00fas d\u2019imatges, publicaci\u00f3 de dades de car\u00e0cter personal i de material que elaboren<\/p>\n\n\n\n<p><a href=\"https:\/\/documents.espai.educacio.gencat.cat\/FormularisModels\/ProteccioDades\/A251.pdf\">Autoritzaci\u00f3 relativa als alumnes menors de 14 anys: \u00fas d\u2019imatges, publicaci\u00f3 de dades de car\u00e0cter personal i de material que elaboren<\/a><\/p>\n\n\n\n<p>Autoritzaci\u00f3 relativa als alumnes de menys de 14 anys: \u00fas de serveis i recursos digitals a Internet per treballar a l\u2019aula.<\/p>\n\n\n\n<p><a href=\"https:\/\/documents.espai.educacio.gencat.cat\/FormularisModels\/ProteccioDades\/A253.pdf\">Autoritzaci\u00f3 relativa als alumnes de menys de 14 anys: \u00fas de serveis<\/a><\/p>\n\n\n\n<p>Carta de comprom\u00eds educatiu<\/p>\n\n\n\n<p><a href=\"https:\/\/agora.xtec.cat\/escagustibartra\/wp-content\/uploads\/usu2289\/2024\/02\/Carta-de-compromis-educatiu.pdf\">Carta-de-compromis-educatiu.pdf<\/a><\/p>\n","protected":false},"excerpt":{"rendered":"<p>Sol\u00b7licitud de preinscripci\u00f3 a ensenyaments de segon cicle d\u2019educaci\u00f3 infantil, educaci\u00f3 prim\u00e0ria i educaci\u00f3 secund\u00e0ria obligat\u00f2ria en centres educatius sufragats amb fons p\u00fablics Sol\u00b7licitud de preinscripci\u00f3 a ensenyaments de segon cicle d\u2019educaci\u00f3 infantil, educaci\u00f3 prim\u00e0ria i educaci\u00f3 secund\u00e0ria obligat\u00f2ria Sol\u00b7licitud d\u2019admissi\u00f3 als ensenyaments obligatoris en centres educatius sufragats amb fons p\u00fablics Sol\u00b7licitud d\u2019admissi\u00f3 als ensenyaments [&hellip;]<\/p>\n","protected":false},"author":1,"featured_media":0,"parent":22,"menu_order":140,"comment_status":"closed","ping_status":"closed","template":"","meta":{"site-sidebar-layout":"left-sidebar","site-content-layout":"","ast-site-content-layout":"default","site-content-style":"default","site-sidebar-style":"default","ast-global-header-display":"","ast-banner-title-visibility":"","ast-main-header-display":"","ast-hfb-above-header-display":"","ast-hfb-below-header-display":"","ast-hfb-mobile-header-display":"","site-post-title":"","ast-breadcrumbs-content":"","ast-featured-img":"","footer-sml-layout":"","theme-transparent-header-meta":"","adv-header-id-meta":"","stick-header-meta":"","header-above-stick-meta":"","header-main-stick-meta":"","header-below-stick-meta":"","astra-migrate-meta-layouts":"set","ast-page-background-enabled":"default","ast-page-background-meta":{"desktop":{"background-color":"var(--ast-global-color-4)","background-image":"","background-repeat":"repeat","background-position":"center center","background-size":"auto","background-attachment":"scroll","background-type":"","background-media":"","overlay-type":"","overlay-color":"","overlay-opacity":"","overlay-gradient":""},"tablet":{"background-color":"","background-image":"","background-repeat":"repeat","background-position":"center center","background-size":"auto","background-attachment":"scroll","background-type":"","background-media":"","overlay-type":"","overlay-color":"","overlay-opacity":"","overlay-gradient":""},"mobile":{"background-color":"","background-image":"","background-repeat":"repeat","background-position":"center center","background-size":"auto","background-attachment":"scroll","background-type":"","background-media":"","overlay-type":"","overlay-color":"","overlay-opacity":"","overlay-gradient":""}},"ast-content-background-meta":{"desktop":{"background-color":"var(--ast-global-color-5)","background-image":"","background-repeat":"repeat","background-position":"center center","background-size":"auto","background-attachment":"scroll","background-type":"","background-media":"","overlay-type":"","overlay-color":"","overlay-opacity":"","overlay-gradient":""},"tablet":{"background-color":"var(--ast-global-color-5)","background-image":"","background-repeat":"repeat","background-position":"center center","background-size":"auto","background-attachment":"scroll","background-type":"","background-media":"","overlay-type":"","overlay-color":"","overlay-opacity":"","overlay-gradient":""},"mobile":{"background-color":"var(--ast-global-color-5)","background-image":"","background-repeat":"repeat","background-position":"center center","background-size":"auto","background-attachment":"scroll","background-type":"","background-media":"","overlay-type":"","overlay-color":"","overlay-opacity":"","overlay-gradient":""}},"footnotes":""},"class_list":["post-1289","page","type-page","status-publish","hentry"],"post_mailing_queue_ids":[],"_links":{"self":[{"href":"https:\/\/agora.xtec.cat\/escagustibartra\/wp-json\/wp\/v2\/pages\/1289","targetHints":{"allow":["GET"]}}],"collection":[{"href":"https:\/\/agora.xtec.cat\/escagustibartra\/wp-json\/wp\/v2\/pages"}],"about":[{"href":"https:\/\/agora.xtec.cat\/escagustibartra\/wp-json\/wp\/v2\/types\/page"}],"author":[{"embeddable":true,"href":"https:\/\/agora.xtec.cat\/escagustibartra\/wp-json\/wp\/v2\/users\/1"}],"replies":[{"embeddable":true,"href":"https:\/\/agora.xtec.cat\/escagustibartra\/wp-json\/wp\/v2\/comments?post=1289"}],"version-history":[{"count":4,"href":"https:\/\/agora.xtec.cat\/escagustibartra\/wp-json\/wp\/v2\/pages\/1289\/revisions"}],"predecessor-version":[{"id":1452,"href":"https:\/\/agora.xtec.cat\/escagustibartra\/wp-json\/wp\/v2\/pages\/1289\/revisions\/1452"}],"up":[{"embeddable":true,"href":"https:\/\/agora.xtec.cat\/escagustibartra\/wp-json\/wp\/v2\/pages\/22"}],"wp:attachment":[{"href":"https:\/\/agora.xtec.cat\/escagustibartra\/wp-json\/wp\/v2\/media?parent=1289"}],"curies":[{"name":"wp","href":"https:\/\/api.w.org\/{rel}","templated":true}]}}