{"id":28,"date":"2014-09-18T12:29:35","date_gmt":"2014-09-18T11:29:35","guid":{"rendered":"http:\/\/agora.xtec.cat\/esc-voramarsalou\/?page_id=28"},"modified":"2026-01-28T13:05:28","modified_gmt":"2026-01-28T12:05:28","slug":"consell-escolar","status":"publish","type":"page","link":"https:\/\/agora.xtec.cat\/esc-voramarsalou\/lescola\/consell-escolar\/","title":{"rendered":"Consell escolar"},"content":{"rendered":"<p><b>\u00a0CONSELL ESCOLAR<\/b><\/p>\n<p>El Consell Escolar del centre \u00e9s l\u2019\u00f2rgan de participaci\u00f3 de la comunitat educativa en el govern dels centres educatius.<\/p>\n<p><strong>Membres del Consell Escolar<\/strong><\/p>\n<p><strong>Directora: <\/strong>Isabel Palomera.<\/p>\n<p><strong>Cap d\u2019Estudis:\u00a0<\/strong>Diana Aragon.<\/p>\n<p><strong>Secretari: <\/strong>Rafael Sanjuan.<\/p>\n<p><strong>Representants del Claustre: <\/strong>Marina Pardo, <span style=\"font-weight: 400;\">Irene C\u00e1mara, Patricia P\u00e9rez, Alejandro Jimenez, \u00c0xel Claesen, M\u00f2nica Muelas.<\/span><\/p>\n<p><strong>Representants dels pares\/mares: <\/strong>Concepci\u00f3n Borque, Laura Cantore, Florentina Morales, Florine Parent, Laura Jimenez.<\/p>\n<p><strong>Representant AMPA: <\/strong>Cristina Picas.<\/p>\n<p><strong>Representant PAS:<\/strong> Mari Carmen Pagan<\/p>\n<p><strong>Representant PAE:<\/strong> S\u00edlvia Figueres<\/p>\n<p><strong>Representant municipal: <\/strong>Beatriz Morer.<\/p>\n<p><strong>Funcions del consell escolar dels centres p\u00fablics:<\/strong><\/p>\n<p>a) Aprovar el projecte educatiu i les modificacions corresponents per una majoria de tres cinquenes parts dels membres.<br \/>b) Aprovar la programaci\u00f3 general anual del centre i avaluar-ne el desenvolupament i els resultats.<br \/>c) Aprovar les propostes d\u2019acords de co-responsabilitat, convenis i altres acords de col\u00b7laboraci\u00f3 del centre amb entitats o institucions.<br \/>d) Aprovar les normes d\u2019organitzaci\u00f3 i funcionament i les modificacions corresponents.<br \/>e) Aprovar la carta de comprom\u00eds educatiu.<br \/>f) Aprovar el pressupost del centre i el rendiment de comptes.<br \/>g) Intervenir en el procediment d\u2019admissi\u00f3 d\u2019alumnes.<br \/>h) Participar en el procediment de selecci\u00f3 i en la proposta de cessament del director o directora.<br \/>i) Intervenir en la resoluci\u00f3 dels conflictes i, si escau, revisar les sancions als alumnes.<br \/>j) Aprovar les directrius per a la programaci\u00f3 d\u2019activitats escolars complement\u00e0ries i d\u2019activitats extraescolars, i avaluar-ne el desenvolupament.<br \/>k) Participar en les an\u00e0lisis i les avaluacions del funcionament general del centre i con\u00e8ixer l\u2019evoluci\u00f3 del rendiment escolar.<br \/>l) Aprovar els criteris de col\u00b7laboraci\u00f3 amb altres centres i amb l\u2019entorn.<br \/>m) Qualsevol altra que li sigui atribu\u00efda per les normes legals o reglament\u00e0ries.<\/p>\n<p><span style=\"color: #ff0000;\"><strong>ACORDS CONSELL ESCOLAR<\/strong><\/span><\/p>\n<p>Podeu consultar els temes tractats i els acords presos a les diferents reunions del Consell Escolar que es recullen aqu\u00ed:<\/p>\n<p><a href=\"https:\/\/drive.google.com\/drive\/folders\/1JHZDmVBcDOv7Rd7brmE-egobj8VPsdEf?usp=share_link\"><img loading=\"lazy\" decoding=\"async\" class=\"alignnone wp-image-4169 size-full\" src=\"https:\/\/agora.xtec.cat\/esc-voramarsalou\/wp-content\/uploads\/usu1992\/2021\/12\/pdf-icon-150x150-1.png\" alt=\"\" width=\"150\" height=\"150\" \/><\/a><\/p>\n<p><a href=\"https:\/\/drive.google.com\/drive\/folders\/1xPT5c5-JiMriekf0y7gH-mwkPrhio-lc?usp=sharing\">Acords Consell Escolar CURS 2021-2022<\/a><\/p>\n<p><a href=\"https:\/\/drive.google.com\/drive\/folders\/1JHZDmVBcDOv7Rd7brmE-egobj8VPsdEf?usp=sharing\">Acords Consell Escolar CURS 2022-2023<\/a><\/p>\n<p><a href=\"https:\/\/drive.google.com\/drive\/folders\/10yXB8d_iOBVcgwmDQjTAkWcXMhR7qbS-?usp=sharing\">Acords Consell Escolar CURS 2023-2024<\/a><\/p>\n<p><a href=\"https:\/\/drive.google.com\/drive\/folders\/1WA3hFdfIN56JUzdUYZUxWbAxMeBFFoHY?usp=sharing\">Acords Consell Escolar CURS 2024-2025<\/a><\/p>\n<p><a href=\"https:\/\/drive.google.com\/drive\/folders\/1cOpITW9gRRLkVUiDdfC8mT0ujC0lLfhY?usp=sharing\">Acords Consell Escolar CURS 2025-2026<\/a><\/p>\n\n\n<p><\/p>\n","protected":false},"excerpt":{"rendered":"<p>\u00a0CONSELL ESCOLAR El Consell Escolar del centre \u00e9s l\u2019\u00f2rgan de participaci\u00f3 de la comunitat educativa en el govern dels centres [&hellip;]<\/p>\n","protected":false},"author":1,"featured_media":0,"parent":22,"menu_order":30,"comment_status":"closed","ping_status":"closed","template":"","meta":{"_bbp_topic_count":0,"_bbp_reply_count":0,"_bbp_total_topic_count":0,"_bbp_total_reply_count":0,"_bbp_voice_count":0,"_bbp_anonymous_reply_count":0,"_bbp_topic_count_hidden":0,"_bbp_reply_count_hidden":0,"_bbp_forum_subforum_count":0,"site-sidebar-layout":"default","site-content-layout":"","ast-site-content-layout":"default","site-content-style":"default","site-sidebar-style":"default","ast-global-header-display":"","ast-banner-title-visibility":"","ast-main-header-display":"","ast-hfb-above-header-display":"","ast-hfb-below-header-display":"","ast-hfb-mobile-header-display":"","site-post-title":"","ast-breadcrumbs-content":"","ast-featured-img":"","footer-sml-layout":"","theme-transparent-header-meta":"","adv-header-id-meta":"","stick-header-meta":"","header-above-stick-meta":"","header-main-stick-meta":"","header-below-stick-meta":"","astra-migrate-meta-layouts":"set","ast-page-background-enabled":"default","ast-page-background-meta":{"desktop":{"background-color":"var(--ast-global-color-4)","background-image":"","background-repeat":"repeat","background-position":"center center","background-size":"auto","background-attachment":"scroll","background-type":"","background-media":"","overlay-type":"","overlay-color":"","overlay-opacity":"","overlay-gradient":""},"tablet":{"background-color":"","background-image":"","background-repeat":"repeat","background-position":"center center","background-size":"auto","background-attachment":"scroll","background-type":"","background-media":"","overlay-type":"","overlay-color":"","overlay-opacity":"","overlay-gradient":""},"mobile":{"background-color":"","background-image":"","background-repeat":"repeat","background-position":"center center","background-size":"auto","background-attachment":"scroll","background-type":"","background-media":"","overlay-type":"","overlay-color":"","overlay-opacity":"","overlay-gradient":""}},"ast-content-background-meta":{"desktop":{"background-color":"var(--ast-global-color-5)","background-image":"","background-repeat":"repeat","background-position":"center center","background-size":"auto","background-attachment":"scroll","background-type":"","background-media":"","overlay-type":"","overlay-color":"","overlay-opacity":"","overlay-gradient":""},"tablet":{"background-color":"var(--ast-global-color-5)","background-image":"","background-repeat":"repeat","background-position":"center center","background-size":"auto","background-attachment":"scroll","background-type":"","background-media":"","overlay-type":"","overlay-color":"","overlay-opacity":"","overlay-gradient":""},"mobile":{"background-color":"var(--ast-global-color-5)","background-image":"","background-repeat":"repeat","background-position":"center center","background-size":"auto","background-attachment":"scroll","background-type":"","background-media":"","overlay-type":"","overlay-color":"","overlay-opacity":"","overlay-gradient":""}},"footnotes":""},"class_list":["post-28","page","type-page","status-publish","hentry"],"post_mailing_queue_ids":[],"_links":{"self":[{"href":"https:\/\/agora.xtec.cat\/esc-voramarsalou\/wp-json\/wp\/v2\/pages\/28","targetHints":{"allow":["GET"]}}],"collection":[{"href":"https:\/\/agora.xtec.cat\/esc-voramarsalou\/wp-json\/wp\/v2\/pages"}],"about":[{"href":"https:\/\/agora.xtec.cat\/esc-voramarsalou\/wp-json\/wp\/v2\/types\/page"}],"author":[{"embeddable":true,"href":"https:\/\/agora.xtec.cat\/esc-voramarsalou\/wp-json\/wp\/v2\/users\/1"}],"replies":[{"embeddable":true,"href":"https:\/\/agora.xtec.cat\/esc-voramarsalou\/wp-json\/wp\/v2\/comments?post=28"}],"version-history":[{"count":5,"href":"https:\/\/agora.xtec.cat\/esc-voramarsalou\/wp-json\/wp\/v2\/pages\/28\/revisions"}],"predecessor-version":[{"id":8815,"href":"https:\/\/agora.xtec.cat\/esc-voramarsalou\/wp-json\/wp\/v2\/pages\/28\/revisions\/8815"}],"up":[{"embeddable":true,"href":"https:\/\/agora.xtec.cat\/esc-voramarsalou\/wp-json\/wp\/v2\/pages\/22"}],"wp:attachment":[{"href":"https:\/\/agora.xtec.cat\/esc-voramarsalou\/wp-json\/wp\/v2\/media?parent=28"}],"curies":[{"name":"wp","href":"https:\/\/api.w.org\/{rel}","templated":true}]}}