{"id":66,"date":"2014-09-18T12:40:47","date_gmt":"2014-09-18T11:40:47","guid":{"rendered":"http:\/\/agora.xtec.cat\/esc-voltrega\/?page_id=66"},"modified":"2026-02-12T13:00:32","modified_gmt":"2026-02-12T12:00:32","slug":"serveis","status":"publish","type":"page","link":"https:\/\/agora.xtec.cat\/esc-voltrega\/serveis\/","title":{"rendered":"AFA"},"content":{"rendered":"<p>Des que es va crear l\u2019Escola Voltreg\u00e0, un grup de persones de les antigues AMPA\u2019s i nous membres<br \/>\nincorporats en l\u2019any de creaci\u00f3, es va crear l\u2019AFA Voltreg\u00e0. Ens diem AFA (Associaci\u00f3 de Fam\u00edlies<br \/>\nd\u2019alumnes) per tal d\u2019incloure a totes les fam\u00edlies, ja que ens trobem en una societat amb una diversitat<br \/>\nfamiliar molt gran.<\/p>\n<p>Per tant, qualsevol fam\u00edlia de l\u2019escola pot ser s\u00f2cia de l\u2019associaci\u00f3 pagant la quota anual. Pot participar a<br \/>\nles assemblees i formar part de les comissions que s\u2019organitzen per dur a terme les diferents activitats<br \/>\n(extraescolars i acollides, menjador, pati, festes, loteria, calendaris&#8230;). La junta de l\u2019AFA est\u00e0 formada per<br \/>\nla presidenta, vicepresidenta, tresorera i secret\u00e0ria.<\/p>\n<p>Qualsevol aportaci\u00f3 constructiva \u00e9s valuosa per nosaltres. I qualsevol incorporaci\u00f3 encara m\u00e9s!<br \/>\nEntre altres tasques, una de les m\u00e9s importants \u00e9s la de crear un vincle m\u00e9s estret entre fam\u00edlies i<br \/>\nescola, ja que l\u2019educaci\u00f3 i formaci\u00f3 dels infants est\u00e0 entrella\u00e7ada amb el que fa l\u2019escola i el qu\u00e8<br \/>\ntransmetem des de les fam\u00edlies. \u00c9s per aquest motiu que tenim un paper fonamental dins l\u2019educaci\u00f3<br \/>\ndels nostres fills i filles.<\/p>\n<p>Les funcions que tenim s\u00f3n:<br \/>\n&#8211; Facilitar i fomentar la comunicaci\u00f3 entre fam\u00edlies, direcci\u00f3 i el professorat de l\u2019escola.<br \/>\n&#8211; Representaci\u00f3 en el consell escolar de l\u2019escola Voltreg\u00e0.<br \/>\n&#8211; Proposici\u00f3 i oferiment d\u2019extraescolars i serveis d\u2019acollida en diferents horaris.<br \/>\n&#8211; Responsabilitat conjunta amb l\u2019escola de la part de socialitzaci\u00f3 de llibres .<br \/>\n&#8211; Recepci\u00f3 i mediaci\u00f3 en propostes, suggeriments i queixes que puguin sortir de l\u2019\u00e0mbit educatiu.<br \/>\n&#8211; Creaci\u00f3 d\u2019activitats (festes, extraescolars, tradicions,&#8230;) que permetin la interacci\u00f3 i la cohesi\u00f3 de les fam\u00edlies de l\u2019escola.<br \/>\n&#8211; I moltes altres que hem de crear conjuntament&#8230;<\/p>\n<p>L\u2019AFA Voltreg\u00e0 est\u00e0 present a les xarxes, ja sigui a trav\u00e9s de la nostra p\u00e0gina web (<a href=\"https:\/\/afavoltrega.org\/\">www.afavoltrega.org<\/a>)<br \/>\nd\u2019es d\u2019on podreu veure tota la informaci\u00f3 que sigui important: inscripcions i preus d\u2019extraescolar, qui<br \/>\nsom, actes de les nostres reunions, estatuts, reglament de r\u00e8gim intern, etc.; i tamb\u00e9 ens podeu veure<br \/>\na Instagram i a Facebook on pengem informaci\u00f3 v\u00e0ria sobre activitats planificades o ja fetes.<\/p>\n<p>El fet de soci de l\u2019AFA Voltreg\u00e0 atorga uns drets i unes obligacions:<br \/>\nDrets:<br \/>\n&#8211; Optar a totes les activitats i extraescolars organitzades per l\u2019AFA Voltreg\u00e0.<br \/>\n&#8211; Optar a la Socialitzaci\u00f3 dels llibres.<br \/>\n&#8211; Estar informat de les reunions i acords que es prenguin internament i amb direcci\u00f3.<br \/>\nDeures:<br \/>\n&#8211; Estar al corrent de pagament de la quota de socis i socialitzaci\u00f3 si se\u2019n fa \u00fas.<\/p>\n<p>La quota de socis \u00e9s de 40\u20ac\/fam\u00edlia any.<br \/>\nAquests diners seran utilitzats per:<br \/>\n&#8211; Activitats i festes que facin refer\u00e8ncia a tota l\u2019escola.: festa d\u2019inici de curs, castanyada, regal per<br \/>\na cada infant per Nadal, patge, carnaval, sant jordi, festa final de curs&#8230;<br \/>\n&#8211; Manteniment de la font d\u2019aigua<br \/>\n&#8211; Manteniment i renovaci\u00f3 d\u2019instal\u00b7lacions als diversos patis de l\u2019escola<br \/>\n&#8211; Subvencionar les acollides (necess\u00e0ries per a la bona conciliaci\u00f3 familiar)<br \/>\n&#8211; Entre altres aspectes que s\u2019acordin en assemblea o que puguin anar sorgint al llarg del curs<\/p>\n<p>Per qualsevol tema podeu contactar amb:<br \/>\ninfo@afavoltrega.org \u2013 correu general<\/p>\n","protected":false},"excerpt":{"rendered":"<p>Des que es va crear l\u2019Escola Voltreg\u00e0, un grup de persones de les antigues AMPA\u2019s i nous membres<br \/>\nincorporats en l\u2019any de creaci\u00f3, es va crear l\u2019AFA Voltreg\u00e0. Ens diem AFA (Associaci\u00f3 de Fam\u00edlies<br \/>\nd\u2019alumnes) per tal d\u2019incloure a totes les fam\u00edlies, ja que ens trobem en&hellip;  <a href=\"https:\/\/agora.xtec.cat\/esc-voltrega\/serveis\/\" title=\"Read AFA\">Llegeix m\u00e9s\u00bb<\/a><\/p>\n","protected":false},"author":1,"featured_media":0,"parent":0,"menu_order":0,"comment_status":"closed","ping_status":"closed","template":"page-templates\/side-menu.php","meta":{"_bbp_topic_count":0,"_bbp_reply_count":0,"_bbp_total_topic_count":0,"_bbp_total_reply_count":0,"_bbp_voice_count":0,"_bbp_anonymous_reply_count":0,"_bbp_topic_count_hidden":0,"_bbp_reply_count_hidden":0,"_bbp_forum_subforum_count":0,"footnotes":""},"class_list":["post-66","page","type-page","status-publish","hentry"],"post_mailing_queue_ids":[],"_links":{"self":[{"href":"https:\/\/agora.xtec.cat\/esc-voltrega\/wp-json\/wp\/v2\/pages\/66","targetHints":{"allow":["GET"]}}],"collection":[{"href":"https:\/\/agora.xtec.cat\/esc-voltrega\/wp-json\/wp\/v2\/pages"}],"about":[{"href":"https:\/\/agora.xtec.cat\/esc-voltrega\/wp-json\/wp\/v2\/types\/page"}],"author":[{"embeddable":true,"href":"https:\/\/agora.xtec.cat\/esc-voltrega\/wp-json\/wp\/v2\/users\/1"}],"replies":[{"embeddable":true,"href":"https:\/\/agora.xtec.cat\/esc-voltrega\/wp-json\/wp\/v2\/comments?post=66"}],"version-history":[{"count":4,"href":"https:\/\/agora.xtec.cat\/esc-voltrega\/wp-json\/wp\/v2\/pages\/66\/revisions"}],"predecessor-version":[{"id":5318,"href":"https:\/\/agora.xtec.cat\/esc-voltrega\/wp-json\/wp\/v2\/pages\/66\/revisions\/5318"}],"wp:attachment":[{"href":"https:\/\/agora.xtec.cat\/esc-voltrega\/wp-json\/wp\/v2\/media?parent=66"}],"curies":[{"name":"wp","href":"https:\/\/api.w.org\/{rel}","templated":true}]}}