{"id":646,"date":"2017-09-13T11:23:33","date_gmt":"2017-09-13T09:23:33","guid":{"rendered":"http:\/\/agora.xtec.cat\/esc-vinyesverdes\/?page_id=646"},"modified":"2024-10-03T12:45:35","modified_gmt":"2024-10-03T10:45:35","slug":"setmana-cultural","status":"publish","type":"page","link":"https:\/\/agora.xtec.cat\/esc-vinyesverdes\/activitats\/setmana-cultural\/","title":{"rendered":"Setmana Cultural"},"content":{"rendered":"<p><img loading=\"lazy\" decoding=\"async\" class=\"wp-image-813 alignright\" src=\"http:\/\/agora.xtec.cat\/esc-vinyesverdes\/wp-content\/uploads\/usu1644\/2017\/09\/setmana-cultural-1024x454.jpg\" alt=\"\" width=\"480\" height=\"213\" srcset=\"https:\/\/agora.xtec.cat\/esc-vinyesverdes\/wp-content\/uploads\/usu1644\/2017\/09\/setmana-cultural-1024x454.jpg 1024w, https:\/\/agora.xtec.cat\/esc-vinyesverdes\/wp-content\/uploads\/usu1644\/2017\/09\/setmana-cultural-300x133.jpg 300w, https:\/\/agora.xtec.cat\/esc-vinyesverdes\/wp-content\/uploads\/usu1644\/2017\/09\/setmana-cultural-768x340.jpg 768w, https:\/\/agora.xtec.cat\/esc-vinyesverdes\/wp-content\/uploads\/usu1644\/2017\/09\/setmana-cultural.jpg 1796w\" sizes=\"auto, (max-width: 480px) 100vw, 480px\" \/><span style=\"font-family: inherit; font-size: 1em;\">A l&#8217;escola celebrem la <\/span><span style=\"color: #ff9900;\">Setmana Cultural,<strong>\u00a0<\/strong><\/span><span style=\"font-family: inherit; font-size: 1em;\">en la qual participa tota la comunitat educativa.<\/span><\/p>\n<p>Es tracta d&#8217;una setmana diferent, on els protagonistes no nom\u00e9s s\u00f3n els nens i nenes, sin\u00f3 tamb\u00e9 les fam\u00edlies i altres convidats d&#8217;entitats esportives, culturals, etc., participant i dirigint algunes activitats i tallers.<\/p>\n<p>Durant la Setmana Cultural, que acostuma a coincidir\u00a0amb la <span style=\"color: #ff0000;\">Diada de Sant Jordi,\u00a0<span style=\"color: #000000;\">aprofitem per treballar de manera l\u00fadica la Literatura i tot el que l&#8217;envolta.\u00a0<\/span><\/span><\/p>\n<p><span style=\"color: #000000;\">Tamb\u00e9 \u00e9s una setmana que aprofitem per visitar i descobrir museus, exposicions i\/o altres llocs d&#8217;inter\u00e8s cultural.<\/span><\/p>\n<p>&nbsp;<\/p>\n","protected":false},"excerpt":{"rendered":"<p>A l&#8217;escola celebrem la Setmana Cultural,\u00a0en la qual participa tota la comunitat educativa.<br \/>\nEs tracta d&#8217;una setmana diferent, on els protagonistes no nom\u00e9s s\u00f3n els nens i nenes, sin\u00f3 tamb\u00e9 les fam\u00edlies i altres convidats d&#8217;entitats esportives, culturals, etc., participant i dirigint algunes activitats i tallers.<br \/>\nDurant&hellip;  <a href=\"https:\/\/agora.xtec.cat\/esc-vinyesverdes\/activitats\/setmana-cultural\/\" title=\"Read Setmana Cultural\">Llegeix m\u00e9s\u00bb<\/a><\/p>\n","protected":false},"author":1,"featured_media":0,"parent":66,"menu_order":3,"comment_status":"closed","ping_status":"closed","template":"","meta":{"_bbp_topic_count":0,"_bbp_reply_count":0,"_bbp_total_topic_count":0,"_bbp_total_reply_count":0,"_bbp_voice_count":0,"_bbp_anonymous_reply_count":0,"_bbp_topic_count_hidden":0,"_bbp_reply_count_hidden":0,"_bbp_forum_subforum_count":0,"footnotes":""},"class_list":["post-646","page","type-page","status-publish","hentry"],"post_mailing_queue_ids":[],"_links":{"self":[{"href":"https:\/\/agora.xtec.cat\/esc-vinyesverdes\/wp-json\/wp\/v2\/pages\/646","targetHints":{"allow":["GET"]}}],"collection":[{"href":"https:\/\/agora.xtec.cat\/esc-vinyesverdes\/wp-json\/wp\/v2\/pages"}],"about":[{"href":"https:\/\/agora.xtec.cat\/esc-vinyesverdes\/wp-json\/wp\/v2\/types\/page"}],"author":[{"embeddable":true,"href":"https:\/\/agora.xtec.cat\/esc-vinyesverdes\/wp-json\/wp\/v2\/users\/1"}],"replies":[{"embeddable":true,"href":"https:\/\/agora.xtec.cat\/esc-vinyesverdes\/wp-json\/wp\/v2\/comments?post=646"}],"version-history":[{"count":5,"href":"https:\/\/agora.xtec.cat\/esc-vinyesverdes\/wp-json\/wp\/v2\/pages\/646\/revisions"}],"predecessor-version":[{"id":3859,"href":"https:\/\/agora.xtec.cat\/esc-vinyesverdes\/wp-json\/wp\/v2\/pages\/646\/revisions\/3859"}],"up":[{"embeddable":true,"href":"https:\/\/agora.xtec.cat\/esc-vinyesverdes\/wp-json\/wp\/v2\/pages\/66"}],"wp:attachment":[{"href":"https:\/\/agora.xtec.cat\/esc-vinyesverdes\/wp-json\/wp\/v2\/media?parent=646"}],"curies":[{"name":"wp","href":"https:\/\/api.w.org\/{rel}","templated":true}]}}