{"id":4644,"date":"2022-05-20T13:41:51","date_gmt":"2022-05-20T11:41:51","guid":{"rendered":"https:\/\/agora.xtec.cat\/esc-vilamalla-josepderibot\/?page_id=4644"},"modified":"2022-05-26T11:47:32","modified_gmt":"2022-05-26T09:47:32","slug":"colonies-escolars","status":"publish","type":"page","link":"https:\/\/agora.xtec.cat\/esc-vilamalla-josepderibot\/colonies-escolars\/","title":{"rendered":"COL\u00d2NIES ESCOLARS"},"content":{"rendered":"<p>A finals del mes de maig marxem de col\u00f2nies a Mieres, a <a href=\"https:\/\/www.rosadelsvents.es\/ca\/cases-de-colonies\/mas-pinsach\" target=\"_blank\" rel=\"noopener\">Mas Pinsach<\/a>!<\/p>\n<p>CM (3r i 4t) i CS (5\u00e8 i 6\u00e8): 3 dies i 2 nits; de dilluns 30 de maig a dimecres 1 de juny<\/p>\n<p>EI (P3, P4 i P5) i CI (1r i 2n): 2 dies i 1 nit; de dimarts 31 de maig a dimecres 1 de juny<\/p>\n<ul style=\"list-style-type: square;\">\n<li><a href=\"https:\/\/photos.app.goo.gl\/ioTUbie1egE1zaeg8\" target=\"_blank\" rel=\"noopener\">FOTOS DE LA CASA<\/a><\/li>\n<\/ul>\n<ul>\n<li><a href=\"https:\/\/drive.google.com\/file\/d\/1yXLmK5QzRIpQ3st-1akFrrM5TwYA4D2F\/view?usp=sharing\" target=\"_blank\" rel=\"noopener\">INFORMACI\u00d3 FAM\u00cdLIES D&#8217;EI i CI<\/a><\/li>\n<\/ul>\n<ul style=\"list-style-type: square;\">\n<li><a href=\"https:\/\/drive.google.com\/file\/d\/1Fdb-775w98Mb5w3cbFmPTfP85YnaniqO\/view?usp=sharing\" target=\"_blank\" rel=\"noopener\">INFORMACI\u00d3 FAM\u00cdLIES DE CM i CS<\/a><\/li>\n<\/ul>\n<p><em>*L&#8217;escola estar\u00e0 oberta dilluns 30 de maig pels alumnes de P3 a 2n. El dimarts 31 i el dimecres 1 de juny, l&#8217;escola romandr\u00e0 tancada perqu\u00e8 la gran majoria d&#8217;alumnes van de col\u00f2nies.<\/em><\/p>\n","protected":false},"excerpt":{"rendered":"<p>A finals del mes de maig marxem de col\u00f2nies a Mieres, a <a href=\"https:\/\/www.rosadelsvents.es\/ca\/cases-de-colonies\/mas-pinsach\" target=\"_blank\" rel=\"noopener\">Mas Pinsach<\/a>!<br \/>\nCM (3r i 4t) i CS (5\u00e8 i 6\u00e8): 3 dies i 2 nits; de dilluns 30 de maig a dimecres 1 de juny<br \/>\nEI (P3, P4 i P5) i&hellip;  <a href=\"https:\/\/agora.xtec.cat\/esc-vilamalla-josepderibot\/colonies-escolars\/\" title=\"Read COL\u00d2NIES ESCOLARS\">Llegeix m\u00e9s\u00bb<\/a><\/p>\n","protected":false},"author":3,"featured_media":0,"parent":0,"menu_order":0,"comment_status":"closed","ping_status":"closed","template":"","meta":{"_bbp_topic_count":0,"_bbp_reply_count":0,"_bbp_total_topic_count":0,"_bbp_total_reply_count":0,"_bbp_voice_count":0,"_bbp_anonymous_reply_count":0,"_bbp_topic_count_hidden":0,"_bbp_reply_count_hidden":0,"_bbp_forum_subforum_count":0,"footnotes":""},"class_list":["post-4644","page","type-page","status-publish","hentry"],"post_mailing_queue_ids":[],"_links":{"self":[{"href":"https:\/\/agora.xtec.cat\/esc-vilamalla-josepderibot\/wp-json\/wp\/v2\/pages\/4644","targetHints":{"allow":["GET"]}}],"collection":[{"href":"https:\/\/agora.xtec.cat\/esc-vilamalla-josepderibot\/wp-json\/wp\/v2\/pages"}],"about":[{"href":"https:\/\/agora.xtec.cat\/esc-vilamalla-josepderibot\/wp-json\/wp\/v2\/types\/page"}],"author":[{"embeddable":true,"href":"https:\/\/agora.xtec.cat\/esc-vilamalla-josepderibot\/wp-json\/wp\/v2\/users\/3"}],"replies":[{"embeddable":true,"href":"https:\/\/agora.xtec.cat\/esc-vilamalla-josepderibot\/wp-json\/wp\/v2\/comments?post=4644"}],"version-history":[{"count":3,"href":"https:\/\/agora.xtec.cat\/esc-vilamalla-josepderibot\/wp-json\/wp\/v2\/pages\/4644\/revisions"}],"predecessor-version":[{"id":4656,"href":"https:\/\/agora.xtec.cat\/esc-vilamalla-josepderibot\/wp-json\/wp\/v2\/pages\/4644\/revisions\/4656"}],"wp:attachment":[{"href":"https:\/\/agora.xtec.cat\/esc-vilamalla-josepderibot\/wp-json\/wp\/v2\/media?parent=4644"}],"curies":[{"name":"wp","href":"https:\/\/api.w.org\/{rel}","templated":true}]}}