{"id":22,"date":"2014-09-18T12:19:57","date_gmt":"2014-09-18T11:19:57","guid":{"rendered":"http:\/\/agora.xtec.cat\/esc-unamuno\/?page_id=22"},"modified":"2022-02-16T20:19:13","modified_gmt":"2022-02-16T19:19:13","slug":"lescola","status":"publish","type":"page","link":"https:\/\/agora.xtec.cat\/esc-unamuno\/lescola\/","title":{"rendered":"COMUNITAT EDUCATIVA"},"content":{"rendered":"<p><span style=\"font-family: helvetica, arial, sans-serif;\">Som un centre d&#8217;Educaci\u00f3 Prim\u00e0ria i Infantil de dues l\u00ednies amb codi 08032312 situat al barri del Raval, a Santa Coloma de Gramenet.\u00a0<\/span><\/p>\n<p lang=\"ca-ES\" align=\"justify\"><span style=\"font-family: helvetica, arial, sans-serif;\"><span style=\"font-size: medium;\">El nostre objectiu principal \u00e9s el d\u2019oferir una educaci\u00f3 integral que ajudi als nostres infants a esdevenir persones aut\u00f2nomes, cr\u00edtiques i compromeses, que puguin participar de forma activa en el seu entorn i en la societat en general. Aquest objectiu d\u2019educaci\u00f3 integral es concreta en diversos objectius espec\u00edfics:<\/span><\/span><\/p>\n<ul>\n<li lang=\"ca-ES\"><span style=\"font-family: helvetica, arial, sans-serif;\"><span style=\"font-size: medium;\">Potenciar i afavorir l\u2019aprenentatge significatiu i competencial, afavorint l\u2019\u00fas de les tecnologies de la informaci\u00f3 i la comunicaci\u00f3 i fomentant el treball cooperatiu.<\/span><\/span><\/li>\n<li lang=\"ca-ES\"><span style=\"font-family: helvetica, arial, sans-serif;\"><span style=\"font-size: medium;\">Treballar la cohesi\u00f3 social, els h\u00e0bits i normes que condueixin l\u2019alumne cap a la seva autonomia personal.<\/span><\/span><\/li>\n<li lang=\"ca-ES\"><span style=\"font-family: helvetica, arial, sans-serif;\"><span style=\"font-size: medium;\">Potenciar el coneixement i el respecte de l&#8217;entorn m\u00e9s proper.<\/span><\/span><\/li>\n<\/ul>\n","protected":false},"excerpt":{"rendered":"<p>Som un centre d&#8217;Educaci\u00f3 Prim\u00e0ria i Infantil de dues l\u00ednies amb codi 08032312 situat al barri del Raval, a Santa Coloma de Gramenet.\u00a0 El nostre objectiu principal \u00e9s el d\u2019oferir una educaci\u00f3 integral que ajudi als nostres infants a esdevenir persones aut\u00f2nomes, cr\u00edtiques i compromeses, que puguin participar de forma activa en el seu entorn [&hellip;]<\/p>\n","protected":false},"author":1,"featured_media":0,"parent":0,"menu_order":0,"comment_status":"closed","ping_status":"closed","template":"page-templates\/side-menu.php","meta":{"_bbp_topic_count":0,"_bbp_reply_count":0,"_bbp_total_topic_count":0,"_bbp_total_reply_count":0,"_bbp_voice_count":0,"_bbp_anonymous_reply_count":0,"_bbp_topic_count_hidden":0,"_bbp_reply_count_hidden":0,"_bbp_forum_subforum_count":0,"site-sidebar-layout":"default","site-content-layout":"","ast-site-content-layout":"","site-content-style":"default","site-sidebar-style":"default","ast-global-header-display":"","ast-banner-title-visibility":"","ast-main-header-display":"","ast-hfb-above-header-display":"","ast-hfb-below-header-display":"","ast-hfb-mobile-header-display":"","site-post-title":"","ast-breadcrumbs-content":"","ast-featured-img":"","footer-sml-layout":"","theme-transparent-header-meta":"","adv-header-id-meta":"","stick-header-meta":"","header-above-stick-meta":"","header-main-stick-meta":"","header-below-stick-meta":"","astra-migrate-meta-layouts":"default","ast-page-background-enabled":"default","ast-page-background-meta":{"desktop":{"background-color":"var(--ast-global-color-4)","background-image":"","background-repeat":"repeat","background-position":"center center","background-size":"auto","background-attachment":"scroll","background-type":"","background-media":"","overlay-type":"","overlay-color":"","overlay-opacity":"","overlay-gradient":""},"tablet":{"background-color":"","background-image":"","background-repeat":"repeat","background-position":"center center","background-size":"auto","background-attachment":"scroll","background-type":"","background-media":"","overlay-type":"","overlay-color":"","overlay-opacity":"","overlay-gradient":""},"mobile":{"background-color":"","background-image":"","background-repeat":"repeat","background-position":"center center","background-size":"auto","background-attachment":"scroll","background-type":"","background-media":"","overlay-type":"","overlay-color":"","overlay-opacity":"","overlay-gradient":""}},"ast-content-background-meta":{"desktop":{"background-color":"var(--ast-global-color-5)","background-image":"","background-repeat":"repeat","background-position":"center center","background-size":"auto","background-attachment":"scroll","background-type":"","background-media":"","overlay-type":"","overlay-color":"","overlay-opacity":"","overlay-gradient":""},"tablet":{"background-color":"var(--ast-global-color-5)","background-image":"","background-repeat":"repeat","background-position":"center center","background-size":"auto","background-attachment":"scroll","background-type":"","background-media":"","overlay-type":"","overlay-color":"","overlay-opacity":"","overlay-gradient":""},"mobile":{"background-color":"var(--ast-global-color-5)","background-image":"","background-repeat":"repeat","background-position":"center center","background-size":"auto","background-attachment":"scroll","background-type":"","background-media":"","overlay-type":"","overlay-color":"","overlay-opacity":"","overlay-gradient":""}},"footnotes":""},"class_list":["post-22","page","type-page","status-publish","hentry"],"post_mailing_queue_ids":[],"_links":{"self":[{"href":"https:\/\/agora.xtec.cat\/esc-unamuno\/wp-json\/wp\/v2\/pages\/22","targetHints":{"allow":["GET"]}}],"collection":[{"href":"https:\/\/agora.xtec.cat\/esc-unamuno\/wp-json\/wp\/v2\/pages"}],"about":[{"href":"https:\/\/agora.xtec.cat\/esc-unamuno\/wp-json\/wp\/v2\/types\/page"}],"author":[{"embeddable":true,"href":"https:\/\/agora.xtec.cat\/esc-unamuno\/wp-json\/wp\/v2\/users\/1"}],"replies":[{"embeddable":true,"href":"https:\/\/agora.xtec.cat\/esc-unamuno\/wp-json\/wp\/v2\/comments?post=22"}],"version-history":[{"count":3,"href":"https:\/\/agora.xtec.cat\/esc-unamuno\/wp-json\/wp\/v2\/pages\/22\/revisions"}],"predecessor-version":[{"id":2170,"href":"https:\/\/agora.xtec.cat\/esc-unamuno\/wp-json\/wp\/v2\/pages\/22\/revisions\/2170"}],"wp:attachment":[{"href":"https:\/\/agora.xtec.cat\/esc-unamuno\/wp-json\/wp\/v2\/media?parent=22"}],"curies":[{"name":"wp","href":"https:\/\/api.w.org\/{rel}","templated":true}]}}

<p><span style="font-family: helvetica, arial, sans-serif;">Som un centre d&#8217;Educació Primària i Infantil de dues línies amb codi 08032312 situat al barri del Raval, a Santa Coloma de Gramenet. </span></p>
<p lang="ca-ES" align="justify"><span style="font-family: helvetica, arial, sans-serif;"><span style="font-size: medium;">El nostre objectiu principal és el d’oferir una educació integral que ajudi als nostres infants a esdevenir persones autònomes, crítiques i compromeses, que puguin participar de forma activa en el seu entorn i en la societat en general. Aquest objectiu d’educació integral es concreta en diversos objectius específics:</span></span></p>
<ul>
<li lang="ca-ES"><span style="font-family: helvetica, arial, sans-serif;"><span style="font-size: medium;">Potenciar i afavorir l’aprenentatge significatiu i competencial, afavorint l’ús de les tecnologies de la informació i la comunicació i fomentant el treball cooperatiu.</span></span></li>
<li lang="ca-ES"><span style="font-family: helvetica, arial, sans-serif;"><span style="font-size: medium;">Treballar la cohesió social, els hàbits i normes que condueixin l’alumne cap a la seva autonomia personal.</span></span></li>
<li lang="ca-ES"><span style="font-family: helvetica, arial, sans-serif;"><span style="font-size: medium;">Potenciar el coneixement i el respecte de l&#8217;entorn més proper.</span></span></li>
</ul>

<p>Som un centre d&#8217;Educació Primària i Infantil de dues línies amb codi 08032312 situat al barri del Raval, a Santa Coloma de Gramenet.  El nostre objectiu principal és el d’oferir una educació integral que ajudi als nostres infants a esdevenir persones autònomes, crítiques i compromeses, que puguin participar de forma activa en el seu entorn [&hellip;]</p>
