{"id":8431,"date":"2023-09-20T13:16:31","date_gmt":"2023-09-20T11:16:31","guid":{"rendered":"https:\/\/agora.xtec.cat\/esc-torreguitart\/?page_id=8431"},"modified":"2025-09-16T10:32:29","modified_gmt":"2025-09-16T08:32:29","slug":"gep","status":"publish","type":"page","link":"https:\/\/agora.xtec.cat\/esc-torreguitart\/projectes\/gep\/","title":{"rendered":"GEP"},"content":{"rendered":"<p>L\u2019escola, a trav\u00e9s del Departament d\u2019Educaci\u00f3, ha estat immersa en un programa de promoci\u00f3 de la llengua anglesa en les \u00e0rees curriculars. Els projectes d\u2019innovaci\u00f3 pedag\u00f2gica Generaci\u00f3 Pluriling\u00fce (GEP), tenen com a finalitat millorar la compet\u00e8ncia en lleng\u00fces estrangeres de l\u2019alumnat, afavorint el seu creixement acad\u00e8mic i posterior inserci\u00f3 laboral, i capacitant-lo per interactuar amb el m\u00f3n en diverses lleng\u00fces i de manera cr\u00edtica.<\/p>\n<p>Les accions del programa GEP es van orientar, d\u2019una banda, a incrementar el temps d\u2019exposici\u00f3 de l\u2019alumnat a les lleng\u00fces estrangeres curriculars i, d\u2019una altra, a acompanyar els centres educatius en el proc\u00e9s de desplegament i consolidaci\u00f3 d\u2019un projecte ling\u00fc\u00edstic pluriling\u00fce propi.<\/p>\n<p>La durada del programa va ser de tres cursos escolars. Durant aquest temps, els mestres d\u2019angl\u00e8s i educaci\u00f3 f\u00edsica de l\u2019escola van rebre formaci\u00f3 sobre enfocaments CLIL (aprenentatge integrat de contingut i llengua estrangera en angl\u00e8s). L\u2019Equip Directiu, al seu torn, tamb\u00e9 va rebre orientacions per a la implementaci\u00f3 del programa en el centre, el disseny d\u2019un pla d\u2019acci\u00f3 i l\u2019elaboraci\u00f3 d\u2019una mem\u00f2ria final.<\/p>\n<p>Actualment, el centre continua participant dins els projectes d&#8217;innovaci\u00f3 relacionats amb la llengua anglesa: Xarxes GEP i enguany &#8220;etwinning virtual&#8221; amb un centre de la Comunitat Europea.<\/p>\n<p><strong>Podeu trobar m\u00e9s informaci\u00f3 en aquesta p\u00e0gina web del Departament:<\/strong><\/p>\n<p>https:\/\/xtec.gencat.cat\/ca\/projectes\/plurilinguisme\/programes\/institucionals\/gep\/<\/p>\n<p><strong>En els seg\u00fcents enlla\u00e7os podeu veure tasques dutes a terme a l\u2019escola en els documents que s\u2019han presentat com a resultat de la formaci\u00f3:\u00a0<\/strong><\/p>\n<p>https:\/\/drive.google.com\/file\/d\/1ztkrg1Y5Fxr_StiC1BUCO2lAbvRyoVIc\/view?usp=sharing https:\/\/sites.google.com\/xtec.cat\/sabadell-tourist-guide?usp=sharing<\/p>\n","protected":false},"excerpt":{"rendered":"<p>L\u2019escola, a trav\u00e9s del Departament d\u2019Educaci\u00f3, ha estat immersa en un programa de promoci\u00f3 de la llengua anglesa en les \u00e0rees curriculars. Els projectes d\u2019innovaci\u00f3 pedag\u00f2gica Generaci\u00f3 Pluriling\u00fce (GEP), tenen com a finalitat millorar la compet\u00e8ncia en lleng\u00fces estrangeres de l\u2019alumnat, afavorint el seu creixement&hellip;  <a href=\"https:\/\/agora.xtec.cat\/esc-torreguitart\/projectes\/gep\/\" title=\"Read GEP\">Llegeix m\u00e9s\u00bb<\/a><\/p>\n","protected":false},"author":52,"featured_media":0,"parent":2720,"menu_order":0,"comment_status":"closed","ping_status":"closed","template":"page-templates\/side-menu.php","meta":{"_bbp_topic_count":0,"_bbp_reply_count":0,"_bbp_total_topic_count":0,"_bbp_total_reply_count":0,"_bbp_voice_count":0,"_bbp_anonymous_reply_count":0,"_bbp_topic_count_hidden":0,"_bbp_reply_count_hidden":0,"_bbp_forum_subforum_count":0,"footnotes":""},"class_list":["post-8431","page","type-page","status-publish","hentry"],"post_mailing_queue_ids":[],"_links":{"self":[{"href":"https:\/\/agora.xtec.cat\/esc-torreguitart\/wp-json\/wp\/v2\/pages\/8431","targetHints":{"allow":["GET"]}}],"collection":[{"href":"https:\/\/agora.xtec.cat\/esc-torreguitart\/wp-json\/wp\/v2\/pages"}],"about":[{"href":"https:\/\/agora.xtec.cat\/esc-torreguitart\/wp-json\/wp\/v2\/types\/page"}],"author":[{"embeddable":true,"href":"https:\/\/agora.xtec.cat\/esc-torreguitart\/wp-json\/wp\/v2\/users\/52"}],"replies":[{"embeddable":true,"href":"https:\/\/agora.xtec.cat\/esc-torreguitart\/wp-json\/wp\/v2\/comments?post=8431"}],"version-history":[{"count":3,"href":"https:\/\/agora.xtec.cat\/esc-torreguitart\/wp-json\/wp\/v2\/pages\/8431\/revisions"}],"predecessor-version":[{"id":12034,"href":"https:\/\/agora.xtec.cat\/esc-torreguitart\/wp-json\/wp\/v2\/pages\/8431\/revisions\/12034"}],"up":[{"embeddable":true,"href":"https:\/\/agora.xtec.cat\/esc-torreguitart\/wp-json\/wp\/v2\/pages\/2720"}],"wp:attachment":[{"href":"https:\/\/agora.xtec.cat\/esc-torreguitart\/wp-json\/wp\/v2\/media?parent=8431"}],"curies":[{"name":"wp","href":"https:\/\/api.w.org\/{rel}","templated":true}]}}