{"id":2728,"date":"2021-02-07T11:45:32","date_gmt":"2021-02-07T10:45:32","guid":{"rendered":"http:\/\/agora.xtec.cat\/esc-torreguitart\/?page_id=2728"},"modified":"2023-08-30T20:28:21","modified_gmt":"2023-08-30T18:28:21","slug":"centre-formador","status":"publish","type":"page","link":"https:\/\/agora.xtec.cat\/esc-torreguitart\/projectes\/centre-formador\/","title":{"rendered":"Centre Formador"},"content":{"rendered":"<p>El Departament d\u2019Ensenyament considera fonamental que els futurs mestres i professors facin les pr\u00e0ctiques en centres educatius sostinguts amb fons p\u00fablics, per tal que puguin assolir les compet\u00e8ncies necess\u00e0ries per exercir una doc\u00e8ncia de qualitat. L\u2019organitzaci\u00f3 de les pr\u00e0ctiques en centres formadors ha de permetre la simultane\u00eftat entre la teoria i la pr\u00e0ctica, i ha de facilitar l\u2019acompanyament professional des de la universitat i des del centre educatiu.<\/p>\n<p>La nostra escola \u00e9s centre formador i rebem estudiants en pr\u00e0ctiques de la Facultat d\u2019Educaci\u00f3 de la Universitat Aut\u00f2noma de Barcelona (UAB), Universitat de Barcelona (UB) i la Universitat Internacional de la Rioja (UNIR).<\/p>\n<p>Tanmateix, alumnes de CFGM d&#8217;inform\u00e0tica i Aplicacions webb de l&#8217;institut de Badia del Vall\u00e8s.<\/p>\n","protected":false},"excerpt":{"rendered":"<p>El Departament d\u2019Ensenyament considera fonamental que els futurs mestres i professors facin les pr\u00e0ctiques en centres educatius sostinguts amb fons p\u00fablics, per tal que puguin assolir les compet\u00e8ncies necess\u00e0ries per exercir una doc\u00e8ncia de qualitat. L\u2019organitzaci\u00f3 de les pr\u00e0ctiques en centres formadors ha de permetre&hellip;  <a href=\"https:\/\/agora.xtec.cat\/esc-torreguitart\/projectes\/centre-formador\/\" title=\"Read Centre Formador\">Llegeix m\u00e9s\u00bb<\/a><\/p>\n","protected":false},"author":23,"featured_media":0,"parent":2720,"menu_order":30,"comment_status":"closed","ping_status":"closed","template":"page-templates\/side-menu.php","meta":{"_bbp_topic_count":0,"_bbp_reply_count":0,"_bbp_total_topic_count":0,"_bbp_total_reply_count":0,"_bbp_voice_count":0,"_bbp_anonymous_reply_count":0,"_bbp_topic_count_hidden":0,"_bbp_reply_count_hidden":0,"_bbp_forum_subforum_count":0,"footnotes":""},"class_list":["post-2728","page","type-page","status-publish","hentry"],"post_mailing_queue_ids":[],"_links":{"self":[{"href":"https:\/\/agora.xtec.cat\/esc-torreguitart\/wp-json\/wp\/v2\/pages\/2728","targetHints":{"allow":["GET"]}}],"collection":[{"href":"https:\/\/agora.xtec.cat\/esc-torreguitart\/wp-json\/wp\/v2\/pages"}],"about":[{"href":"https:\/\/agora.xtec.cat\/esc-torreguitart\/wp-json\/wp\/v2\/types\/page"}],"author":[{"embeddable":true,"href":"https:\/\/agora.xtec.cat\/esc-torreguitart\/wp-json\/wp\/v2\/users\/23"}],"replies":[{"embeddable":true,"href":"https:\/\/agora.xtec.cat\/esc-torreguitart\/wp-json\/wp\/v2\/comments?post=2728"}],"version-history":[{"count":3,"href":"https:\/\/agora.xtec.cat\/esc-torreguitart\/wp-json\/wp\/v2\/pages\/2728\/revisions"}],"predecessor-version":[{"id":8384,"href":"https:\/\/agora.xtec.cat\/esc-torreguitart\/wp-json\/wp\/v2\/pages\/2728\/revisions\/8384"}],"up":[{"embeddable":true,"href":"https:\/\/agora.xtec.cat\/esc-torreguitart\/wp-json\/wp\/v2\/pages\/2720"}],"wp:attachment":[{"href":"https:\/\/agora.xtec.cat\/esc-torreguitart\/wp-json\/wp\/v2\/media?parent=2728"}],"curies":[{"name":"wp","href":"https:\/\/api.w.org\/{rel}","templated":true}]}}