{"id":2703,"date":"2021-02-07T11:39:59","date_gmt":"2021-02-07T10:39:59","guid":{"rendered":"http:\/\/agora.xtec.cat\/esc-torreguitart\/?page_id=2703"},"modified":"2023-09-02T12:39:14","modified_gmt":"2023-09-02T10:39:14","slug":"festes","status":"publish","type":"page","link":"https:\/\/agora.xtec.cat\/esc-torreguitart\/que-fem\/festes\/","title":{"rendered":"Festes"},"content":{"rendered":"<p>En el centre docent es d\u00f3na molta import\u00e0ncia a les festes tradicionals.<\/p>\n<p>Destaca la \u00a0celebraci\u00f3 de la <strong>Castanyada<\/strong>, <strong>el Nadal<\/strong> (amb el concert\u00a0 per part de l&#8217;alumnat de l\u2019escola),<strong> el Carnaval<\/strong> (oberta a les fam\u00edlies), <strong>Jornades de portes obertes<\/strong> i <strong>Festa de fi de curs<\/strong> (on s\u2019acomiada als alumnes de 6\u00e8 i inclou la participaci\u00f3 i pres\u00e8ncia de les fam\u00edlies).<\/p>\n<p>La festa de Santa Cec\u00edlia en honor a la patrona de la m\u00fasica, t\u00e9 molta rellev\u00e0ncia en el centre. L&#8217;alumnat de l&#8217;escola\u00a0 canta, balla, toca diferents instruments&#8230;<\/p>\n<p>&nbsp;<\/p>\n<p><a href=\"https:\/\/agora.xtec.cat\/esc-torreguitart\/wp-content\/uploads\/usu1814\/2021\/02\/1613747945207.jpg\"><img loading=\"lazy\" decoding=\"async\" class=\"alignnone wp-image-2951\" src=\"https:\/\/agora.xtec.cat\/esc-torreguitart\/wp-content\/uploads\/usu1814\/2021\/02\/1613747945207-1024x768.jpg\" alt=\"\" width=\"353\" height=\"265\" srcset=\"https:\/\/agora.xtec.cat\/esc-torreguitart\/wp-content\/uploads\/usu1814\/2021\/02\/1613747945207-1024x768.jpg 1024w, https:\/\/agora.xtec.cat\/esc-torreguitart\/wp-content\/uploads\/usu1814\/2021\/02\/1613747945207-300x225.jpg 300w, https:\/\/agora.xtec.cat\/esc-torreguitart\/wp-content\/uploads\/usu1814\/2021\/02\/1613747945207-768x576.jpg 768w, https:\/\/agora.xtec.cat\/esc-torreguitart\/wp-content\/uploads\/usu1814\/2021\/02\/1613747945207-200x150.jpg 200w, https:\/\/agora.xtec.cat\/esc-torreguitart\/wp-content\/uploads\/usu1814\/2021\/02\/1613747945207.jpg 2000w\" sizes=\"auto, (max-width: 353px) 100vw, 353px\" \/><\/a><a href=\"https:\/\/agora.xtec.cat\/esc-torreguitart\/wp-content\/uploads\/usu1814\/2021\/02\/1613841184013.jpg\"><img loading=\"lazy\" decoding=\"async\" class=\"alignnone wp-image-2970\" src=\"https:\/\/agora.xtec.cat\/esc-torreguitart\/wp-content\/uploads\/usu1814\/2021\/02\/1613841184013-768x1024.jpg\" alt=\"\" width=\"252\" height=\"336\" srcset=\"https:\/\/agora.xtec.cat\/esc-torreguitart\/wp-content\/uploads\/usu1814\/2021\/02\/1613841184013-768x1024.jpg 768w, https:\/\/agora.xtec.cat\/esc-torreguitart\/wp-content\/uploads\/usu1814\/2021\/02\/1613841184013-225x300.jpg 225w, https:\/\/agora.xtec.cat\/esc-torreguitart\/wp-content\/uploads\/usu1814\/2021\/02\/1613841184013.jpg 1200w\" sizes=\"auto, (max-width: 252px) 100vw, 252px\" \/><\/a><img loading=\"lazy\" decoding=\"async\" class=\"alignnone wp-image-2971\" src=\"https:\/\/agora.xtec.cat\/esc-torreguitart\/wp-content\/uploads\/usu1814\/2021\/02\/1613841184018-1024x768.jpg\" alt=\"\" width=\"371\" height=\"279\" srcset=\"https:\/\/agora.xtec.cat\/esc-torreguitart\/wp-content\/uploads\/usu1814\/2021\/02\/1613841184018-1024x768.jpg 1024w, https:\/\/agora.xtec.cat\/esc-torreguitart\/wp-content\/uploads\/usu1814\/2021\/02\/1613841184018-300x225.jpg 300w, https:\/\/agora.xtec.cat\/esc-torreguitart\/wp-content\/uploads\/usu1814\/2021\/02\/1613841184018-768x576.jpg 768w, https:\/\/agora.xtec.cat\/esc-torreguitart\/wp-content\/uploads\/usu1814\/2021\/02\/1613841184018-200x150.jpg 200w, https:\/\/agora.xtec.cat\/esc-torreguitart\/wp-content\/uploads\/usu1814\/2021\/02\/1613841184018.jpg 1600w\" sizes=\"auto, (max-width: 371px) 100vw, 371px\" \/><a href=\"https:\/\/agora.xtec.cat\/esc-torreguitart\/wp-content\/uploads\/usu1814\/2021\/02\/1613841184035.jpg\"><img loading=\"lazy\" decoding=\"async\" class=\"alignnone wp-image-2972\" src=\"https:\/\/agora.xtec.cat\/esc-torreguitart\/wp-content\/uploads\/usu1814\/2021\/02\/1613841184035-768x1024.jpg\" alt=\"\" width=\"236\" height=\"315\" srcset=\"https:\/\/agora.xtec.cat\/esc-torreguitart\/wp-content\/uploads\/usu1814\/2021\/02\/1613841184035-768x1024.jpg 768w, https:\/\/agora.xtec.cat\/esc-torreguitart\/wp-content\/uploads\/usu1814\/2021\/02\/1613841184035-225x300.jpg 225w, https:\/\/agora.xtec.cat\/esc-torreguitart\/wp-content\/uploads\/usu1814\/2021\/02\/1613841184035.jpg 1200w\" sizes=\"auto, (max-width: 236px) 100vw, 236px\" \/><\/a><a href=\"https:\/\/agora.xtec.cat\/esc-torreguitart\/wp-content\/uploads\/usu1814\/2021\/02\/1613747945202.jpg\"><img loading=\"lazy\" decoding=\"async\" class=\"wp-image-2950 alignleft\" src=\"https:\/\/agora.xtec.cat\/esc-torreguitart\/wp-content\/uploads\/usu1814\/2021\/02\/1613747945202-1024x768.jpg\" alt=\"\" width=\"325\" height=\"244\" srcset=\"https:\/\/agora.xtec.cat\/esc-torreguitart\/wp-content\/uploads\/usu1814\/2021\/02\/1613747945202-1024x768.jpg 1024w, https:\/\/agora.xtec.cat\/esc-torreguitart\/wp-content\/uploads\/usu1814\/2021\/02\/1613747945202-300x225.jpg 300w, https:\/\/agora.xtec.cat\/esc-torreguitart\/wp-content\/uploads\/usu1814\/2021\/02\/1613747945202-768x576.jpg 768w, https:\/\/agora.xtec.cat\/esc-torreguitart\/wp-content\/uploads\/usu1814\/2021\/02\/1613747945202-200x150.jpg 200w, https:\/\/agora.xtec.cat\/esc-torreguitart\/wp-content\/uploads\/usu1814\/2021\/02\/1613747945202.jpg 1600w\" sizes=\"auto, (max-width: 325px) 100vw, 325px\" \/><\/a><a href=\"https:\/\/agora.xtec.cat\/esc-torreguitart\/wp-content\/uploads\/usu1814\/2021\/02\/1613841184040.jpg\"><img loading=\"lazy\" decoding=\"async\" class=\"alignnone wp-image-2976\" src=\"https:\/\/agora.xtec.cat\/esc-torreguitart\/wp-content\/uploads\/usu1814\/2021\/02\/1613841184040-768x1024.jpg\" alt=\"\" width=\"236\" height=\"315\" srcset=\"https:\/\/agora.xtec.cat\/esc-torreguitart\/wp-content\/uploads\/usu1814\/2021\/02\/1613841184040-768x1024.jpg 768w, https:\/\/agora.xtec.cat\/esc-torreguitart\/wp-content\/uploads\/usu1814\/2021\/02\/1613841184040-225x300.jpg 225w, https:\/\/agora.xtec.cat\/esc-torreguitart\/wp-content\/uploads\/usu1814\/2021\/02\/1613841184040.jpg 1200w\" sizes=\"auto, (max-width: 236px) 100vw, 236px\" \/><\/a><a href=\"https:\/\/agora.xtec.cat\/esc-torreguitart\/wp-content\/uploads\/usu1814\/2021\/02\/1613747945202.jpg\"><img loading=\"lazy\" decoding=\"async\" class=\"wp-image-2901 alignright\" src=\"https:\/\/agora.xtec.cat\/esc-torreguitart\/wp-content\/uploads\/usu1814\/2021\/02\/WhatsApp-Image-2021-02-14-at-11.30.17-1024x768.jpeg\" alt=\"\" width=\"356\" height=\"266\" srcset=\"https:\/\/agora.xtec.cat\/esc-torreguitart\/wp-content\/uploads\/usu1814\/2021\/02\/WhatsApp-Image-2021-02-14-at-11.30.17-1024x768.jpeg 1024w, https:\/\/agora.xtec.cat\/esc-torreguitart\/wp-content\/uploads\/usu1814\/2021\/02\/WhatsApp-Image-2021-02-14-at-11.30.17-300x225.jpeg 300w, https:\/\/agora.xtec.cat\/esc-torreguitart\/wp-content\/uploads\/usu1814\/2021\/02\/WhatsApp-Image-2021-02-14-at-11.30.17-768x576.jpeg 768w, https:\/\/agora.xtec.cat\/esc-torreguitart\/wp-content\/uploads\/usu1814\/2021\/02\/WhatsApp-Image-2021-02-14-at-11.30.17-200x150.jpeg 200w, https:\/\/agora.xtec.cat\/esc-torreguitart\/wp-content\/uploads\/usu1814\/2021\/02\/WhatsApp-Image-2021-02-14-at-11.30.17.jpeg 1600w\" sizes=\"auto, (max-width: 356px) 100vw, 356px\" \/><\/a><a href=\"https:\/\/agora.xtec.cat\/esc-torreguitart\/wp-content\/uploads\/usu1814\/2021\/02\/1613841184009.jpg\"><img loading=\"lazy\" decoding=\"async\" class=\"alignnone wp-image-2969\" src=\"https:\/\/agora.xtec.cat\/esc-torreguitart\/wp-content\/uploads\/usu1814\/2021\/02\/1613841184009-1024x768.jpg\" alt=\"\" width=\"372\" height=\"278\" srcset=\"https:\/\/agora.xtec.cat\/esc-torreguitart\/wp-content\/uploads\/usu1814\/2021\/02\/1613841184009-1024x768.jpg 1024w, https:\/\/agora.xtec.cat\/esc-torreguitart\/wp-content\/uploads\/usu1814\/2021\/02\/1613841184009-300x225.jpg 300w, https:\/\/agora.xtec.cat\/esc-torreguitart\/wp-content\/uploads\/usu1814\/2021\/02\/1613841184009-768x576.jpg 768w, https:\/\/agora.xtec.cat\/esc-torreguitart\/wp-content\/uploads\/usu1814\/2021\/02\/1613841184009-200x150.jpg 200w, https:\/\/agora.xtec.cat\/esc-torreguitart\/wp-content\/uploads\/usu1814\/2021\/02\/1613841184009.jpg 2048w\" sizes=\"auto, (max-width: 372px) 100vw, 372px\" \/><\/a> <a href=\"https:\/\/agora.xtec.cat\/esc-torreguitart\/wp-content\/uploads\/usu1814\/2021\/02\/1613841184037.jpg\"><img loading=\"lazy\" decoding=\"async\" class=\"alignnone wp-image-2973\" src=\"https:\/\/agora.xtec.cat\/esc-torreguitart\/wp-content\/uploads\/usu1814\/2021\/02\/1613841184037-1024x768.jpg\" alt=\"\" width=\"399\" height=\"300\" srcset=\"https:\/\/agora.xtec.cat\/esc-torreguitart\/wp-content\/uploads\/usu1814\/2021\/02\/1613841184037-1024x768.jpg 1024w, https:\/\/agora.xtec.cat\/esc-torreguitart\/wp-content\/uploads\/usu1814\/2021\/02\/1613841184037-300x225.jpg 300w, https:\/\/agora.xtec.cat\/esc-torreguitart\/wp-content\/uploads\/usu1814\/2021\/02\/1613841184037-768x576.jpg 768w, https:\/\/agora.xtec.cat\/esc-torreguitart\/wp-content\/uploads\/usu1814\/2021\/02\/1613841184037-200x150.jpg 200w, https:\/\/agora.xtec.cat\/esc-torreguitart\/wp-content\/uploads\/usu1814\/2021\/02\/1613841184037.jpg 1600w\" sizes=\"auto, (max-width: 399px) 100vw, 399px\" \/><\/a><\/p>\n","protected":false},"excerpt":{"rendered":"<p>En el centre docent es d\u00f3na molta import\u00e0ncia a les festes tradicionals.<br \/>\nDestaca la \u00a0celebraci\u00f3 de la Castanyada, el Nadal (amb el concert\u00a0 per part de l&#8217;alumnat de l\u2019escola), el Carnaval (oberta a les fam\u00edlies), Jornades de portes obertes i Festa de fi de curs (on&hellip;  <a href=\"https:\/\/agora.xtec.cat\/esc-torreguitart\/que-fem\/festes\/\" title=\"Read Festes\">Llegeix m\u00e9s\u00bb<\/a><\/p>\n","protected":false},"author":23,"featured_media":0,"parent":2673,"menu_order":120,"comment_status":"closed","ping_status":"closed","template":"page-templates\/side-menu.php","meta":{"_bbp_topic_count":0,"_bbp_reply_count":0,"_bbp_total_topic_count":0,"_bbp_total_reply_count":0,"_bbp_voice_count":0,"_bbp_anonymous_reply_count":0,"_bbp_topic_count_hidden":0,"_bbp_reply_count_hidden":0,"_bbp_forum_subforum_count":0,"footnotes":""},"class_list":["post-2703","page","type-page","status-publish","hentry"],"post_mailing_queue_ids":[],"_links":{"self":[{"href":"https:\/\/agora.xtec.cat\/esc-torreguitart\/wp-json\/wp\/v2\/pages\/2703","targetHints":{"allow":["GET"]}}],"collection":[{"href":"https:\/\/agora.xtec.cat\/esc-torreguitart\/wp-json\/wp\/v2\/pages"}],"about":[{"href":"https:\/\/agora.xtec.cat\/esc-torreguitart\/wp-json\/wp\/v2\/types\/page"}],"author":[{"embeddable":true,"href":"https:\/\/agora.xtec.cat\/esc-torreguitart\/wp-json\/wp\/v2\/users\/23"}],"replies":[{"embeddable":true,"href":"https:\/\/agora.xtec.cat\/esc-torreguitart\/wp-json\/wp\/v2\/comments?post=2703"}],"version-history":[{"count":4,"href":"https:\/\/agora.xtec.cat\/esc-torreguitart\/wp-json\/wp\/v2\/pages\/2703\/revisions"}],"predecessor-version":[{"id":8391,"href":"https:\/\/agora.xtec.cat\/esc-torreguitart\/wp-json\/wp\/v2\/pages\/2703\/revisions\/8391"}],"up":[{"embeddable":true,"href":"https:\/\/agora.xtec.cat\/esc-torreguitart\/wp-json\/wp\/v2\/pages\/2673"}],"wp:attachment":[{"href":"https:\/\/agora.xtec.cat\/esc-torreguitart\/wp-json\/wp\/v2\/media?parent=2703"}],"curies":[{"name":"wp","href":"https:\/\/api.w.org\/{rel}","templated":true}]}}