{"id":2697,"date":"2021-02-07T11:38:36","date_gmt":"2021-02-07T10:38:36","guid":{"rendered":"http:\/\/agora.xtec.cat\/esc-torreguitart\/?page_id=2697"},"modified":"2023-09-02T12:34:17","modified_gmt":"2023-09-02T10:34:17","slug":"lectogrup","status":"publish","type":"page","link":"https:\/\/agora.xtec.cat\/esc-torreguitart\/que-fem\/lectogrup\/","title":{"rendered":"Lectogrup"},"content":{"rendered":"<p>Quaderns complementaris de Llengua que forma part de la col\u00b7lecci\u00f3 LECTOGRUP, pensada per a treballar la rapidesa, la comprensi\u00f3 i l&#8217;efic\u00e0cia lectora amb l&#8217;objectiu de formar lectors competents. Tamb\u00e9 per efectuar gimn\u00e0stica ocular.<\/p>\n<p>&nbsp;<\/p>\n<p><img loading=\"lazy\" decoding=\"async\" class=\"\" src=\"https:\/\/www.abacus.coop\/dw\/image\/v2\/BDLM_PRD\/on\/demandware.static\/-\/Sites-AbacusMaster\/default\/dw11f8ce9d\/images\/large\/0950172.99.jpg?sw=420\" alt=\"Resultado de imagen de fotos lectogrup\" width=\"220\" height=\"293\" \/><img loading=\"lazy\" decoding=\"async\" class=\"alignnone\" src=\"https:\/\/www.abacus.coop\/dw\/image\/v2\/BDLM_PRD\/on\/demandware.static\/-\/Sites-AbacusMaster\/default\/dw2cdf262a\/images\/large\/0950171.47.jpg?sw=420\" alt=\"Resultado de imagen de fotos lectogrup\" width=\"220\" height=\"293\" \/><\/p>\n","protected":false},"excerpt":{"rendered":"<p>Quaderns complementaris de Llengua que forma part de la col\u00b7lecci\u00f3 LECTOGRUP, pensada per a treballar la rapidesa, la comprensi\u00f3 i l&#8217;efic\u00e0cia lectora amb l&#8217;objectiu de formar lectors competents. Tamb\u00e9 per efectuar gimn\u00e0stica ocular.<br \/>\n&nbsp;<\/p>\n","protected":false},"author":23,"featured_media":0,"parent":2673,"menu_order":110,"comment_status":"closed","ping_status":"closed","template":"page-templates\/side-menu.php","meta":{"_bbp_topic_count":0,"_bbp_reply_count":0,"_bbp_total_topic_count":0,"_bbp_total_reply_count":0,"_bbp_voice_count":0,"_bbp_anonymous_reply_count":0,"_bbp_topic_count_hidden":0,"_bbp_reply_count_hidden":0,"_bbp_forum_subforum_count":0,"footnotes":""},"class_list":["post-2697","page","type-page","status-publish","hentry"],"post_mailing_queue_ids":[],"_links":{"self":[{"href":"https:\/\/agora.xtec.cat\/esc-torreguitart\/wp-json\/wp\/v2\/pages\/2697","targetHints":{"allow":["GET"]}}],"collection":[{"href":"https:\/\/agora.xtec.cat\/esc-torreguitart\/wp-json\/wp\/v2\/pages"}],"about":[{"href":"https:\/\/agora.xtec.cat\/esc-torreguitart\/wp-json\/wp\/v2\/types\/page"}],"author":[{"embeddable":true,"href":"https:\/\/agora.xtec.cat\/esc-torreguitart\/wp-json\/wp\/v2\/users\/23"}],"replies":[{"embeddable":true,"href":"https:\/\/agora.xtec.cat\/esc-torreguitart\/wp-json\/wp\/v2\/comments?post=2697"}],"version-history":[{"count":3,"href":"https:\/\/agora.xtec.cat\/esc-torreguitart\/wp-json\/wp\/v2\/pages\/2697\/revisions"}],"predecessor-version":[{"id":8390,"href":"https:\/\/agora.xtec.cat\/esc-torreguitart\/wp-json\/wp\/v2\/pages\/2697\/revisions\/8390"}],"up":[{"embeddable":true,"href":"https:\/\/agora.xtec.cat\/esc-torreguitart\/wp-json\/wp\/v2\/pages\/2673"}],"wp:attachment":[{"href":"https:\/\/agora.xtec.cat\/esc-torreguitart\/wp-json\/wp\/v2\/media?parent=2697"}],"curies":[{"name":"wp","href":"https:\/\/api.w.org\/{rel}","templated":true}]}}