{"id":2681,"date":"2021-02-07T11:33:07","date_gmt":"2021-02-07T10:33:07","guid":{"rendered":"http:\/\/agora.xtec.cat\/esc-torreguitart\/?page_id=2681"},"modified":"2021-09-12T10:33:38","modified_gmt":"2021-09-12T08:33:38","slug":"capses-daprenentatge","status":"publish","type":"page","link":"https:\/\/agora.xtec.cat\/esc-torreguitart\/que-fem\/capses-daprenentatge\/","title":{"rendered":"Capses d&#8217;Aprenentatge"},"content":{"rendered":"<p>\u00c9s una proposta que parteix d\u2019una provocaci\u00f3 que permet a tots els membres de la comunitat educativa \u00a0aprendre d\u2019una manera diferent, innovadora, m\u00e9s activa, atractiva, i que els ha de permetre despertar la seva curiositat\u00a0Son propostes de treball guiat i globalitzat que configuren una de les franges de treball cooperatiu entre infants.<\/p>\n<p>Amb aquesta proposta de treball\u00a0 promovem la investigaci\u00f3, l\u2019experimentaci\u00f3, la construcci\u00f3 de coneixement i l\u2019adquisici\u00f3 de les compet\u00e8ncies. Ens centrem b\u00e0sicament amb l\u2019\u00e0mbit matem\u00e0tic, per\u00f2 alhora configura i treballa d\u2019altres \u00e0mbits del curr\u00edculum.<\/p>\n<p>Cada capsa cont\u00e9 una proposta de treball amb un repte a assolir. Els nen\/es fan hip\u00f2tesis, les investiguen i tenen com a objectiu final arribar a esbrinar la resposta\/respostes a aquells enigmes o preguntes que els adults els hi hem proposat per tal de provocar-los.<\/p>\n<p>Segons la complexitat la capsa es pot realitzar individualment, en parelles o en petit grup. El grup s\u2019autogestiona el temps per arribar a la conclusi\u00f3 i\/o producci\u00f3 final. Quan es finalitza la proposta es comparteix el resultats amb la resta de grups i cada infant s\u2019autoavalua.<\/p>\n<p><a href=\"https:\/\/agora.xtec.cat\/esc-torreguitart\/wp-content\/uploads\/usu1814\/2021\/02\/1613841184029-1.jpg\"><img loading=\"lazy\" decoding=\"async\" class=\"alignnone wp-image-2980\" src=\"https:\/\/agora.xtec.cat\/esc-torreguitart\/wp-content\/uploads\/usu1814\/2021\/02\/1613841184029-1-1024x576.jpg\" alt=\"\" width=\"320\" height=\"179\" srcset=\"https:\/\/agora.xtec.cat\/esc-torreguitart\/wp-content\/uploads\/usu1814\/2021\/02\/1613841184029-1-1024x576.jpg 1024w, https:\/\/agora.xtec.cat\/esc-torreguitart\/wp-content\/uploads\/usu1814\/2021\/02\/1613841184029-1-300x169.jpg 300w, https:\/\/agora.xtec.cat\/esc-torreguitart\/wp-content\/uploads\/usu1814\/2021\/02\/1613841184029-1-768x432.jpg 768w, https:\/\/agora.xtec.cat\/esc-torreguitart\/wp-content\/uploads\/usu1814\/2021\/02\/1613841184029-1.jpg 2000w\" sizes=\"auto, (max-width: 320px) 100vw, 320px\" \/><\/a><a href=\"https:\/\/agora.xtec.cat\/esc-torreguitart\/wp-content\/uploads\/usu1814\/2021\/02\/1613841184027.jpg\"><img loading=\"lazy\" decoding=\"async\" class=\"wp-image-2979 aligncenter\" src=\"https:\/\/agora.xtec.cat\/esc-torreguitart\/wp-content\/uploads\/usu1814\/2021\/02\/1613841184027-1024x576.jpg\" alt=\"\" width=\"304\" height=\"171\" srcset=\"https:\/\/agora.xtec.cat\/esc-torreguitart\/wp-content\/uploads\/usu1814\/2021\/02\/1613841184027-1024x576.jpg 1024w, https:\/\/agora.xtec.cat\/esc-torreguitart\/wp-content\/uploads\/usu1814\/2021\/02\/1613841184027-300x169.jpg 300w, https:\/\/agora.xtec.cat\/esc-torreguitart\/wp-content\/uploads\/usu1814\/2021\/02\/1613841184027-768x432.jpg 768w, https:\/\/agora.xtec.cat\/esc-torreguitart\/wp-content\/uploads\/usu1814\/2021\/02\/1613841184027.jpg 2000w\" sizes=\"auto, (max-width: 304px) 100vw, 304px\" \/><\/a><a href=\"https:\/\/agora.xtec.cat\/esc-torreguitart\/wp-content\/uploads\/usu1814\/2021\/02\/1613841184032.jpg\"><img loading=\"lazy\" decoding=\"async\" class=\"wp-image-2981 alignright\" src=\"https:\/\/agora.xtec.cat\/esc-torreguitart\/wp-content\/uploads\/usu1814\/2021\/02\/1613841184032-1024x576.jpg\" alt=\"\" width=\"317\" height=\"178\" srcset=\"https:\/\/agora.xtec.cat\/esc-torreguitart\/wp-content\/uploads\/usu1814\/2021\/02\/1613841184032-1024x576.jpg 1024w, https:\/\/agora.xtec.cat\/esc-torreguitart\/wp-content\/uploads\/usu1814\/2021\/02\/1613841184032-300x169.jpg 300w, https:\/\/agora.xtec.cat\/esc-torreguitart\/wp-content\/uploads\/usu1814\/2021\/02\/1613841184032-768x432.jpg 768w, https:\/\/agora.xtec.cat\/esc-torreguitart\/wp-content\/uploads\/usu1814\/2021\/02\/1613841184032.jpg 2000w\" sizes=\"auto, (max-width: 317px) 100vw, 317px\" \/><\/a><\/p>\n","protected":false},"excerpt":{"rendered":"<p>\u00c9s una proposta que parteix d\u2019una provocaci\u00f3 que permet a tots els membres de la comunitat educativa \u00a0aprendre d\u2019una manera diferent, innovadora, m\u00e9s activa, atractiva, i que els ha de permetre despertar la seva curiositat\u00a0Son propostes de treball guiat i globalitzat que configuren una de&hellip;  <a href=\"https:\/\/agora.xtec.cat\/esc-torreguitart\/que-fem\/capses-daprenentatge\/\" title=\"Read Capses d&#8217;Aprenentatge\">Llegeix m\u00e9s\u00bb<\/a><\/p>\n","protected":false},"author":23,"featured_media":0,"parent":2673,"menu_order":30,"comment_status":"closed","ping_status":"closed","template":"page-templates\/side-menu.php","meta":{"_bbp_topic_count":0,"_bbp_reply_count":0,"_bbp_total_topic_count":0,"_bbp_total_reply_count":0,"_bbp_voice_count":0,"_bbp_anonymous_reply_count":0,"_bbp_topic_count_hidden":0,"_bbp_reply_count_hidden":0,"_bbp_forum_subforum_count":0,"footnotes":""},"class_list":["post-2681","page","type-page","status-publish","hentry"],"post_mailing_queue_ids":[],"_links":{"self":[{"href":"https:\/\/agora.xtec.cat\/esc-torreguitart\/wp-json\/wp\/v2\/pages\/2681","targetHints":{"allow":["GET"]}}],"collection":[{"href":"https:\/\/agora.xtec.cat\/esc-torreguitart\/wp-json\/wp\/v2\/pages"}],"about":[{"href":"https:\/\/agora.xtec.cat\/esc-torreguitart\/wp-json\/wp\/v2\/types\/page"}],"author":[{"embeddable":true,"href":"https:\/\/agora.xtec.cat\/esc-torreguitart\/wp-json\/wp\/v2\/users\/23"}],"replies":[{"embeddable":true,"href":"https:\/\/agora.xtec.cat\/esc-torreguitart\/wp-json\/wp\/v2\/comments?post=2681"}],"version-history":[{"count":4,"href":"https:\/\/agora.xtec.cat\/esc-torreguitart\/wp-json\/wp\/v2\/pages\/2681\/revisions"}],"predecessor-version":[{"id":2985,"href":"https:\/\/agora.xtec.cat\/esc-torreguitart\/wp-json\/wp\/v2\/pages\/2681\/revisions\/2985"}],"up":[{"embeddable":true,"href":"https:\/\/agora.xtec.cat\/esc-torreguitart\/wp-json\/wp\/v2\/pages\/2673"}],"wp:attachment":[{"href":"https:\/\/agora.xtec.cat\/esc-torreguitart\/wp-json\/wp\/v2\/media?parent=2681"}],"curies":[{"name":"wp","href":"https:\/\/api.w.org\/{rel}","templated":true}]}}