{"id":2679,"date":"2021-02-07T11:32:39","date_gmt":"2021-02-07T10:32:39","guid":{"rendered":"http:\/\/agora.xtec.cat\/esc-torreguitart\/?page_id=2679"},"modified":"2023-09-13T16:21:43","modified_gmt":"2023-09-13T14:21:43","slug":"treball-per-projectes","status":"publish","type":"page","link":"https:\/\/agora.xtec.cat\/esc-torreguitart\/que-fem\/treball-per-projectes\/","title":{"rendered":"Treball per Projectes"},"content":{"rendered":"<p>Es pret\u00e9n donar impuls al treball per projectes aportant millores per avan\u00e7ar en el proc\u00e9s E\/A i el treball competencial. La planificaci\u00f3 i organitzaci\u00f3 dels processos d\u2019aprenentatge es duran a terme a trav\u00e9s de claustres pedag\u00f2gics i l\u2019\u00fas de bones pr\u00e0ctiques per part dels docents del centre. D\u2019aquesta manera, es va creant la coordinaci\u00f3 vertical de continguts. Es compartiran al llarg del curs diferents projectes i se\u2019n far\u00e0 el seu seguiment i evoluci\u00f3. Aquesta metodologia es realitza a tota la Prim\u00e0ria i a l\u2019Educaci\u00f3 infantil.<\/p>\n<p>Aquest curs a partir del nom de la classe tenim els seg\u00fcents:<\/p>\n<p>-Els avions, els conills, les marietes, els diamants, els esportistes, els cient\u00edfics, els ol\u00edmpics i la mitologia .<\/p>\n<p><a href=\"https:\/\/agora.xtec.cat\/esc-torreguitart\/wp-content\/uploads\/usu1814\/2021\/02\/1613748540969.jpg\"><img loading=\"lazy\" decoding=\"async\" class=\"alignnone wp-image-2953\" src=\"https:\/\/agora.xtec.cat\/esc-torreguitart\/wp-content\/uploads\/usu1814\/2021\/02\/1613748540969-768x1024.jpg\" alt=\"\" width=\"354\" height=\"472\" srcset=\"https:\/\/agora.xtec.cat\/esc-torreguitart\/wp-content\/uploads\/usu1814\/2021\/02\/1613748540969-768x1024.jpg 768w, https:\/\/agora.xtec.cat\/esc-torreguitart\/wp-content\/uploads\/usu1814\/2021\/02\/1613748540969-225x300.jpg 225w, https:\/\/agora.xtec.cat\/esc-torreguitart\/wp-content\/uploads\/usu1814\/2021\/02\/1613748540969.jpg 1200w\" sizes=\"auto, (max-width: 354px) 100vw, 354px\" \/><\/a> <a href=\"https:\/\/agora.xtec.cat\/esc-torreguitart\/wp-content\/uploads\/usu1814\/2021\/02\/1613748540976.jpg\"><img loading=\"lazy\" decoding=\"async\" class=\"alignnone wp-image-2954\" src=\"https:\/\/agora.xtec.cat\/esc-torreguitart\/wp-content\/uploads\/usu1814\/2021\/02\/1613748540976-1024x768.jpg\" alt=\"\" width=\"423\" height=\"317\" srcset=\"https:\/\/agora.xtec.cat\/esc-torreguitart\/wp-content\/uploads\/usu1814\/2021\/02\/1613748540976-1024x768.jpg 1024w, https:\/\/agora.xtec.cat\/esc-torreguitart\/wp-content\/uploads\/usu1814\/2021\/02\/1613748540976-300x225.jpg 300w, https:\/\/agora.xtec.cat\/esc-torreguitart\/wp-content\/uploads\/usu1814\/2021\/02\/1613748540976-768x576.jpg 768w, https:\/\/agora.xtec.cat\/esc-torreguitart\/wp-content\/uploads\/usu1814\/2021\/02\/1613748540976-200x150.jpg 200w, https:\/\/agora.xtec.cat\/esc-torreguitart\/wp-content\/uploads\/usu1814\/2021\/02\/1613748540976.jpg 1600w\" sizes=\"auto, (max-width: 423px) 100vw, 423px\" \/><\/a><\/p>\n<p>\u00das de les TIC\u00a0 \u00a0 \u00a0 \u00a0 \u00a0 \u00a0 \u00a0 \u00a0 \u00a0 \u00a0 \u00a0 \u00a0 \u00a0 \u00a0 \u00a0 \u00a0 \u00a0 \u00a0 \u00a0 \u00a0 \u00a0 \u00a0 \u00a0 \u00a0 \u00a0 \u00a0 \u00a0 \u00a0 \u00a0 \u00a0 \u00a0 \u00a0 \u00a0 \u00a0 \u00a0 \u00a0 \u00a0 Treball Cooperatiu<\/p>\n","protected":false},"excerpt":{"rendered":"<p>Es pret\u00e9n donar impuls al treball per projectes aportant millores per avan\u00e7ar en el proc\u00e9s E\/A i el treball competencial. La planificaci\u00f3 i organitzaci\u00f3 dels processos d\u2019aprenentatge es duran a terme a trav\u00e9s de claustres pedag\u00f2gics i l\u2019\u00fas de bones pr\u00e0ctiques per part dels docents&hellip;  <a href=\"https:\/\/agora.xtec.cat\/esc-torreguitart\/que-fem\/treball-per-projectes\/\" title=\"Read Treball per Projectes\">Llegeix m\u00e9s\u00bb<\/a><\/p>\n","protected":false},"author":23,"featured_media":0,"parent":2673,"menu_order":20,"comment_status":"closed","ping_status":"closed","template":"page-templates\/side-menu.php","meta":{"_bbp_topic_count":0,"_bbp_reply_count":0,"_bbp_total_topic_count":0,"_bbp_total_reply_count":0,"_bbp_voice_count":0,"_bbp_anonymous_reply_count":0,"_bbp_topic_count_hidden":0,"_bbp_reply_count_hidden":0,"_bbp_forum_subforum_count":0,"footnotes":""},"class_list":["post-2679","page","type-page","status-publish","hentry"],"post_mailing_queue_ids":[],"_links":{"self":[{"href":"https:\/\/agora.xtec.cat\/esc-torreguitart\/wp-json\/wp\/v2\/pages\/2679","targetHints":{"allow":["GET"]}}],"collection":[{"href":"https:\/\/agora.xtec.cat\/esc-torreguitart\/wp-json\/wp\/v2\/pages"}],"about":[{"href":"https:\/\/agora.xtec.cat\/esc-torreguitart\/wp-json\/wp\/v2\/types\/page"}],"author":[{"embeddable":true,"href":"https:\/\/agora.xtec.cat\/esc-torreguitart\/wp-json\/wp\/v2\/users\/23"}],"replies":[{"embeddable":true,"href":"https:\/\/agora.xtec.cat\/esc-torreguitart\/wp-json\/wp\/v2\/comments?post=2679"}],"version-history":[{"count":3,"href":"https:\/\/agora.xtec.cat\/esc-torreguitart\/wp-json\/wp\/v2\/pages\/2679\/revisions"}],"predecessor-version":[{"id":8406,"href":"https:\/\/agora.xtec.cat\/esc-torreguitart\/wp-json\/wp\/v2\/pages\/2679\/revisions\/8406"}],"up":[{"embeddable":true,"href":"https:\/\/agora.xtec.cat\/esc-torreguitart\/wp-json\/wp\/v2\/pages\/2673"}],"wp:attachment":[{"href":"https:\/\/agora.xtec.cat\/esc-torreguitart\/wp-json\/wp\/v2\/media?parent=2679"}],"curies":[{"name":"wp","href":"https:\/\/api.w.org\/{rel}","templated":true}]}}