{"id":2677,"date":"2021-02-07T11:32:09","date_gmt":"2021-02-07T10:32:09","guid":{"rendered":"http:\/\/agora.xtec.cat\/esc-torreguitart\/?page_id=2677"},"modified":"2023-09-04T08:49:20","modified_gmt":"2023-09-04T06:49:20","slug":"ambients-a-infantil-i-primaria","status":"publish","type":"page","link":"https:\/\/agora.xtec.cat\/esc-torreguitart\/que-fem\/ambients-a-infantil-i-primaria\/","title":{"rendered":"Ambients a Infantil i Prim\u00e0ria"},"content":{"rendered":"<p><strong><u>QU\u00c8 S\u00d3N ELS AMBIENTS?<\/u><\/strong><\/p>\n<p>S\u00f3n espais educatius c\u00f2modes, relaxats i no directius on els membres de \u201dX\u201d edats aprenen de forma espont\u00e0nia, segons el seu propi inter\u00e8s i les seves necessitats. S\u00f3n espais plens de materials variats i curiosament triats pels mestres per\u00f2 que els infants poden fer servir com vulguin, depenent dels seus interessos, capacitats, habilitats, curiositats o necessitats.<\/p>\n<p>Els ambients s\u00f3n diferents\u00a0<strong>espais d\u2019aprenentatge<\/strong>, de relaci\u00f3 i comunicaci\u00f3 on a partir de diferents propostes els infants poden actuar, observar, experimentar, construir, inventar, imaginar, compartir, relacionar-se, emocionar-se\u2026i interactuar amb els altres.<\/p>\n<p>Aquest plantejament de treball \u00a0respon a la necessitat que mostren els infants de jugar i relacionar-se. \u00c9s una manera de poder donar resposta als interessos i necessitats dels infants i respectar els diferents ritmes d\u2019aprenentatge.<\/p>\n<p>Els infants disposen d\u2019un temps\u00a0<strong>d\u2019experi\u00e8ncia activa<\/strong>, constru\u00efda per l\u2019adult, per\u00f2 reconstru\u00efda per ells mateixos, on nens i nenes es reuneixen per explorar diverses possibilitats de joc i dels materials.<\/p>\n<p>Els ambients segueixen el model\u00a0<strong>socioconstructivista<\/strong>, el qual parteix d\u2019un aprenentatge significatiu per part de l\u2019alumne, que t\u00e9 en compte els seus coneixements previs i en el qual destaca la gran import\u00e0ncia que t\u00e9 la relaci\u00f3 amb els companys\/es.<\/p>\n<p><strong>El paper del mestre<\/strong> a part de <strong>provocar i triar materials<\/strong> (variats), \u00e9s el <strong>d\u2019acompanyar <\/strong>i estar present en el proc\u00e9s d\u2019aprenentatge. \u00c9s el referent per a l\u2019infant, el suport que el guia quan aquest en t\u00e9 necessitat. Ha de ser un guia i un provocador de situacions d\u2019aprenentatge i afavorir-lo amb el reconeixement individual del propi alumne i el seu proc\u00e9s, potenciant i enfortint les habilitats i capacitats individuals de cada alumne per tal de valorar-lo positivament i fer-lo m\u00e9s fort a nivell emocional i ajudar-lo a pujar l\u2019autoestima.<\/p>\n<p><strong><u>QU\u00c8 PRETENEM ACONSEGUIR AMB ELS AMBIENTS (OBJECTIUS)?<\/u><\/strong><\/p>\n<p>\u2013 Desenvolupar els h\u00e0bits socials entre els infants de diferents edats; compartir espais, jocs, joguines, posar-se d\u2019acord els uns amb els altres, establir normes de comportament i de joc\u2026<\/p>\n<p>\u2013 Desenvolupar el llenguatge oral: l\u00e8xic, espontane\u00eftat en la parla\u2026<\/p>\n<p>\u2013 Aprendre dels companys\/es, no nom\u00e9s de l\u2019adult.<\/p>\n<p>\u2013 Oferir als infants un espai de joc on poder investigar, observar, manipular\u2026de manera constant i lliure sistem\u00e0ticament.<\/p>\n<p>\u2013 Expressar els seus sentiments, emocions i sensacions \u00a0lliurement.<\/p>\n<p>\u2013 Respectar a les persones i els materials.<\/p>\n<p><strong><u>Educaci\u00f3 Infantil<\/u><\/strong><\/p>\n<ul>\n<li>Llum i color<\/li>\n<li>Art<\/li>\n<li>Naturl\u00e0ndia<\/li>\n<li>Cos i Moviment<\/li>\n<li>Arquitectes<\/li>\n<\/ul>\n<p>Barreja d\u2019infants d\u2019Educaci\u00f3 Infantil. Sessions d\u2019hora i mitja 2 dies a la setmana<\/p>\n<p><strong><u>Cicle Inicial<\/u><\/strong><\/p>\n<ul>\n<li>Art<\/li>\n<li>Arquitectes<\/li>\n<li>Llum i color<\/li>\n<li>Experimentaci\u00f3<\/li>\n<\/ul>\n<p>Barreja dels alumnes de 1r i 2n. Sessions d\u2019hora i mitja 1 dia a la semana.<\/p>\n<p><strong><u>Cicle Mig<\/u><\/strong><\/p>\n<ul>\n<li>Art<\/li>\n<li>Paraules<\/li>\n<li>Experimentaci\u00f3<\/li>\n<li>Scratch<\/li>\n<\/ul>\n<p>Barreja d\u2019alumnes de 3r i 4t. Sessions d\u2019hora i mitja 1 dia a la semana.<\/p>\n<p><strong><u>Cicle Superior<\/u><\/strong><\/p>\n<ul>\n<li>M\u00f3n<\/li>\n<li>Paraules<\/li>\n<li>Art<\/li>\n<li>Scratch<\/li>\n<\/ul>\n<p>Barreja d\u2019alumnes de 5\u00e8 i 6\u00e8.\u00a0 Sessions d\u2019hora i mitja 1 dia a la semana.<\/p>\n<p>&nbsp;<\/p>\n<figure class=\"figure wp-caption alignnone\"><a href=\"https:\/\/agora.xtec.cat\/esc-torreguitart\/wp-content\/uploads\/usu1814\/2021\/02\/WhatsApp-Image-2021-02-14-at-11.08.20.jpeg\"><img loading=\"lazy\" decoding=\"async\" class=\"wp-image-2895\" src=\"https:\/\/agora.xtec.cat\/esc-torreguitart\/wp-content\/uploads\/usu1814\/2021\/02\/WhatsApp-Image-2021-02-14-at-11.08.20-1024x768.jpeg\" alt=\"\" width=\"366\" height=\"275\" srcset=\"https:\/\/agora.xtec.cat\/esc-torreguitart\/wp-content\/uploads\/usu1814\/2021\/02\/WhatsApp-Image-2021-02-14-at-11.08.20-1024x768.jpeg 1024w, https:\/\/agora.xtec.cat\/esc-torreguitart\/wp-content\/uploads\/usu1814\/2021\/02\/WhatsApp-Image-2021-02-14-at-11.08.20-300x225.jpeg 300w, https:\/\/agora.xtec.cat\/esc-torreguitart\/wp-content\/uploads\/usu1814\/2021\/02\/WhatsApp-Image-2021-02-14-at-11.08.20-768x576.jpeg 768w, https:\/\/agora.xtec.cat\/esc-torreguitart\/wp-content\/uploads\/usu1814\/2021\/02\/WhatsApp-Image-2021-02-14-at-11.08.20-200x150.jpeg 200w, https:\/\/agora.xtec.cat\/esc-torreguitart\/wp-content\/uploads\/usu1814\/2021\/02\/WhatsApp-Image-2021-02-14-at-11.08.20.jpeg 2016w\" sizes=\"auto, (max-width: 366px) 100vw, 366px\" \/><\/a><figcaption class=\"wp-caption-text\">Ambient d&#8217;Arquitectes<\/figcaption><\/figure>\n<figure class=\"figure wp-caption aligncenter\"><a href=\"https:\/\/agora.xtec.cat\/esc-torreguitart\/wp-content\/uploads\/usu1814\/2021\/02\/WhatsApp-Image-2021-02-14-at-11.12.37.jpeg\"><img loading=\"lazy\" decoding=\"async\" class=\"wp-image-2897\" src=\"https:\/\/agora.xtec.cat\/esc-torreguitart\/wp-content\/uploads\/usu1814\/2021\/02\/WhatsApp-Image-2021-02-14-at-11.12.37-1024x576.jpeg\" alt=\"\" width=\"436\" height=\"245\" srcset=\"https:\/\/agora.xtec.cat\/esc-torreguitart\/wp-content\/uploads\/usu1814\/2021\/02\/WhatsApp-Image-2021-02-14-at-11.12.37-1024x576.jpeg 1024w, https:\/\/agora.xtec.cat\/esc-torreguitart\/wp-content\/uploads\/usu1814\/2021\/02\/WhatsApp-Image-2021-02-14-at-11.12.37-300x169.jpeg 300w, https:\/\/agora.xtec.cat\/esc-torreguitart\/wp-content\/uploads\/usu1814\/2021\/02\/WhatsApp-Image-2021-02-14-at-11.12.37-768x432.jpeg 768w, https:\/\/agora.xtec.cat\/esc-torreguitart\/wp-content\/uploads\/usu1814\/2021\/02\/WhatsApp-Image-2021-02-14-at-11.12.37.jpeg 1600w\" sizes=\"auto, (max-width: 436px) 100vw, 436px\" \/><\/a><figcaption class=\"wp-caption-text\">Ambient de llum i color<\/figcaption><\/figure>\n<p>&nbsp;<\/p>\n<figure class=\"figure wp-caption alignnone\"><a href=\"https:\/\/agora.xtec.cat\/esc-torreguitart\/wp-content\/uploads\/usu1814\/2021\/02\/WhatsApp-Image-2021-02-14-at-11.07.00-e1613298082339.jpeg\"><img loading=\"lazy\" decoding=\"async\" class=\"wp-image-2889\" src=\"https:\/\/agora.xtec.cat\/esc-torreguitart\/wp-content\/uploads\/usu1814\/2021\/02\/WhatsApp-Image-2021-02-14-at-11.07.00-768x1024.jpeg\" alt=\"\" width=\"276\" height=\"367\" \/><\/a><figcaption class=\"wp-caption-text\">Ambient d&#8217;Art<\/figcaption><\/figure>\n","protected":false},"excerpt":{"rendered":"<p>QU\u00c8 S\u00d3N ELS AMBIENTS?<br \/>\nS\u00f3n espais educatius c\u00f2modes, relaxats i no directius on els membres de \u201dX\u201d edats aprenen de forma espont\u00e0nia, segons el seu propi inter\u00e8s i les seves necessitats. S\u00f3n espais plens de materials variats i curiosament triats pels mestres per\u00f2 que els infants&hellip;  <a href=\"https:\/\/agora.xtec.cat\/esc-torreguitart\/que-fem\/ambients-a-infantil-i-primaria\/\" title=\"Read Ambients a Infantil i Prim\u00e0ria\">Llegeix m\u00e9s\u00bb<\/a><\/p>\n","protected":false},"author":23,"featured_media":0,"parent":2673,"menu_order":10,"comment_status":"closed","ping_status":"closed","template":"page-templates\/side-menu.php","meta":{"_bbp_topic_count":0,"_bbp_reply_count":0,"_bbp_total_topic_count":0,"_bbp_total_reply_count":0,"_bbp_voice_count":0,"_bbp_anonymous_reply_count":0,"_bbp_topic_count_hidden":0,"_bbp_reply_count_hidden":0,"_bbp_forum_subforum_count":0,"footnotes":""},"class_list":["post-2677","page","type-page","status-publish","hentry"],"post_mailing_queue_ids":[],"_links":{"self":[{"href":"https:\/\/agora.xtec.cat\/esc-torreguitart\/wp-json\/wp\/v2\/pages\/2677","targetHints":{"allow":["GET"]}}],"collection":[{"href":"https:\/\/agora.xtec.cat\/esc-torreguitart\/wp-json\/wp\/v2\/pages"}],"about":[{"href":"https:\/\/agora.xtec.cat\/esc-torreguitart\/wp-json\/wp\/v2\/types\/page"}],"author":[{"embeddable":true,"href":"https:\/\/agora.xtec.cat\/esc-torreguitart\/wp-json\/wp\/v2\/users\/23"}],"replies":[{"embeddable":true,"href":"https:\/\/agora.xtec.cat\/esc-torreguitart\/wp-json\/wp\/v2\/comments?post=2677"}],"version-history":[{"count":4,"href":"https:\/\/agora.xtec.cat\/esc-torreguitart\/wp-json\/wp\/v2\/pages\/2677\/revisions"}],"predecessor-version":[{"id":8401,"href":"https:\/\/agora.xtec.cat\/esc-torreguitart\/wp-json\/wp\/v2\/pages\/2677\/revisions\/8401"}],"up":[{"embeddable":true,"href":"https:\/\/agora.xtec.cat\/esc-torreguitart\/wp-json\/wp\/v2\/pages\/2673"}],"wp:attachment":[{"href":"https:\/\/agora.xtec.cat\/esc-torreguitart\/wp-json\/wp\/v2\/media?parent=2677"}],"curies":[{"name":"wp","href":"https:\/\/api.w.org\/{rel}","templated":true}]}}

Ambients a Infantil i Primària

<p><strong><u>QUÈ SÓN ELS AMBIENTS?</u></strong></p>
<p>Són espais educatius còmodes, relaxats i no directius on els membres de ”X” edats aprenen de forma espontània, segons el seu propi interès i les seves necessitats. Són espais plens de materials variats i curiosament triats pels mestres però que els infants poden fer servir com vulguin, depenent dels seus interessos, capacitats, habilitats, curiositats o necessitats.</p>
<p>Els ambients són diferents <strong>espais d’aprenentatge</strong>, de relació i comunicació on a partir de diferents propostes els infants poden actuar, observar, experimentar, construir, inventar, imaginar, compartir, relacionar-se, emocionar-se…i interactuar amb els altres.</p>
<p>Aquest plantejament de treball  respon a la necessitat que mostren els infants de jugar i relacionar-se. És una manera de poder donar resposta als interessos i necessitats dels infants i respectar els diferents ritmes d’aprenentatge.</p>
<p>Els infants disposen d’un temps <strong>d’experiència activa</strong>, construïda per l’adult, però reconstruïda per ells mateixos, on nens i nenes es reuneixen per explorar diverses possibilitats de joc i dels materials.</p>
<p>Els ambients segueixen el model <strong>socioconstructivista</strong>, el qual parteix d’un aprenentatge significatiu per part de l’alumne, que té en compte els seus coneixements previs i en el qual destaca la gran importància que té la relació amb els companys/es.</p>
<p><strong>El paper del mestre</strong> a part de <strong>provocar i triar materials</strong> (variats), és el <strong>d’acompanyar </strong>i estar present en el procés d’aprenentatge. És el referent per a l’infant, el suport que el guia quan aquest en té necessitat. Ha de ser un guia i un provocador de situacions d’aprenentatge i afavorir-lo amb el reconeixement individual del propi alumne i el seu procés, potenciant i enfortint les habilitats i capacitats individuals de cada alumne per tal de valorar-lo positivament i fer-lo més fort a nivell emocional i ajudar-lo a pujar l’autoestima.</p>
<p><strong><u>QUÈ PRETENEM ACONSEGUIR AMB ELS AMBIENTS (OBJECTIUS)?</u></strong></p>
<p>– Desenvolupar els hàbits socials entre els infants de diferents edats; compartir espais, jocs, joguines, posar-se d’acord els uns amb els altres, establir normes de comportament i de joc…</p>
<p>– Desenvolupar el llenguatge oral: lèxic, espontaneïtat en la parla…</p>
<p>– Aprendre dels companys/es, no només de l’adult.</p>
<p>– Oferir als infants un espai de joc on poder investigar, observar, manipular…de manera constant i lliure sistemàticament.</p>
<p>– Expressar els seus sentiments, emocions i sensacions  lliurement.</p>
<p>– Respectar a les persones i els materials.</p>
<p><strong><u>Educació Infantil</u></strong></p>
<ul>
<li>Llum i color</li>
<li>Art</li>
<li>Naturlàndia</li>
<li>Cos i Moviment</li>
<li>Arquitectes</li>
</ul>
<p>Barreja d’infants d’Educació Infantil. Sessions d’hora i mitja 2 dies a la setmana</p>
<p><strong><u>Cicle Inicial</u></strong></p>
<ul>
<li>Art</li>
<li>Arquitectes</li>
<li>Llum i color</li>
<li>Experimentació</li>
</ul>
<p>Barreja dels alumnes de 1r i 2n. Sessions d’hora i mitja 1 dia a la semana.</p>
<p><strong><u>Cicle Mig</u></strong></p>
<ul>
<li>Art</li>
<li>Paraules</li>
<li>Experimentació</li>
<li>Scratch</li>
</ul>
<p>Barreja d’alumnes de 3r i 4t. Sessions d’hora i mitja 1 dia a la semana.</p>
<p><strong><u>Cicle Superior</u></strong></p>
<ul>
<li>Món</li>
<li>Paraules</li>
<li>Art</li>
<li>Scratch</li>
</ul>
<p>Barreja d’alumnes de 5è i 6è.  Sessions d’hora i mitja 1 dia a la semana.</p>
<p>&nbsp;</p>
<figure class="figure wp-caption alignnone"><a href="https://agora.xtec.cat/esc-torreguitart/wp-content/uploads/usu1814/2021/02/WhatsApp-Image-2021-02-14-at-11.08.20.jpeg"><img loading="lazy" decoding="async" class="wp-image-2895" src="https://agora.xtec.cat/esc-torreguitart/wp-content/uploads/usu1814/2021/02/WhatsApp-Image-2021-02-14-at-11.08.20-1024x768.jpeg" alt="" width="366" height="275" srcset="https://agora.xtec.cat/esc-torreguitart/wp-content/uploads/usu1814/2021/02/WhatsApp-Image-2021-02-14-at-11.08.20-1024x768.jpeg 1024w, https://agora.xtec.cat/esc-torreguitart/wp-content/uploads/usu1814/2021/02/WhatsApp-Image-2021-02-14-at-11.08.20-300x225.jpeg 300w, https://agora.xtec.cat/esc-torreguitart/wp-content/uploads/usu1814/2021/02/WhatsApp-Image-2021-02-14-at-11.08.20-768x576.jpeg 768w, https://agora.xtec.cat/esc-torreguitart/wp-content/uploads/usu1814/2021/02/WhatsApp-Image-2021-02-14-at-11.08.20-200x150.jpeg 200w, https://agora.xtec.cat/esc-torreguitart/wp-content/uploads/usu1814/2021/02/WhatsApp-Image-2021-02-14-at-11.08.20.jpeg 2016w" sizes="auto, (max-width: 366px) 100vw, 366px" /></a><figcaption class="wp-caption-text">Ambient d&#8217;Arquitectes</figcaption></figure>
<figure class="figure wp-caption aligncenter"><a href="https://agora.xtec.cat/esc-torreguitart/wp-content/uploads/usu1814/2021/02/WhatsApp-Image-2021-02-14-at-11.12.37.jpeg"><img loading="lazy" decoding="async" class="wp-image-2897" src="https://agora.xtec.cat/esc-torreguitart/wp-content/uploads/usu1814/2021/02/WhatsApp-Image-2021-02-14-at-11.12.37-1024x576.jpeg" alt="" width="436" height="245" srcset="https://agora.xtec.cat/esc-torreguitart/wp-content/uploads/usu1814/2021/02/WhatsApp-Image-2021-02-14-at-11.12.37-1024x576.jpeg 1024w, https://agora.xtec.cat/esc-torreguitart/wp-content/uploads/usu1814/2021/02/WhatsApp-Image-2021-02-14-at-11.12.37-300x169.jpeg 300w, https://agora.xtec.cat/esc-torreguitart/wp-content/uploads/usu1814/2021/02/WhatsApp-Image-2021-02-14-at-11.12.37-768x432.jpeg 768w, https://agora.xtec.cat/esc-torreguitart/wp-content/uploads/usu1814/2021/02/WhatsApp-Image-2021-02-14-at-11.12.37.jpeg 1600w" sizes="auto, (max-width: 436px) 100vw, 436px" /></a><figcaption class="wp-caption-text">Ambient de llum i color</figcaption></figure>
<p>&nbsp;</p>
<figure class="figure wp-caption alignnone"><a href="https://agora.xtec.cat/esc-torreguitart/wp-content/uploads/usu1814/2021/02/WhatsApp-Image-2021-02-14-at-11.07.00-e1613298082339.jpeg"><img loading="lazy" decoding="async" class="wp-image-2889" src="https://agora.xtec.cat/esc-torreguitart/wp-content/uploads/usu1814/2021/02/WhatsApp-Image-2021-02-14-at-11.07.00-768x1024.jpeg" alt="" width="276" height="367" /></a><figcaption class="wp-caption-text">Ambient d&#8217;Art</figcaption></figure>

<p>QUÈ SÓN ELS AMBIENTS?<br />
Són espais educatius còmodes, relaxats i no directius on els membres de ”X” edats aprenen de forma espontània, segons el seu propi interès i les seves necessitats. Són espais plens de materials variats i curiosament triats pels mestres però que els infants&hellip;  <a href="https://agora.xtec.cat/esc-torreguitart/que-fem/ambients-a-infantil-i-primaria/" title="Read Ambients a Infantil i Primària">Llegeix més»</a></p>
